000
CDUS43 KMPX 270818
CLIMPX


CLIMATE REPORT
NATIONAL WEATHER SERVICE CHANHASSEN MN
217 AM CST THU NOV 27 2014


...................................

...THE CHANHASSEN MN CLIMATE SUMMARY FOR NOVEMBER 26 2014...

CLIMATE NORMAL PERIOD 1981 TO 2010
CLIMATE RECORD PERIOD 1995 TO 2014


WEATHER ITEM   OBSERVED NORMAL DEPARTURE LAST
                VALUE   VALUE  FROM      YEAR
                               NORMAL
...............................................
TEMPERATURE (F)
 YESTERDAY
  MAXIMUM         25     34     -9       29
  MINIMUM          8     19    -11       13
  AVERAGE         17     26     -9       21

PRECIPITATION (IN)
  YESTERDAY        0.14   0.07   0.07      T
  MONTH TO DATE    0.63   1.74  -1.11     0.51
  SINCE SEP 1      2.85   7.68  -4.83     5.61
  SINCE JAN 1     35.36  29.68   5.68    33.82

SNOWFALL (IN)
  YESTERDAY        2.0    0.3    1.7       T
  MONTH TO DATE    7.0    4.2    2.8      1.8
  SINCE SEP 1      7.0    4.6    2.4      1.8
  SINCE JUL 1      7.0    4.6    2.4      1.8
  SNOW DEPTH       T

DEGREE DAYS
 HEATING
  YESTERDAY       48     39      9       44
  MONTH TO DATE 1016    810    206      843
  SINCE SEP 1   1717   1523    194     1522
  SINCE JUL 1   1733   1546    187     1543

 COOLING
  YESTERDAY        0      0      0        0
  MONTH TO DATE    0      0      0        0
  SINCE SEP 1     35     52    -17       88
  SINCE JAN 1    514    605    -91      667
...............................................







THE CHANHASSEN MN CLIMATE NORMALS FOR TODAY
                         NORMAL
 MAXIMUM TEMPERATURE (F)   33
 MINIMUM TEMPERATURE (F)   19



-  INDICATES NEGATIVE NUMBERS.
R  INDICATES RECORD WAS SET OR TIED.
MM INDICATES DATA IS MISSING.
T  INDICATES TRACE AMOUNT.




$$
