000
CDUS43 KMPX 240637
CLIMPX


CLIMATE REPORT
NATIONAL WEATHER SERVICE CHANHASSEN MN
1236 AM CST FRI FEB 24 2017


...................................

...THE CHANHASSEN MN CLIMATE SUMMARY FOR FEBRUARY 23 2017...

CLIMATE NORMAL PERIOD 1981 TO 2010
CLIMATE RECORD PERIOD 1995 TO 2017


WEATHER ITEM   OBSERVED TIME   RECORD YEAR NORMAL DEPARTURE LAST
                VALUE   (LST)  VALUE       VALUE  FROM      YEAR
                                                  NORMAL
..................................................................
TEMPERATURE (F)
 YESTERDAY
  MAXIMUM         37        MM  54    2002  30      7       38
  MINIMUM         27        MM -14    2015  13     14       30
  AVERAGE         32                        22     10       34

PRECIPITATION (IN)
  YESTERDAY        0.00          0.04 2001   0.04  -0.04     0.02
  MONTH TO DATE    0.72                      0.74  -0.02     1.16
  SINCE DEC 1      3.85                      2.86   0.99     3.44
  SINCE JAN 1      1.60                      1.61  -0.01     1.47

SNOWFALL (IN)
  YESTERDAY        0.0           0.8  2001   0.4   -0.4      0.2
  MONTH TO DATE    T                         8.0   -8.0     12.6
  SINCE DEC 1     27.3                      32.2   -4.9     26.6
  SINCE JUL 1     32.4                      38.0   -5.6     29.6
  SNOW DEPTH       0

DEGREE DAYS
 HEATING
  YESTERDAY       33                        43    -10       31
  MONTH TO DATE  811                      1074   -263     1033
  SINCE DEC 1   3666                      4098   -432     3692
  SINCE JUL 1   4889                      5805   -916     5024

 COOLING
  YESTERDAY        0                         0      0        0
  MONTH TO DATE    0                         0      0        0
  SINCE DEC 1      0                         0      0        0
  SINCE JAN 1      0                         0      0        0
..................................................................


WIND (MPH)
  HIGHEST WIND SPEED    MM   HIGHEST WIND DIRECTION    MM
  HIGHEST GUST SPEED    MM   HIGHEST GUST DIRECTION    MM
  AVERAGE WIND SPEED    MM


SKY COVER
  POSSIBLE SUNSHINE  MM
  AVERAGE SKY COVER  MM


WEATHER CONDITIONS
 THE FOLLOWING WEATHER WAS RECORDED YESTERDAY.
  NO SIGNIFICANT WEATHER WAS OBSERVED.


RELATIVE HUMIDITY (PERCENT)
 HIGHEST    MM
 LOWEST     MM
 AVERAGE    MM

..........................................................


THE CHANHASSEN MN CLIMATE NORMALS FOR TODAY
                         NORMAL    RECORD    YEAR
 MAXIMUM TEMPERATURE (F)   31        42      2006
 MINIMUM TEMPERATURE (F)   14        -6      2003


SUNRISE AND SUNSET
FEBRUARY 24 2017......SUNRISE   700 AM CST   SUNSET   555 PM CST
FEBRUARY 25 2017......SUNRISE   658 AM CST   SUNSET   557 PM CST


-  INDICATES NEGATIVE NUMBERS.
R  INDICATES RECORD WAS SET OR TIED.
MM INDICATES DATA IS MISSING.
T  INDICATES TRACE AMOUNT.




$$
