000
CDUS43 KMPX 170642
CLIMPX


CLIMATE REPORT
NATIONAL WEATHER SERVICE CHANHASSEN MN
1239 AM CST WED DEC 17 2014


...................................

...THE CHANHASSEN MN CLIMATE SUMMARY FOR DECEMBER 16 2014...

CLIMATE NORMAL PERIOD 1981 TO 2010
CLIMATE RECORD PERIOD 1995 TO 2014


WEATHER ITEM   OBSERVED TIME   RECORD YEAR NORMAL DEPARTURE LAST
                VALUE   (LST)  VALUE       VALUE  FROM      YEAR
                                                  NORMAL
..................................................................
TEMPERATURE (F)
 YESTERDAY
  MAXIMUM         27        MM  46    2006  25      2       18
  MINIMUM         12        MM -14    2008  10      2        0
  AVERAGE         20                        18      2        9

PRECIPITATION (IN)
  YESTERDAY        0.10          0.37 2000   0.04   0.06     0.04
  MONTH TO DATE    0.40                      0.66  -0.26     1.01
  SINCE DEC 1      0.40                      0.66  -0.26     1.01
  SINCE JAN 1     35.86                     30.57   5.29    34.83

SNOWFALL (IN)
  YESTERDAY        0.9           7.0  2000   0.5    0.4      0.8
  MONTH TO DATE    1.2                       7.2   -6.0     11.2
  SINCE DEC 1      1.2                       7.2   -6.0     11.2
  SINCE JUL 1      9.3                      13.0   -3.7     13.0
  SNOW DEPTH       1

DEGREE DAYS
 HEATING
  YESTERDAY       45                        47     -2       56
  MONTH TO DATE  630                       714    -84      895
  SINCE DEC 1    630                       714    -84      895
  SINCE JUL 1   2567                      2421    146     2617

 COOLING
  YESTERDAY        0                         0      0        0
  MONTH TO DATE    0                         0      0        0
  SINCE DEC 1      0                         0      0        0
  SINCE JAN 1    514                       605    -91      667
..................................................................


WIND (MPH)
  HIGHEST WIND SPEED    MM   HIGHEST WIND DIRECTION    MM
  HIGHEST GUST SPEED    MM   HIGHEST GUST DIRECTION    MM
  AVERAGE WIND SPEED    MM


SKY COVER
  POSSIBLE SUNSHINE  MM
  AVERAGE SKY COVER  MM


WEATHER CONDITIONS
 THE FOLLOWING WEATHER WAS RECORDED YESTERDAY.
  NO SIGNIFICANT WEATHER WAS OBSERVED.


RELATIVE HUMIDITY (PERCENT)
 HIGHEST    MM
 LOWEST     MM
 AVERAGE    MM

..........................................................


THE CHANHASSEN MN CLIMATE NORMALS FOR TODAY
                         NORMAL    RECORD    YEAR
 MAXIMUM TEMPERATURE (F)   25        45      2001
 MINIMUM TEMPERATURE (F)   10       -10      2000


SUNRISE AND SUNSET
DECEMBER 17 2014......SUNRISE   746 AM CST   SUNSET   434 PM CST
DECEMBER 18 2014......SUNRISE   747 AM CST   SUNSET   435 PM CST


-  INDICATES NEGATIVE NUMBERS.
R  INDICATES RECORD WAS SET OR TIED.
MM INDICATES DATA IS MISSING.
T  INDICATES TRACE AMOUNT.




$$
