218
CDUS43 KMPX 240635
CLIMPX


CLIMATE REPORT
NATIONAL WEATHER SERVICE CHANHASSEN MN
134 AM CDT WED MAY 24 2017


...................................

...THE CHANHASSEN MN CLIMATE SUMMARY FOR MAY 23 2017...

CLIMATE NORMAL PERIOD 1981 TO 2010
CLIMATE RECORD PERIOD 1995 TO 2017


WEATHER ITEM   OBSERVED TIME   RECORD YEAR NORMAL DEPARTURE LAST
                VALUE   (LST)  VALUE       VALUE  FROM      YEAR
                                                  NORMAL
..................................................................
TEMPERATURE (F)
 YESTERDAY
  MAXIMUM         61        MM  MM      MM  71    -10       81
  MINIMUM         47        MM  MM      MM  50     -3       63
  AVERAGE         54                        60     -6       72

PRECIPITATION (IN)
  YESTERDAY        0.04         MM      MM   0.12  -0.08     0.04
  MONTH TO DATE    4.99                      2.70   2.29     1.23
  SINCE MAR 1     10.69                      7.48   3.21     5.96
  SINCE JAN 1     12.29                      9.29   3.00     7.45

SNOWFALL (IN)
  YESTERDAY        0.0          MM      MM   0.0    0.0      0.0
  MONTH TO DATE    T                         0.3   -0.3      0.0
  SINCE MAR 1      6.1                      14.5   -8.4      5.6
  SINCE JUL 1     38.5                      54.2  -15.7     35.5
  SNOW DEPTH       0

DEGREE DAYS
 HEATING
  YESTERDAY       11                         6      5        0
  MONTH TO DATE  235                       205     30      237
  SINCE MAR 1   1749                      1809    -60     1578
  SINCE JUL 1   6818                      7824  -1006     6793

 COOLING
  YESTERDAY        0                         1     -1        7
  MONTH TO DATE   11                        17     -6       16
  SINCE MAR 1     11                        20     -9       23
  SINCE JAN 1     11                        20     -9       23
..................................................................


WIND (MPH)
  HIGHEST WIND SPEED    MM   HIGHEST WIND DIRECTION    MM
  HIGHEST GUST SPEED    MM   HIGHEST GUST DIRECTION    MM
  AVERAGE WIND SPEED    MM


SKY COVER
  POSSIBLE SUNSHINE  MM
  AVERAGE SKY COVER  MM


WEATHER CONDITIONS
 THE FOLLOWING WEATHER WAS RECORDED YESTERDAY.
  NO SIGNIFICANT WEATHER WAS OBSERVED.


RELATIVE HUMIDITY (PERCENT)
 HIGHEST    MM
 LOWEST     MM
 AVERAGE    MM

..........................................................


THE CHANHASSEN MN CLIMATE NORMALS FOR TODAY
                         NORMAL    RECORD    YEAR
 MAXIMUM TEMPERATURE (F)   71        MM        MM
 MINIMUM TEMPERATURE (F)   50        MM        MM


SUNRISE AND SUNSET
MAY 24 2017...........SUNRISE   537 AM CDT   SUNSET   846 PM CDT
MAY 25 2017...........SUNRISE   536 AM CDT   SUNSET   847 PM CDT


-  INDICATES NEGATIVE NUMBERS.
R  INDICATES RECORD WAS SET OR TIED.
MM INDICATES DATA IS MISSING.
T  INDICATES TRACE AMOUNT.




$$
