000
CDUS43 KMPX 232154
CLIMPX


CLIMATE REPORT
NATIONAL WEATHER SERVICE CHANHASSEN MN
452 PM CDT WED APR 23 2014


...................................

...THE CHANHASSEN MN CLIMATE SUMMARY FOR APRIL 23 2014...
VALID AS OF 0400 PM LOCAL TIME.

CLIMATE NORMAL PERIOD 1981 TO 2010
CLIMATE RECORD PERIOD 1995 TO 2014


WEATHER ITEM   OBSERVED NORMAL DEPARTURE LAST
                VALUE   VALUE  FROM      YEAR
                               NORMAL
...............................................
TEMPERATURE (F)
 TODAY
  MAXIMUM         45     61    -16       40
  MINIMUM         39     39      0       26
  AVERAGE         42     50     -8       33

PRECIPITATION (IN)
  TODAY            0.25   0.10   0.15     0.03
  MONTH TO DATE    2.11   2.21  -0.10     5.53
  SINCE MAR 1      2.80   3.99  -1.19     7.17
  SINCE JAN 1      5.71   5.80  -0.09     8.88

SNOWFALL (IN)
  TODAY            0.0    0.1   -0.1      0.4
  MONTH TO DATE   10.8    3.1    7.7     22.8
  SINCE MAR 1     14.2   13.9    0.3     34.3
  SINCE JUL 1     69.5   53.6   15.9     71.9
  SNOW DEPTH       0

DEGREE DAYS
 HEATING
  TODAY           23     15      8       32
  MONTH TO DATE  547    466     81      691
  SINCE MAR 1   1815   1512    303     1936
  SINCE JUL 1   8698   7527   1171     7758

 COOLING
  TODAY            0      0      0        0
  MONTH TO DATE    0      0      0        0
  SINCE MAR 1      0      0      0        0
  SINCE JAN 1      0      0      0        0
...............................................







THE CHANHASSEN MN CLIMATE NORMALS FOR TOMORROW
                         NORMAL
 MAXIMUM TEMPERATURE (F)   62
 MINIMUM TEMPERATURE (F)   40



-  INDICATES NEGATIVE NUMBERS.
R  INDICATES RECORD WAS SET OR TIED.
MM INDICATES DATA IS MISSING.
T  INDICATES TRACE AMOUNT.




$$
