000
CXUS53 KMPX 011151
CLMMPX


CLIMATE REPORT
NATIONAL WEATHER SERVICE CHANHASSEN MN
550 AM CST SUN DEC 1 2013

...................................

...THE CHANHASSEN MN CLIMATE SUMMARY FOR THE MONTH OF NOVEMBER 2013...

CLIMATE NORMAL PERIOD 1981 TO 2010
CLIMATE RECORD PERIOD 1995 TO 2013

WEATHER         OBSERVED          NORMAL  DEPART  LAST YEAR`S
                 VALUE   DATE(S)  VALUE   FROM    VALUE  DATE(S)
                                          NORMAL
................................................................
TEMPERATURE (F)
HIGHEST            55                MM      MM       71
LOWEST              4                MM      MM        8
AVG. MAXIMUM     39.4              40.3    -0.9
AVG. MINIMUM     21.9              25.0    -3.1     27.7
MEAN             30.6              32.7    -2.1     36.2
DAYS MAX >= 90      0                                  0
DAYS MAX <= 32      7                                  5
DAYS MIN <= 32     25                                 18
DAYS MIN <= 0       0                                  0

PRECIPITATION (INCHES)
TOTALS           0.51              1.97   -1.46     0.77
DAILY AVG.       0.02                               0.03
DAYS >= .01         5                                  6
DAYS >= .10         2                                  2
DAYS >= .50         0                                  0
DAYS >= 1.00        0                                  0
GREATEST
 24 HR. TOTAL    0.24   11/05 TO 11/05              0.47

SNOWFALL (INCHES)
TOTALS            1.8               5.4    -3.6      0.9
SINCE 7/1         1.8                                0.9
SNOWDEPTH AVG.      0                                  0
DAYS >= 1.0         1                                  0
GREATEST
 SNOW DEPTH         1   11/06                          1  11/24
                                                          11/23
 24 HR TOTAL      1.2   MM

DEGREE_DAYS
HEATING TOTAL    1022               971      51      857
 SINCE 7/1       1722              1707      15     1625
COOLING TOTAL       0                 0       0        0
 SINCE 1/1        667               605      62      879
.................................................................



-  INDICATES NEGATIVE NUMBERS.
R  INDICATES RECORD WAS SET OR TIED.
MM INDICATES DATA IS MISSING.
T  INDICATES TRACE AMOUNT.

$$
