000
CXUS53 KMPX 011141
CLMMPX


CLIMATE REPORT
NATIONAL WEATHER SERVICE CHANHASSEN MN
540 AM CST SAT FEB 1 2014

...................................

...THE CHANHASSEN MN CLIMATE SUMMARY FOR THE MONTH OF JANUARY 2014...

CLIMATE NORMAL PERIOD 1981 TO 2010
CLIMATE RECORD PERIOD 1995 TO 2014

WEATHER         OBSERVED          NORMAL  DEPART  LAST YEAR`S
                 VALUE   DATE(S)  VALUE   FROM    VALUE  DATE(S)
                                          NORMAL
................................................................
TEMPERATURE (F)
HIGHEST            39                MM      MM       42
LOWEST            -24                MM      MM      -13
AVG. MAXIMUM     17.0              23.1    -6.1
AVG. MINIMUM     -5.0               5.6   -10.6      7.5
MEAN              6.0              14.3    -8.3     15.8
DAYS MAX >= 90      0                                  0
DAYS MAX <= 32     25                                 20
DAYS MIN <= 32     31                                 30
DAYS MIN <= 0      23                                  9

PRECIPITATION (INCHES)
TOTALS           1.32              0.87    0.45     0.66
DAILY AVG.       0.04                               0.02
DAYS >= .01        12                                  5
DAYS >= .10         5                                  2
DAYS >= .50         0                                  0
DAYS >= 1.00        0                                  0
GREATEST
 24 HR. TOTAL    0.34   01/30 TO 01/30              0.36

SNOWFALL (INCHES)
TOTALS           18.3              10.3     8.0      4.6
SINCE 7/1        36.9                               23.5
SNOWDEPTH AVG.      7                                  2
DAYS >= 1.0         6                                  1
GREATEST
 SNOW DEPTH        10   01/31                          4  01/28
                        01/18                             01/01
 24 HR TOTAL      4.5   01/30 TO 01/30

DEGREE_DAYS
HEATING TOTAL    1821              1570     251     1520
 SINCE 7/1       5250              4731     519     4497
COOLING TOTAL       0                 0       0        0
 SINCE 1/1          0                 0       0        0
.................................................................



-  INDICATES NEGATIVE NUMBERS.
R  INDICATES RECORD WAS SET OR TIED.
MM INDICATES DATA IS MISSING.
T  INDICATES TRACE AMOUNT.

$$
