000
CXUS53 KMPX 011503
CLMMPX


CLIMATE REPORT
NATIONAL WEATHER SERVICE CHANHASSEN MN
1000 AM CDT FRI NOV 1 2013

...................................

...THE CHANHASSEN MN CLIMATE SUMMARY FOR THE MONTH OF OCTOBER 2013...

CLIMATE NORMAL PERIOD 1981 TO 2010
CLIMATE RECORD PERIOD 1995 TO 2013

WEATHER         OBSERVED          NORMAL  DEPART  LAST YEAR`S
                 VALUE   DATE(S)  VALUE   FROM    VALUE  DATE(S)
                                          NORMAL
................................................................
TEMPERATURE (F)
HIGHEST            75                MM      MM       77
LOWEST             23                MM      MM       22
AVG. MAXIMUM     54.8              57.7    -2.9
AVG. MINIMUM     37.8              38.0    -0.2     36.6
MEAN             46.3              47.8    -1.5     46.1
DAYS MAX >= 90      0                                  0
DAYS MAX <= 32      0                                  0
DAYS MIN <= 32     10                                 12
DAYS MIN <= 0       0                                  0

PRECIPITATION (INCHES)
TOTALS           3.53              2.51    1.02     1.16
DAILY AVG.       0.11                               0.04
DAYS >= .01        15                                  7
DAYS >= .10         7                                  2
DAYS >= .50         4                                  1
DAYS >= 1.00        0                                  0
GREATEST
 24 HR. TOTAL    0.83   10/14 TO 10/14              0.73

SNOWFALL (INCHES)
TOTALS              T               0.4    -0.4        T
SINCE 7/1           T                                  T
SNOWDEPTH AVG.      0                                  0
DAYS >= 1.0         0                                  0
GREATEST
 SNOW DEPTH         0   MM                             0  MM
 24 HR TOTAL        T   10/22 TO 10/22

DEGREE_DAYS
HEATING TOTAL     572               537      35      578
 SINCE 7/1        700               736     -36      768
COOLING TOTAL       0                 5      -5        0
 SINCE 1/1        667               605      62      879
.................................................................



-  INDICATES NEGATIVE NUMBERS.
R  INDICATES RECORD WAS SET OR TIED.
MM INDICATES DATA IS MISSING.
T  INDICATES TRACE AMOUNT.

$$
