000
CXUS53 KMPX 011327
CLMMPX


CLIMATE REPORT
NATIONAL WEATHER SERVICE CHANHASSEN MN
826 AM CDT MON JUL 1 2013

...................................

...THE CHANHASSEN MN CLIMATE SUMMARY FOR THE MONTH OF JUNE 2013...

CLIMATE NORMAL PERIOD 1981 TO 2010
CLIMATE RECORD PERIOD 1995 TO 2013

WEATHER         OBSERVED          NORMAL  DEPART  LAST YEAR`S
                 VALUE   DATE(S)  VALUE   FROM    VALUE  DATE(S)
                                          NORMAL
................................................................
TEMPERATURE (F)
HIGHEST            87                MM      MM       92
LOWEST             43                MM      MM       42
AVG. MAXIMUM     75.2              77.8    -2.6
AVG. MINIMUM     57.6              57.4     0.2     58.9
MEAN             66.4              67.6    -1.2     69.7
DAYS MAX >= 90      0                                  3
DAYS MAX <= 32      0                                  0
DAYS MIN <= 32      0                                  0
DAYS MIN <= 0       0                                  0

PRECIPITATION (INCHES)
TOTALS           6.28              4.02    2.26     4.73
DAILY AVG.       0.21                               0.16
DAYS >= .01        14                                  8
DAYS >= .10         7                                  6
DAYS >= .50         5                                  4
DAYS >= 1.00        2                                  2
GREATEST
 24 HR. TOTAL    2.02   06/21 TO 06/21              1.51

SNOWFALL (INCHES)
TOTALS            0.0               0.0     0.0      0.0
SINCE 7/1        72.3                               22.2
SNOWDEPTH AVG.      0                                  0
DAYS >= 1.0         0                                  0
GREATEST
 SNOW DEPTH         0   MM                             0  MM
 24 HR TOTAL      0.0   06/30 TO 06/30

DEGREE_DAYS
HEATING TOTAL      62                49      13       22
 SINCE 7/1       8194              7914     280     6297
COOLING TOTAL     112               127     -15      170
 SINCE 1/1        135               160     -25      248
.................................................................



-  INDICATES NEGATIVE NUMBERS.
R  INDICATES RECORD WAS SET OR TIED.
MM INDICATES DATA IS MISSING.
T  INDICATES TRACE AMOUNT.

$$
