000
CXUS53 KMPX 020149
CLMMPX

CLIMATE REPORT
NATIONAL WEATHER SERVICE CHANHASSEN MN
810 AM CDT SAT JUN 1 2013

...................................

...THE CHANHASSEN MN CLIMATE SUMMARY FOR THE MONTH OF MAY 2013...

CLIMATE NORMAL PERIOD 1981 TO 2010
CLIMATE RECORD PERIOD 1995 TO 2013

WEATHER         OBSERVED          NORMAL  DEPART  LAST YEAR`S
                 VALUE   DATE(S)  VALUE   FROM    VALUE  DATE(S)
                                          NORMAL
................................................................
TEMPERATURE (F)
HIGHEST            97                MM      MM       92
LOWEST             31                MM      MM       41
AVG. MAXIMUM     65.6              68.6    -3.0
AVG. MINIMUM     46.3              47.5    -1.2     51.8
MEAN             55.9              58.0    -2.1     62.0
DAYS MAX >= 90      1                                  1
DAYS MAX <= 32      0                                  0
DAYS MIN <= 32      2                                  0
DAYS MIN <= 0       0                                  0

PRECIPITATION (INCHES)
TOTALS           6.55              3.66    2.89    11.23
DAILY AVG.       0.21                               0.36
DAYS >= .01        21                                 16
DAYS >= .10        12                                 10
DAYS >= .50         3                                  8
DAYS >= 1.00        2                                  5
GREATEST
 24 HR. TOTAL    1.78   05/18 TO 05/18              2.43

SNOWFALL (INCHES)
TOTALS            0.4               0.0     0.4        T
SINCE 7/1        72.3                               22.2
SNOWDEPTH AVG.      0                                  0
DAYS >= 1.0         0                                  0
GREATEST
 SNOW DEPTH         0   MM                             0  MM
 24 HR TOTAL      0.2   MM

DEGREE_DAYS
HEATING TOTAL     296               246      50      148
 SINCE 7/1       8132              7865     267     6275
COOLING TOTAL      23                30      -7       65
 SINCE 1/1         23                33     -10       78
.................................................................



-  INDICATES NEGATIVE NUMBERS.
R  INDICATES RECORD WAS SET OR TIED.
MM INDICATES DATA IS MISSING.
T  INDICATES TRACE AMOUNT.

$$
