000
CXUS53 KMPX 010704
CLMMPX


CLIMATE REPORT
NATIONAL WEATHER SERVICE CHANHASSEN MN
204 AM CDT TUE APR 1 2014

...................................

...THE CHANHASSEN MN CLIMATE SUMMARY FOR THE MONTH OF MARCH 2014...

CLIMATE NORMAL PERIOD 1981 TO 2010
CLIMATE RECORD PERIOD 1995 TO 2014

WEATHER         OBSERVED          NORMAL  DEPART  LAST YEAR`S
                 VALUE   DATE(S)  VALUE   FROM    VALUE  DATE(S)
                                          NORMAL
................................................................
TEMPERATURE (F)
HIGHEST            60                MM      MM       51
LOWEST            -18R               MM      MM        1
AVG. MAXIMUM     33.0              40.1    -7.1
AVG. MINIMUM     14.7              22.4    -7.7     16.3
MEAN             23.8              31.3    -7.5     24.6
DAYS MAX >= 90      0                                  0
DAYS MAX <= 32     15                                 17
DAYS MIN <= 32     30                                 29
DAYS MIN <= 0       3                                  0

PRECIPITATION (INCHES)
TOTALS           0.69              1.78   -1.09     1.64
DAILY AVG.       0.02                               0.05
DAYS >= .01         7                                  8
DAYS >= .10         2                                  6
DAYS >= .50         0                                  0
DAYS >= 1.00        0                                  0
GREATEST
 24 HR. TOTAL    0.36   03/27 TO 03/27              0.48

SNOWFALL (INCHES)
TOTALS            3.4              10.8    -7.4     11.5
SINCE 7/1        58.7                               49.1
SNOWDEPTH AVG.      7                                  6
DAYS >= 1.0         1                                  3
GREATEST
 SNOW DEPTH        17   03/04                         11  03/07
                        03/03                             03/06
                        03/02
 24 HR TOTAL      2.2   MM

DEGREE_DAYS
HEATING TOTAL    1268              1046     222     1245
 SINCE 7/1       8151              7061    1090     7067
COOLING TOTAL       0                 0       0        0
 SINCE 1/1          0                 0       0        0
.................................................................



-  INDICATES NEGATIVE NUMBERS.
R  INDICATES RECORD WAS SET OR TIED.
MM INDICATES DATA IS MISSING.
T  INDICATES TRACE AMOUNT.

$$
