000
CXUS53 KMPX 011258
CLMMPX


CLIMATE REPORT
NATIONAL WEATHER SERVICE CHANHASSEN MN
657 AM CST WED JAN 1 2014

...................................

...THE CHANHASSEN MN CLIMATE SUMMARY FOR THE MONTH OF DECEMBER 2013...

CLIMATE NORMAL PERIOD 1981 TO 2010
CLIMATE RECORD PERIOD 1995 TO 2013

WEATHER         OBSERVED          NORMAL  DEPART  LAST YEAR`S
                 VALUE   DATE(S)  VALUE   FROM    VALUE  DATE(S)
                                          NORMAL
................................................................
TEMPERATURE (F)
HIGHEST            44                MM      MM       54
LOWEST            -18                MM      MM       -5
AVG. MAXIMUM     17.8              25.8    -8.0
AVG. MINIMUM      1.5              10.4    -8.9     13.5
MEAN              9.6              18.1    -8.5     21.2
DAYS MAX >= 90      0                                  0
DAYS MAX <= 32     26                                 20
DAYS MIN <= 32     31                                 28
DAYS MIN <= 0      16                                  4

PRECIPITATION (INCHES)
TOTALS           1.26              1.25    0.01     1.65
DAILY AVG.       0.04                               0.05
DAYS >= .01        16                                 10
DAYS >= .10         2                                  3
DAYS >= .50         1                                  1
DAYS >= 1.00        0                                  1
GREATEST
 24 HR. TOTAL    0.63   12/04 TO 12/04              1.01

SNOWFALL (INCHES)
TOTALS           16.8              13.9     2.9     18.0
SINCE 7/1        18.6                               18.9
SNOWDEPTH AVG.      4                                  3
DAYS >= 1.0         6                                  2
GREATEST
 SNOW DEPTH         6   12/27                          9  12/10
                        12/26
                        12/25
 24 HR TOTAL      6.0   12/04 TO 12/04

DEGREE_DAYS
HEATING TOTAL    1707              1454     253     1352
 SINCE 7/1       3429              3161     268     2977
COOLING TOTAL       0                 0       0        0
 SINCE 1/1        667               605      62      879
.................................................................



-  INDICATES NEGATIVE NUMBERS.
R  INDICATES RECORD WAS SET OR TIED.
MM INDICATES DATA IS MISSING.
T  INDICATES TRACE AMOUNT.

$$
