000
CXUS53 KMPX 062133 CCA
CLMMPX

CLIMATE REPORT...CORRECTED MONTHLY MEAN TEMP
NATIONAL WEATHER SERVICE CHANHASSEN MN
646 AM CDT SUN SEP 1 2013

...................................

...THE CHANHASSEN MN CLIMATE SUMMARY FOR THE MONTH OF AUGUST 2013...

CLIMATE NORMAL PERIOD 1981 TO 2010
CLIMATE RECORD PERIOD 1995 TO 2013

WEATHER         OBSERVED          NORMAL  DEPART  LAST YEAR`S
                 VALUE   DATE(S)  VALUE   FROM    VALUE  DATE(S)
                                          NORMAL
................................................................
TEMPERATURE (F)
HIGHEST            93                MM      MM       92
LOWEST             52                MM      MM       48
AVG. MAXIMUM     81.1              79.7     1.4
AVG. MINIMUM     61.4              60.2     1.2     59.3
MEAN             71.2              69.9     1.3     69.4
DAYS MAX >= 90      4                                  1
DAYS MAX <= 32      0                                  0
DAYS MIN <= 32      0                                  0
DAYS MIN <= 0       0                                  0

PRECIPITATION (INCHES)
TOTALS           1.74              4.14   -2.40     2.30
DAILY AVG.       0.06                               0.07
DAYS >= .01         4                                 11
DAYS >= .10         2                                  5
DAYS >= .50         2                                  2
DAYS >= 1.00        1                                  0
GREATEST
 24 HR. TOTAL    1.10   08/05 TO 08/05              0.84

SNOWFALL (INCHES)
TOTALS            0.0               0.0     0.0      0.0
SINCE 7/1         0.0                                0.0
SNOWDEPTH AVG.      0                                  0
DAYS >= 1.0         0                                  0
GREATEST
 SNOW DEPTH         0   MM                             0  MM
 24 HR TOTAL      0.0   08/30 TO 08/30

DEGREE_DAYS
HEATING TOTAL       5                15     -10       19
 SINCE 7/1         21                23      -2       19
COOLING TOTAL     205               168      37      165
 SINCE 1/1        579               553      26      819
.................................................................



-  INDICATES NEGATIVE NUMBERS.
R  INDICATES RECORD WAS SET OR TIED.
MM INDICATES DATA IS MISSING.
T  INDICATES TRACE AMOUNT.

$$
