191
CXUS53 KMPX 011039
CLMMPX


CLIMATE REPORT
NATIONAL WEATHER SERVICE CHANHASSEN MN
438 AM CST WED FEB 1 2017

...................................

...THE CHANHASSEN MN CLIMATE SUMMARY FOR THE MONTH OF JANUARY 2017...

CLIMATE NORMAL PERIOD 1981 TO 2010
CLIMATE RECORD PERIOD 1995 TO 2017

WEATHER         OBSERVED          NORMAL  DEPART  LAST YEAR`S
                 VALUE   DATE(S)  VALUE   FROM    VALUE  DATE(S)
                                          NORMAL
................................................................
TEMPERATURE (F)
RECORD
 HIGH              55   01/08/2003
 LOW              -26   01/16/2009
HIGHEST            41   01/30        MM      MM       40  01/30
LOWEST            -13   01/06        MM      MM      -17  01/17
AVG. MAXIMUM     25.5              23.1     2.4     22.5
AVG. MINIMUM     12.2               5.6     6.6      8.2
MEAN             18.8              14.3     4.5     15.4
DAYS MAX >= 90      0                                  0
DAYS MAX <= 32     22                                 25
DAYS MIN <= 32     29                                 31
DAYS MIN <= 0       9                                  9

PRECIPITATION (INCHES)
RECORD
 MAXIMUM           MM   MM
 MINIMUM           MM   MM
TOTALS           0.88              0.87    0.01     0.31
DAILY AVG.       0.03                               0.01
DAYS >= .01        12                                  8
DAYS >= .10         4                                  1
DAYS >= .50         0                                  0
DAYS >= 1.00        0                                  0
GREATEST
 24 HR. TOTAL    0.19   01/10 TO 01/10              0.10

SNOWFALL (INCHES)
RECORDS
 TOTAL             MM   MM
TOTALS            8.9              10.3    -1.4      4.7
SINCE 7/1        32.4              30.0     2.4     17.0
SNOWDEPTH AVG.      2                                  4
DAYS >= 1.0         3                                  1
GREATEST
 SNOW DEPTH         5   01/13                          6  01/09
                        01/12
                        01/11
 24 HR TOTAL      3.0   01/25 TO 01/25

DEGREE_DAYS
HEATING TOTAL    1423              1570    -147     1531
 SINCE 7/1       4078              4731    -653     3991
COOLING TOTAL       0                 0       0        0
 SINCE 1/1          0                 0       0        0
.................................................................

WIND (MPH)
AVERAGE WIND SPEED              MM
RESULTANT WIND SPEED/DIRECTION  MM
HIGHEST WIND SPEED/DIRECTION    MM        DATE   MM
HIGHEST GUST SPEED/DIRECTION    MM        DATE   MM

SKY COVER
POSSIBLE SUNSHINE (PERCENT)   MM
AVERAGE SKY COVER             MM
NUMBER OF DAYS FAIR            0
NUMBER OF DAYS PC              0
NUMBER OF DAYS CLOUDY          0

AVERAGE RH (PERCENT)     MM

WEATHER CONDITIONS. NUMBER OF DAYS WITH
THUNDERSTORM              0     MIXED PRECIP               0
HEAVY RAIN                0     RAIN                       0
LIGHT RAIN                0     FREEZING RAIN              0
LT FREEZING RAIN          0     HAIL                       0
HEAVY SNOW                0     SNOW                       0
LIGHT SNOW                0     SLEET                      0
FOG                       0     FOG W/VIS <= 1/4 MILE      0
HAZE                      0

-  INDICATES NEGATIVE NUMBERS.
R  INDICATES RECORD WAS SET OR TIED.
MM INDICATES DATA IS MISSING.
T  INDICATES TRACE AMOUNT.

$$
