000
CXUS53 KMPX 011138
CLMMPX


CLIMATE REPORT
NATIONAL WEATHER SERVICE CHANHASSEN MN
638 AM CDT THU AUG 1 2013

...................................

...THE CHANHASSEN MN CLIMATE SUMMARY FOR THE MONTH OF JULY 2013...

CLIMATE NORMAL PERIOD 1981 TO 2010
CLIMATE RECORD PERIOD 1995 TO 2013

WEATHER         OBSERVED          NORMAL  DEPART  LAST YEAR`S
                 VALUE   DATE(S)  VALUE   FROM    VALUE  DATE(S)
                                          NORMAL
................................................................
TEMPERATURE (F)
HIGHEST            91                MM      MM       99
LOWEST             50                MM      MM       60
AVG. MAXIMUM     81.2              82.1    -0.9
AVG. MINIMUM     62.6              61.9     0.7     67.8
MEAN             71.9              72.0    -0.1     77.9
DAYS MAX >= 90      2                                 11
DAYS MAX <= 32      0                                  0
DAYS MIN <= 32      0                                  0
DAYS MIN <= 0       0                                  0

PRECIPITATION (INCHES)
TOTALS           4.69              3.59    1.10     3.34
DAILY AVG.       0.15                               0.11
DAYS >= .01         9                                  9
DAYS >= .10         3                                  4
DAYS >= .50         3                                  2
DAYS >= 1.00        1                                  1
GREATEST
 24 HR. TOTAL    3.02   07/13 TO 07/13              1.96

SNOWFALL (INCHES)
TOTALS            0.0               0.0     0.0      0.0
SINCE 7/1         0.0                                0.0
SNOWDEPTH AVG.      0                                  0
DAYS >= 1.0         0                                  0
GREATEST
 SNOW DEPTH         0   MM                             0  MM
 24 HR TOTAL      0.0   07/31 TO 07/31

DEGREE_DAYS
HEATING TOTAL      16                 8       8        0
 SINCE 7/1         16                 8       8        0
COOLING TOTAL     239               225      14      406
 SINCE 1/1        374               385     -11      654
.................................................................



-  INDICATES NEGATIVE NUMBERS.
R  INDICATES RECORD WAS SET OR TIED.
MM INDICATES DATA IS MISSING.
T  INDICATES TRACE AMOUNT.

$$
