000
CXUS53 KMPX 010624
CLMMPX

CLIMATE REPORT
NATIONAL WEATHER SERVICE CHANHASSEN MN
123 AM CDT WED MAY 1 2013

...................................

...THE CHANHASSEN MN CLIMATE SUMMARY FOR THE MONTH OF APRIL 2013...

CLIMATE NORMAL PERIOD 1981 TO 2010
CLIMATE RECORD PERIOD 1995 TO 2013

WEATHER         OBSERVED          NORMAL  DEPART  LAST YEAR`S
                 VALUE   DATE(S)  VALUE   FROM    VALUE  DATE(S)
                                          NORMAL
................................................................
TEMPERATURE (F)
HIGHEST            81                MM      MM       72
LOWEST             16R               MM      MM       25
AVG. MAXIMUM     47.0              57.1   -10.1
AVG. MINIMUM     31.1              35.9    -4.8     39.3
MEAN             39.1              46.5    -7.4     49.1
DAYS MAX >= 90      0                                  0
DAYS MAX <= 32      0                                  0
DAYS MIN <= 32     21                                  7
DAYS MIN <= 0       0                                  0

PRECIPITATION (INCHES)
TOTALS           5.60              3.00    2.60     3.20
DAILY AVG.       0.19                               0.11
DAYS >= .01        18                                 15
DAYS >= .10        11                                  9
DAYS >= .50         6                                  1
DAYS >= 1.00        1                                  1
GREATEST
 24 HR. TOTAL    1.21   04/18 TO 04/18              1.64

SNOWFALL (INCHES)
TOTALS           22.8               3.4    19.4        T
SINCE 7/1        71.9                               22.2
SNOWDEPTH AVG.      1                                  0
DAYS >= 1.0         5                                  0
GREATEST
 SNOW DEPTH         7   04/19                          0  MM
 24 HR TOTAL      8.1   MM

DEGREE_DAYS
HEATING TOTAL     769               558     211      469
 SINCE 7/1       7836              7619     217     6127
COOLING TOTAL       0                 3      -3        0
 SINCE 1/1          0                 3      -3       13
.................................................................



-  INDICATES NEGATIVE NUMBERS.
R  INDICATES RECORD WAS SET OR TIED.
MM INDICATES DATA IS MISSING.
T  INDICATES TRACE AMOUNT.

$$
