000
CXUS53 KMPX 010935
CLMMPX


CLIMATE REPORT
NATIONAL WEATHER SERVICE CHANHASSEN MN
335 AM CST TUE MAR 1 2016

...................................

...THE CHANHASSEN MN CLIMATE SUMMARY FOR THE MONTH OF FEBRUARY 2016...

CLIMATE NORMAL PERIOD 1981 TO 2010
CLIMATE RECORD PERIOD 1995 TO 2016

WEATHER         OBSERVED          NORMAL  DEPART  LAST YEAR`S
                 VALUE   DATE(S)  VALUE   FROM    VALUE  DATE(S)
                                          NORMAL
................................................................
TEMPERATURE (F)
RECORD
 HIGH              54   MM
 LOW              -18   02/11/2014
                        02/10/2011
                        01/01/2000
HIGHEST            58R  02/27        MM      MM       35  02/07
LOWEST            -11   02/13        MM      MM      -14  02/23
AVG. MAXIMUM     30.1              27.9     2.2     18.6
AVG. MINIMUM     15.0              10.4     4.6      1.0
MEAN             22.6              19.1     3.5      9.8
DAYS MAX >= 90      0                                  0
DAYS MAX <= 32     16                                 27
DAYS MIN <= 32     28                                 28
DAYS MIN <= 0       4                                 16

PRECIPITATION (INCHES)
RECORD
 MAXIMUM           MM   MM
 MINIMUM           MM   MM
TOTALS           1.18              0.94    0.24     0.35
DAILY AVG.       0.04                               0.01
DAYS >= .01         9                                  5
DAYS >= .10         3                                  1
DAYS >= .50         1                                  0
DAYS >= 1.00        0                                  0
GREATEST
 24 HR. TOTAL    0.55   02/02 TO 02/02              0.16

SNOWFALL (INCHES)
RECORDS
 TOTAL             MM   MM
TOTALS           12.9               9.7     3.2      4.8
SINCE 7/1        29.9              39.7    -9.8     24.1
SNOWDEPTH AVG.      3                                  0
DAYS >= 1.0         3                                  1
GREATEST
 SNOW DEPTH        10   02/03                          2  02/05
                                                          02/04
 24 HR TOTAL      8.3   MM

DEGREE_DAYS
HEATING TOTAL    1224              1284     -60     1539
 SINCE 7/1       5215              6056    -841     6258
COOLING TOTAL       0                 0       0        0
 SINCE 1/1          0                 0       0        0
.................................................................

WIND (MPH)
AVERAGE WIND SPEED              MM
RESULTANT WIND SPEED/DIRECTION  MM
HIGHEST WIND SPEED/DIRECTION    MM        DATE   MM
HIGHEST GUST SPEED/DIRECTION    MM        DATE   MM

SKY COVER
POSSIBLE SUNSHINE (PERCENT)   MM
AVERAGE SKY COVER             MM
NUMBER OF DAYS FAIR            0
NUMBER OF DAYS PC              0
NUMBER OF DAYS CLOUDY          0

AVERAGE RH (PERCENT)     MM

WEATHER CONDITIONS. NUMBER OF DAYS WITH
THUNDERSTORM              0     MIXED PRECIP               0
HEAVY RAIN                0     RAIN                       0
LIGHT RAIN                0     FREEZING RAIN              0
LT FREEZING RAIN          0     HAIL                       0
HEAVY SNOW                0     SNOW                       0
LIGHT SNOW                0     SLEET                      0
FOG                       0     FOG W/VIS <= 1/4 MILE      0
HAZE                      0

-  INDICATES NEGATIVE NUMBERS.
R  INDICATES RECORD WAS SET OR TIED.
MM INDICATES DATA IS MISSING.
T  INDICATES TRACE AMOUNT.

$$
