000
CXUS53 KMPX 011858
CLMMPX


CLIMATE REPORT
NATIONAL WEATHER SERVICE CHANHASSEN MN
1258 PM CST THU JAN 1 2015

...................................

...THE CHANHASSEN MN CLIMATE SUMMARY FOR THE MONTH OF DECEMBER 2014...

CLIMATE NORMAL PERIOD 1981 TO 2010
CLIMATE RECORD PERIOD 1995 TO 2014

WEATHER         OBSERVED          NORMAL  DEPART  LAST YEAR`S
                 VALUE   DATE(S)  VALUE   FROM    VALUE  DATE(S)
                                          NORMAL
................................................................
TEMPERATURE (F)
RECORD
 HIGH              54   12/03/2012
 LOW              -24   12/25/2000
HIGHEST            50   12/15        MM      MM       44  12/28
LOWEST            -10   12/31        MM      MM      -18  12/24
AVG. MAXIMUM     28.3              25.8     2.5     17.8
AVG. MINIMUM     17.4              10.4     7.0      1.5
MEAN             22.9              18.1     4.8      9.6
DAYS MAX >= 90      0                                  0
DAYS MAX <= 32     20                                 26
DAYS MIN <= 32     27                                 31
DAYS MIN <= 0       4                                 16

PRECIPITATION (INCHES)
RECORD
 MAXIMUM           MM   MM
 MINIMUM           MM   MM
TOTALS           0.97              1.25   -0.28     1.26
DAILY AVG.       0.03                               0.04
DAYS >= .01         8                                 16
DAYS >= .10         5                                  2
DAYS >= .50         0                                  1
DAYS >= 1.00        0                                  0
GREATEST
 24 HR. TOTAL    0.29   12/15 TO 12/15              0.63

SNOWFALL (INCHES)
RECORDS
 TOTAL             MM   MM
TOTALS            6.7              13.9    -7.2     16.8
SINCE 7/1        14.8              19.7    -4.9     18.6
SNOWDEPTH AVG.      1                                  4
DAYS >= 1.0         2                                  6
GREATEST
 SNOW DEPTH         4   12/29                          6  12/27
                        12/28                             12/26
                        12/27                             12/25
 24 HR TOTAL      3.9   MM

DEGREE_DAYS
HEATING TOTAL    1299              1454    -155     1707
 SINCE 7/1       3236              3161      75     3429
COOLING TOTAL       0                 0       0        0
 SINCE 1/1        514               605     -91      667
.................................................................

WIND (MPH)
AVERAGE WIND SPEED              MM
RESULTANT WIND SPEED/DIRECTION  MM
HIGHEST WIND SPEED/DIRECTION    MM        DATE   MM
HIGHEST GUST SPEED/DIRECTION    MM        DATE   MM

SKY COVER
POSSIBLE SUNSHINE (PERCENT)   MM
AVERAGE SKY COVER             MM
NUMBER OF DAYS FAIR            0
NUMBER OF DAYS PC              0
NUMBER OF DAYS CLOUDY          0

AVERAGE RH (PERCENT)     MM

WEATHER CONDITIONS. NUMBER OF DAYS WITH
THUNDERSTORM              0     MIXED PRECIP               0
HEAVY RAIN                0     RAIN                       0
LIGHT RAIN                0     FREEZING RAIN              0
LT FREEZING RAIN          0     HAIL                       0
HEAVY SNOW                0     SNOW                       0
LIGHT SNOW                0     SLEET                      0
FOG                       0     FOG W/VIS <= 1/4 MILE      0
HAZE                      0

-  INDICATES NEGATIVE NUMBERS.
R  INDICATES RECORD WAS SET OR TIED.
MM INDICATES DATA IS MISSING.
T  INDICATES TRACE AMOUNT.

$$
