000
CXUS53 KMPX 042037
CLMMPX
CLIMATE REPORT
NATIONAL WEATHER SERVICE TWIN CITIES/CHANHASSEN MN
337 PM CDT TUE APR 04 2023
...................................
...THE CHANHASSEN MN CLIMATE SUMMARY FOR THE MONTH OF MARCH 2023...
CLIMATE NORMAL PERIOD 1991 TO 2020
CLIMATE RECORD PERIOD 1995 TO 2023
WEATHER OBSERVED NORMAL DEPART LAST YEAR`S
VALUE DATE(S) VALUE FROM VALUE DATE(S)
NORMAL
................................................................
TEMPERATURE (F)
HIGHEST 44 03/15 MM MM 65 03/21
03/16
LOWEST 2 03/14 MM MM -4 03/12
03/19
AVG. MAXIMUM 34.5 40.2 -5.7 37.7
AVG. MINIMUM 17.9 21.7 -3.8 21.4
MEAN 26.2 31.0 -4.8 29.5
DAYS MAX >= 90 0 0
DAYS MAX <= 32 11 10
DAYS MIN <= 32 31 27
DAYS MIN <= 0 0 2
PRECIPITATION (INCHES)
TOTALS 3.32 1.56 1.76 2.36
DAILY AVG. 0.11 0.08
DAYS >= .01 13 7
DAYS >= .10 8 5
DAYS >= .50 1 2
DAYS >= 1.00 1 0
GREATEST
24 HR. TOTAL 1.49 03/31 TO 03/31 0.98
SNOWFALL (INCHES)
TOTALS 20.9 9.1 11.8 4.6
SINCE 7/1 95.9 49.3 46.6 MM
SNOWDEPTH AVG. 11 2
DAYS >= 1.0 5 1
GREATEST
SNOW DEPTH 17 03/12 5 03/06
03/13
03/07
03/08
24 HR TOTAL 6.6 03/05 TO 03/05
DEGREE DAYS
HEATING TOTAL 1197 1056 141 1092
SINCE 7/1 7078 7064 14 MM
COOLING TOTAL 0 0 0 0
SINCE 1/1 0 0 0 MM
................................................................
- INDICATES NEGATIVE NUMBERS.
R INDICATES RECORD WAS SET OR TIED.
MM INDICATES DATA IS MISSING.
T INDICATES TRACE AMOUNT.
$$