000
CXUS53 KMPX 011002
CLMMPX


CLIMATE REPORT
NATIONAL WEATHER SERVICE CHANHASSEN MN
501 AM CDT WED JUL 1 2015

...................................

...THE CHANHASSEN MN CLIMATE SUMMARY FOR THE MONTH OF JUNE 2015...

CLIMATE NORMAL PERIOD 1981 TO 2010
CLIMATE RECORD PERIOD 1995 TO 2015

WEATHER         OBSERVED          NORMAL  DEPART  LAST YEAR`S
                 VALUE   DATE(S)  VALUE   FROM    VALUE  DATE(S)
                                          NORMAL
................................................................
TEMPERATURE (F)
RECORD
 HIGH              MM   MM
 LOW               30   12/31/1999
HIGHEST            91   06/09        MM      MM       84  06/29
                                                          06/06
LOWEST             47   06/01        MM      MM       46  06/08
AVG. MAXIMUM     76.8              77.8    -1.0     76.3
AVG. MINIMUM     58.4              57.4     1.0     58.4
MEAN             67.6              67.6     0.0     67.4
DAYS MAX >= 90      1                                  0
DAYS MAX <= 32      0                                  0
DAYS MIN <= 32      0                                  0
DAYS MIN <= 0       0                                  0

PRECIPITATION (INCHES)
RECORD
 MAXIMUM           MM   MM
 MINIMUM           MM   MM
TOTALS           3.66              4.02   -0.36    10.42
DAILY AVG.       0.12                               0.35
DAYS >= .01        13                                 16
DAYS >= .10         8                                  9
DAYS >= .50         3                                  5
DAYS >= 1.00        1                                  3
GREATEST
 24 HR. TOTAL    1.17   06/22 TO 06/22              4.98

SNOWFALL (INCHES)
RECORDS
 TOTAL             MM   MM
TOTALS              T               0.0     0.0      0.0
SINCE 7/1        33.4              53.9   -20.5     69.5
SNOWDEPTH AVG.      0                                  0
DAYS >= 1.0         0                                  0
GREATEST
 SNOW DEPTH         0   MM                             0  MM
 24 HR TOTAL        T   06/29 TO 06/29

DEGREE_DAYS
HEATING TOTAL      18                49     -31       33
 SINCE 7/1       8007              7914      93     9174
COOLING TOTAL     103               127     -24      112
 SINCE 1/1        111               160     -49      149
.................................................................

WIND (MPH)
AVERAGE WIND SPEED              MM
RESULTANT WIND SPEED/DIRECTION  MM
HIGHEST WIND SPEED/DIRECTION    MM        DATE   MM
HIGHEST GUST SPEED/DIRECTION    MM        DATE   MM

SKY COVER
POSSIBLE SUNSHINE (PERCENT)   MM
AVERAGE SKY COVER             MM
NUMBER OF DAYS FAIR            0
NUMBER OF DAYS PC              0
NUMBER OF DAYS CLOUDY          0

AVERAGE RH (PERCENT)     MM

WEATHER CONDITIONS. NUMBER OF DAYS WITH
THUNDERSTORM              0     MIXED PRECIP               0
HEAVY RAIN                0     RAIN                       0
LIGHT RAIN                0     FREEZING RAIN              0
LT FREEZING RAIN          0     HAIL                       0
HEAVY SNOW                0     SNOW                       0
LIGHT SNOW                0     SLEET                      0
FOG                       0     FOG W/VIS <= 1/4 MILE      0
HAZE                      0

-  INDICATES NEGATIVE NUMBERS.
R  INDICATES RECORD WAS SET OR TIED.
MM INDICATES DATA IS MISSING.
T  INDICATES TRACE AMOUNT.

$$
