000
CXUS53 KMPX 022314
CLMMPX


CLIMATE REPORT
NATIONAL WEATHER SERVICE CHANHASSEN MN
614 PM CDT MON JUN 2 2014

...................................

...THE CHANHASSEN MN CLIMATE SUMMARY FOR THE MONTH OF MAY 2014...

CLIMATE NORMAL PERIOD 1981 TO 2010
CLIMATE RECORD PERIOD 1995 TO 2014

WEATHER         OBSERVED          NORMAL  DEPART  LAST YEAR`S
                 VALUE   DATE(S)  VALUE   FROM    VALUE  DATE(S)
                                          NORMAL
................................................................
TEMPERATURE (F)
HIGHEST            87                MM      MM       97
LOWEST             35                MM      MM       31
AVG. MAXIMUM     66.7              68.6    -1.9
AVG. MINIMUM     47.0              47.5    -0.5     46.3
MEAN             56.9              58.0    -1.1     55.9
DAYS MAX >= 90      0                                  1
DAYS MAX <= 32      0                                  0
DAYS MIN <= 32      0                                  2
DAYS MIN <= 0       0                                  0

PRECIPITATION (INCHES)
TOTALS           5.25              3.66    1.59     6.55
DAILY AVG.       0.17                               0.21
DAYS >= .01        10                                 21
DAYS >= .10         8                                 12
DAYS >= .50         4                                  3
DAYS >= 1.00        2                                  2
GREATEST
 24 HR. TOTAL    1.51   05/31 TO 05/31              1.78

SNOWFALL (INCHES)
TOTALS              T               0.0     0.0      0.4
SINCE 7/1        69.5                               72.3
SNOWDEPTH AVG.      0                                  0
DAYS >= 1.0         0                                  0
GREATEST
 SNOW DEPTH         0   MM                             0  MM
 24 HR TOTAL        T   05/08 TO 05/08

DEGREE_DAYS
HEATING TOTAL     282               246      36      296
 SINCE 7/1       9141              7865    1276     8132
COOLING TOTAL      37                30       7       23
 SINCE 1/1         37                33       4       23
.................................................................



-  INDICATES NEGATIVE NUMBERS.
R  INDICATES RECORD WAS SET OR TIED.
MM INDICATES DATA IS MISSING.
T  INDICATES TRACE AMOUNT.

$$
