000
CXUS53 KMPX 011146
CLMMPX


CLIMATE REPORT
NATIONAL WEATHER SERVICE CHANHASSEN MN
644 AM CDT THU MAY 1 2014

...................................

...THE CHANHASSEN MN CLIMATE SUMMARY FOR THE MONTH OF APRIL 2014...

CLIMATE NORMAL PERIOD 1981 TO 2010
CLIMATE RECORD PERIOD 1995 TO 2014

WEATHER         OBSERVED          NORMAL  DEPART  LAST YEAR`S
                 VALUE   DATE(S)  VALUE   FROM    VALUE  DATE(S)
                                          NORMAL
................................................................
TEMPERATURE (F)
HIGHEST            74                MM      MM       81
LOWEST             17                MM      MM       16
AVG. MAXIMUM     50.6              57.1    -6.5
AVG. MINIMUM     31.9              35.9    -4.0     31.1
MEAN             41.2              46.5    -5.3     39.1
DAYS MAX >= 90      0                                  0
DAYS MAX <= 32      0                                  0
DAYS MIN <= 32     13                                 21
DAYS MIN <= 0       0                                  0

PRECIPITATION (INCHES)
TOTALS           7.05              3.00    4.05     5.60
DAILY AVG.       0.23                               0.19
DAYS >= .01        15                                 18
DAYS >= .10        11                                 11
DAYS >= .50         6                                  6
DAYS >= 1.00        2                                  1
GREATEST
 24 HR. TOTAL    2.05   04/27 TO 04/27              1.21

SNOWFALL (INCHES)
TOTALS           10.8               3.4     7.4     22.8
SINCE 7/1        69.5                               71.9
SNOWDEPTH AVG.      0                                  1
DAYS >= 1.0         3                                  5
GREATEST
 SNOW DEPTH         7   04/04                          7  04/19
 24 HR TOTAL      7.1   MM

DEGREE_DAYS
HEATING TOTAL     708               558     150      769
 SINCE 7/1       8859              7619    1240     7836
COOLING TOTAL       0                 3      -3        0
 SINCE 1/1          0                 3      -3        0
.................................................................



-  INDICATES NEGATIVE NUMBERS.
R  INDICATES RECORD WAS SET OR TIED.
MM INDICATES DATA IS MISSING.
T  INDICATES TRACE AMOUNT.

$$
