862
CXUS53 KMPX 010658
CLMMPX


CLIMATE REPORT
NATIONAL WEATHER SERVICE CHANHASSEN MN
1249 AM CST WED MAR 1 2017

...................................

...THE CHANHASSEN MN CLIMATE SUMMARY FOR THE MONTH OF FEBRUARY 2017...

CLIMATE NORMAL PERIOD 1981 TO 2010
CLIMATE RECORD PERIOD 1995 TO 2017

WEATHER         OBSERVED          NORMAL  DEPART  LAST YEAR`S
                 VALUE   DATE(S)  VALUE   FROM    VALUE  DATE(S)
                                          NORMAL
................................................................
TEMPERATURE (F)
RECORD
 HIGH              62   MM
 LOW              -18   02/11/2014
                        02/10/2011
                        01/01/2000
HIGHEST            62R  02/17        MM      MM       58  02/27
LOWEST             -2   02/08        MM      MM      -11  02/13
AVG. MAXIMUM     38.6              27.9    10.7     30.1
AVG. MINIMUM     20.1              10.4     9.7     15.0
MEAN             29.4              19.1    10.3     22.6
DAYS MAX >= 90      0                                  0
DAYS MAX <= 32     10                                 16
DAYS MIN <= 32     25                                 28
DAYS MIN <= 0       1                                  4

PRECIPITATION (INCHES)
RECORD
 MAXIMUM           MM   MM
 MINIMUM           MM   MM
TOTALS           0.72              0.94   -0.22     1.18
DAILY AVG.       0.03                               0.04
DAYS >= .01         2                                  9
DAYS >= .10         1                                  3
DAYS >= .50         1                                  1
DAYS >= 1.00        0                                  0
GREATEST
 24 HR. TOTAL    0.68   02/20 TO 02/20              0.55

SNOWFALL (INCHES)
RECORDS
 TOTAL             MM   MM
TOTALS              T               9.7    -9.7     12.9
SINCE 7/1        32.4              39.7    -7.3     29.9
SNOWDEPTH AVG.      0                                  3
DAYS >= 1.0         0                                  3
GREATEST
 SNOW DEPTH         1   02/04                         10  02/03
                        02/03
                        02/02
 24 HR TOTAL        T   02/24 TO 02/24

DEGREE_DAYS
HEATING TOTAL     991              1284    -293     1224
 SINCE 7/1       5069              6015    -946     5215
COOLING TOTAL       0                 0       0        0
 SINCE 1/1          0                 0       0        0
.................................................................

WIND (MPH)
AVERAGE WIND SPEED              MM
RESULTANT WIND SPEED/DIRECTION  MM
HIGHEST WIND SPEED/DIRECTION    MM        DATE   MM
HIGHEST GUST SPEED/DIRECTION    MM        DATE   MM

SKY COVER
POSSIBLE SUNSHINE (PERCENT)   MM
AVERAGE SKY COVER             MM
NUMBER OF DAYS FAIR            0
NUMBER OF DAYS PC              0
NUMBER OF DAYS CLOUDY          0

AVERAGE RH (PERCENT)     MM

WEATHER CONDITIONS. NUMBER OF DAYS WITH
THUNDERSTORM              0     MIXED PRECIP               0
HEAVY RAIN                0     RAIN                       0
LIGHT RAIN                0     FREEZING RAIN              0
LT FREEZING RAIN          0     HAIL                       0
HEAVY SNOW                0     SNOW                       0
LIGHT SNOW                0     SLEET                      0
FOG                       0     FOG W/VIS <= 1/4 MILE      0
HAZE                      0

-  INDICATES NEGATIVE NUMBERS.
R  INDICATES RECORD WAS SET OR TIED.
MM INDICATES DATA IS MISSING.
T  INDICATES TRACE AMOUNT.

$$
