000
CXUS53 KMPX 010646
CLMMPX


CLIMATE REPORT
NATIONAL WEATHER SERVICE CHANHASSEN MN
1246 AM CST SAT MAR 1 2014

...................................

...THE CHANHASSEN MN CLIMATE SUMMARY FOR THE MONTH OF FEBRUARY 2014...

CLIMATE NORMAL PERIOD 1981 TO 2010
CLIMATE RECORD PERIOD 1995 TO 2014

WEATHER         OBSERVED          NORMAL  DEPART  LAST YEAR`S
                 VALUE   DATE(S)  VALUE   FROM    VALUE  DATE(S)
                                          NORMAL
................................................................
TEMPERATURE (F)
HIGHEST            41                MM      MM       39
LOWEST            -18R               MM      MM      -14
AVG. MAXIMUM     15.8              27.9   -12.1
AVG. MINIMUM     -2.9              10.4   -13.3      9.2
MEAN              6.4              19.1   -12.7     17.4
DAYS MAX >= 90      0                                  0
DAYS MAX <= 32     25                                 19
DAYS MIN <= 32     28                                 28
DAYS MIN <= 0      19                                  6

PRECIPITATION (INCHES)
TOTALS           1.59              0.94    0.65     1.05
DAILY AVG.       0.06                               0.04
DAYS >= .01         8                                 10
DAYS >= .10         2                                  2
DAYS >= .50         2                                  0
DAYS >= 1.00        0                                  0
GREATEST
 24 HR. TOTAL    0.86   02/20 TO 02/20              0.49

SNOWFALL (INCHES)
TOTALS           18.4               9.7     8.7     14.1
SINCE 7/1        55.3                               37.6
SNOWDEPTH AVG.     12                                  5
DAYS >= 1.0         3                                  4
GREATEST
 SNOW DEPTH        19   02/21                          8  02/23
 24 HR TOTAL      8.6   MM

DEGREE_DAYS
HEATING TOTAL    1633              1284     349     1325
 SINCE 7/1       6883              6015     868     5822
COOLING TOTAL       0                 0       0        0
 SINCE 1/1          0                 0       0        0
.................................................................



-  INDICATES NEGATIVE NUMBERS.
R  INDICATES RECORD WAS SET OR TIED.
MM INDICATES DATA IS MISSING.
T  INDICATES TRACE AMOUNT.

$$
