000
CXUS53 KMPX 010724
CLMMPX


CLIMATE REPORT
NATIONAL WEATHER SERVICE CHANHASSEN MN
221 AM CDT TUE OCT 1 2013

...................................

...THE CHANHASSEN MN CLIMATE SUMMARY FOR THE MONTH OF SEPTEMBER 2013...

CLIMATE NORMAL PERIOD 1981 TO 2010
CLIMATE RECORD PERIOD 1995 TO 2013

WEATHER         OBSERVED          NORMAL  DEPART  LAST YEAR`S
                 VALUE   DATE(S)  VALUE   FROM    VALUE  DATE(S)
                                          NORMAL
................................................................
TEMPERATURE (F)
HIGHEST            91                MM      MM       95
LOWEST             41                MM      MM       32
AVG. MAXIMUM     74.6              70.6     4.0
AVG. MINIMUM     53.7              50.8     2.9     48.2
MEAN             64.2              60.7     3.5     61.1
DAYS MAX >= 90      2                                  1
DAYS MAX <= 32      0                                  0
DAYS MIN <= 32      0                                  1
DAYS MIN <= 0       0                                  0

PRECIPITATION (INCHES)
TOTALS           1.57              3.43   -1.86     0.44
DAILY AVG.       0.05                               0.01
DAYS >= .01         8                                  4
DAYS >= .10         5                                  2
DAYS >= .50         0                                  0
DAYS >= 1.00        0                                  0
GREATEST
 24 HR. TOTAL    0.43   09/15 TO 09/15              0.30

SNOWFALL (INCHES)
TOTALS            0.0               0.0     0.0      0.0
SINCE 7/1         0.0                                0.0
SNOWDEPTH AVG.      0                                  0
DAYS >= 1.0         0                                  0
GREATEST
 SNOW DEPTH         0   MM                             0  MM
 24 HR TOTAL      0.0   09/30 TO 09/30

DEGREE_DAYS
HEATING TOTAL     107               176     -69      171
 SINCE 7/1        128               199     -71      190
COOLING TOTAL      88                47      41       60
 SINCE 1/1        667               600      67      879
.................................................................



-  INDICATES NEGATIVE NUMBERS.
R  INDICATES RECORD WAS SET OR TIED.
MM INDICATES DATA IS MISSING.
T  INDICATES TRACE AMOUNT.

$$
