370
CXUS53 KMPX 011415
CLMMPX


CLIMATE REPORT
NATIONAL WEATHER SERVICE CHANHASSEN MN
914 AM CDT FRI JUL 1 2016

...................................

...THE CHANHASSEN MN CLIMATE SUMMARY FOR THE MONTH OF JUNE 2016...

CLIMATE NORMAL PERIOD 1981 TO 2010
CLIMATE RECORD PERIOD 1995 TO 2016

WEATHER         OBSERVED          NORMAL  DEPART  LAST YEAR`S
                 VALUE   DATE(S)  VALUE   FROM    VALUE  DATE(S)
                                          NORMAL
................................................................
TEMPERATURE (F)
RECORD
 HIGH              MM   MM
 LOW               30   12/31/1999
HIGHEST            93   06/25        MM      MM       91  06/09
LOWEST             46   06/07        MM      MM       47  06/01
AVG. MAXIMUM     78.2              77.8     0.4     76.8
AVG. MINIMUM     59.3              57.4     1.9     58.4
MEAN             68.7              67.6     1.1     67.6
DAYS MAX >= 90      3                                  1
DAYS MAX <= 32      0                                  0
DAYS MIN <= 32      0                                  0
DAYS MIN <= 0       0                                  0

PRECIPITATION (INCHES)
RECORD
 MAXIMUM           MM   MM
 MINIMUM           MM   MM
TOTALS           4.58              4.02    0.56     3.66
DAILY AVG.       0.15                               0.12
DAYS >= .01        10                                 13
DAYS >= .10         4                                  8
DAYS >= .50         2                                  3
DAYS >= 1.00        1                                  1
GREATEST
 24 HR. TOTAL    2.82   06/09 TO 06/09              1.17

SNOWFALL (INCHES)
RECORDS
 TOTAL             MM   MM
TOTALS              T               0.0     0.0        T
SINCE 7/1        35.5              53.9   -18.4     33.4
SNOWDEPTH AVG.      0                                  0
DAYS >= 1.0         0                                  0
GREATEST
 SNOW DEPTH         0   MM                             0  MM
 24 HR TOTAL        T   06/09 TO 06/09

DEGREE_DAYS
HEATING TOTAL      21                49     -28       18
 SINCE 7/1       6820              7914   -1094     8007
COOLING TOTAL     139               127      12      103
 SINCE 1/1        181               160      21      111
.................................................................

WIND (MPH)
AVERAGE WIND SPEED              MM
RESULTANT WIND SPEED/DIRECTION  MM
HIGHEST WIND SPEED/DIRECTION    MM        DATE   MM
HIGHEST GUST SPEED/DIRECTION    MM        DATE   MM

SKY COVER
POSSIBLE SUNSHINE (PERCENT)   MM
AVERAGE SKY COVER             MM
NUMBER OF DAYS FAIR            0
NUMBER OF DAYS PC              0
NUMBER OF DAYS CLOUDY          0

AVERAGE RH (PERCENT)     MM

WEATHER CONDITIONS. NUMBER OF DAYS WITH
THUNDERSTORM              0     MIXED PRECIP               0
HEAVY RAIN                0     RAIN                       0
LIGHT RAIN                0     FREEZING RAIN              0
LT FREEZING RAIN          0     HAIL                       0
HEAVY SNOW                0     SNOW                       0
LIGHT SNOW                0     SLEET                      0
FOG                       0     FOG W/VIS <= 1/4 MILE      0
HAZE                      0

-  INDICATES NEGATIVE NUMBERS.
R  INDICATES RECORD WAS SET OR TIED.
MM INDICATES DATA IS MISSING.
T  INDICATES TRACE AMOUNT.

$$
