000
CXUS53 KMPX 010848
CLMMPX


CLIMATE REPORT
NATIONAL WEATHER SERVICE CHANHASSEN MN
346 AM CDT SAT NOV 1 2014

...................................

...THE CHANHASSEN MN CLIMATE SUMMARY FOR THE MONTH OF OCTOBER 2014...

CLIMATE NORMAL PERIOD 1981 TO 2010
CLIMATE RECORD PERIOD 1995 TO 2014

WEATHER         OBSERVED          NORMAL  DEPART  LAST YEAR`S
                 VALUE   DATE(S)  VALUE   FROM    VALUE  DATE(S)
                                          NORMAL
................................................................
TEMPERATURE (F)
HIGHEST            70                MM      MM       75
LOWEST             22R               MM      MM       23
AVG. MAXIMUM     57.2              57.7    -0.5
AVG. MINIMUM     37.8              38.0    -0.2     37.8
MEAN             47.5              47.8    -0.3     46.3
DAYS MAX >= 90      0                                  0
DAYS MAX <= 32      0                                  0
DAYS MIN <= 32      6                                 10
DAYS MIN <= 0       0                                  0

PRECIPITATION (INCHES)
TOTALS           1.07              2.51   -1.44     3.53
DAILY AVG.       0.03                               0.11
DAYS >= .01         6                                 15
DAYS >= .10         2                                  7
DAYS >= .50         1                                  4
DAYS >= 1.00        0                                  0
GREATEST
 24 HR. TOTAL    0.69   10/02 TO 10/02              0.83

SNOWFALL (INCHES)
TOTALS              T               0.4    -0.4        T
SINCE 7/1           T                                  T
SNOWDEPTH AVG.      0                                  0
DAYS >= 1.0         0                                  0
GREATEST
 SNOW DEPTH         0   MM                             0  MM
 24 HR TOTAL        T   10/04 TO 10/04

DEGREE_DAYS
HEATING TOTAL     534               537      -3      572
 SINCE 7/1        717               736     -19      700
COOLING TOTAL       0                 5      -5        0
 SINCE 1/1        514               605     -91      667
.................................................................



-  INDICATES NEGATIVE NUMBERS.
R  INDICATES RECORD WAS SET OR TIED.
MM INDICATES DATA IS MISSING.
T  INDICATES TRACE AMOUNT.

$$
