000
CXUS53 KMQT 011000
CF6MQT
PRELIMINARY LOCAL CLIMATOLOGICAL DATA (WS FORM: F-6)
STATION: MARQUETTE MI
MONTH: DECEMBER
YEAR: 2023
LATITUDE: 46 31 N
LONGITUDE: 87 33 W
TEMPERATURE IN F: :PCPN: SNOW: WIND :SUNSHINE: SKY :PK WND
================================================================================
1 2 3 4 5 6A 6B 7 8 9 10 11 12 13 14 15 16 17 18
12Z AVG MX 2MIN
DY MAX MIN AVG DEP HDD CDD WTR SNW DPTH SPD SPD DIR MIN PSBL S-S WX SPD DR
================================================================================
1 31 13 22 -3 43 0 0.00 0.0 1 M M M M M M 15 315
2 36 9 23 -1 42 0 0.00 0.0 1 M M M M M M 13 90
3 31 20 26 2 39 0 0.00 0.0 1 M M M M M M 13 90
4 32 19 26 2 39 0 0.00 0.0 1 M M M M M M 14 360
5 35 24 30 7 35 0 0.11 1.2 1 M M M M M M 17 315
6 31 25 28 5 37 0 0.02 0.3 3 M M M M M M 23 180
7 43 16 30 7 35 0 0.00 0.0 3 M M M M M M 1 19 135
8 43 34 39 17 26 0 0.00 0.0 2 M M M M M M 12 21 180
9 42 30 36 14 29 0 0.40 0.1 0 M M M M M M 22 315
10 30 23 27 5 38 0 0.06 0.6 1 M M M M M M 25 360
11 25 20 23 2 42 0 T T 1 M M M M M M 6 24 225
12 27 18 23 2 42 0 0.01 0.1 1 M M M M M M 33 270
13 31 10 21 0 44 0 0.00 0.0 1 M M M M M M 18 225
14 53 26 40 19 25 0 0.00 0.0 1 M M M M M M 30 225
15 43 35 39 19 26 0 0.48 0.0 0 M M M M M M 1 23 270
16 41 35 38 18 27 0 0.34 0.0 0 M M M M M M 1 23 180
17 39 30 35 15 30 0 0.07 0.1 0 M M M M M M 1 24 225
18 30 17 24 4 41 0 0.22 4.7 1 M M M M M M 38 270
19 30 9 20 1 45 0 T T 3 M M M M M M 27 225
20 30 24 27 8 38 0 0.00 0.0 2 M M M M M M 16 90
21 31 26 29 10 36 0 T T 2 M M M M M M 6 21 180
22 35 30 33 15 32 0 0.00 0.0 2 M M M M M M 12 19 180
23 39 34 37 19 28 0 0.00 0.0 1 M M M M M M 1 12 225
24 43 36 40 22 25 0 T 0.0 0 M M M M M M 1 25 180
25 47 42 45 27 20 0 0.06 0.0 0 M M M M M M 12 27 180
26 43 34 39 21 26 0 0.17 0.0 0 M M M M M M 2 16 45
27 38 26 32 15 33 0 T 0.0 0 M M M M M M 2 16 360
28 35 30 33 16 32 0 0.01 0.0 0 M M M M M M 12 25 360
29 37 29 33 16 32 0 0.00 0.0 0 M M M M M M 19 315
30 34 26 30 13 35 0 0.04 0.7 0 M M M M M M 14 315
31 27 19 23 6 42 0 0.13 0.7 1 M M M M M M 6 22 360
================================================================================
SM 1112 769 1064 0 2.12 8.5 M M M
================================================================================
AV 35.9 24.8 M FASTST M M M MAX(MPH)
MISC ----> M M 38 270
================================================================================
NOTES:
# LAST OF SEVERAL OCCURRENCES
COLUMN 17 PEAK WIND IN M.P.H.
PRELIMINARY LOCAL CLIMATOLOGICAL DATA (WS FORM: F-6) , PAGE 2
STATION: MARQUETTE MI
MONTH: DECEMBER
YEAR: 2023
LATITUDE: 46 31 N
LONGITUDE: 87 33 W
[TEMPERATURE DATA] [PRECIPITATION DATA] SYMBOLS USED IN COLUMN 16
AVERAGE MONTHLY: 30.3 TOTAL FOR MONTH: 2.12 1 = FOG OR MIST
DPTR FM NORMAL: 10.1 DPTR FM NORMAL: -0.48 2 = FOG REDUCING VISIBILITY
HIGHEST: 53 ON 14 GRTST 24HR 0.48 ON 15-15 TO 1/4 MILE OR LESS
LOWEST: 9 ON 19, 2 3 = THUNDER
SNOW, ICE PELLETS, HAIL 4 = ICE PELLETS
TOTAL MONTH: 8.5 INCHES 5 = HAIL
GRTST 24HR 4.7 ON 18-18 6 = FREEZING RAIN OR DRIZZLE
GRTST DEPTH: 3 ON 7, 6 7 = DUSTSTORM OR SANDSTORM:
VSBY 1/2 MILE OR LESS
8 = SMOKE OR HAZE
[NO. OF DAYS WITH] [WEATHER - DAYS WITH] 9 = BLOWING SNOW
X = TORNADO
MAX 32 OR BELOW: 13 0.01 INCH OR MORE: 14
MAX 90 OR ABOVE: 0 0.10 INCH OR MORE: 7
MIN 32 OR BELOW: 24 0.50 INCH OR MORE: 0
MIN 0 OR BELOW: 0 1.00 INCH OR MORE: 0
[HDD (BASE 65) ]
TOTAL THIS MO. 1064 CLEAR (SCALE 0-3) 0
DPTR FM NORMAL -323 PTCLDY (SCALE 4-7) 0
TOTAL FM JUL 1 3027 CLOUDY (SCALE 8-10) 31
DPTR FM NORMAL -527
[CDD (BASE 65) ]
TOTAL THIS MO. 0
DPTR FM NORMAL 0 [PRESSURE DATA]
TOTAL FM JAN 1 278 HIGHEST SLP M ON M
DPTR FM NORMAL 41 LOWEST SLP M ON M
[REMARKS]
#FINAL-12-23#