000
CXUS53 KMKX 011426 CCB
CF6MSN
PRELIMINARY LOCAL CLIMATOLOGICAL DATA (WS FORM: F-6)
STATION: MADISON WI
MONTH: APRIL
YEAR: 2023
LATITUDE: 43 7 N
LONGITUDE: 89 20 W
TEMPERATURE IN F: :PCPN: SNOW: WIND :SUNSHINE: SKY :PK WND
================================================================================
1 2 3 4 5 6A 6B 7 8 9 10 11 12 13 14 15 16 17 18
12Z AVG MX 2MIN
DY MAX MIN AVG DEP HDD CDD WTR SNW DPTH SPD SPD DIR MIN PSBL S-S WX SPD DR
================================================================================
1 43 28 36 -5 29 0 0.02 0.1 0 9.0 24 340 M M 6 1 37 350
2 55 28 42 1 23 0 0.00 0.0 0 12.5 30 170 M M 6 38 170
3 56 34 45 4 20 0 0.17 0.0 0 3.3 10 200 M M 8 1 16 220
4 54 42 48 6 17 0 0.12 0.0 0 12.3 24 70 M M 10 13 33 70
5 56 32 44 2 21 0 0.23 0.0 0 8.6 26 310 M M 7 13 50 300
6 50 28 39 -4 26 0 0.00 0.0 0 8.3 23 290 M M 1 37 290
7 54 27 41 -2 24 0 0.00 0.0 0 8.3 21 130 M M 4 32 150
8 64 33 49 6 16 0 0.00 0.0 0 6.2 15 180 M M 7 21 200
9 68 36 52 8 13 0 0.00 0.0 0 9.2 20 190 M M 5 30 190
10 73 50 62 18 3 0 0.00 0.0 0 6.8 16 200 M M 3 23 190
11 76 51 64 19 1 0 0.00 0.0 0 6.1 16 240 M M 5 26 240
12 83 60 72 27 0 7 0.00 0.0 0 9.3 18 220 M M 0 33 230
13 82 57 70 25 0 5 0.00 0.0 0 8.1 20 190 M M 3 29 200
14 82 56 69 23 0 4 0.00 0.0 0 8.2 20 180 M M 5 27 180
15 82 53 68 22 0 3 0.33 0.0 0 6.9 22 180 M M 5 13 32 220
16 53 30 42 -4 23 0 0.56 0.2 0 8.3 16 290 M M 10 1 29 270
17 37 29 33 -14 32 0 0.10 1.0 1 12.8 23 310 M M 9 1 38 300
18 53 31 42 -5 23 0 0.00 0.0 0 5.9 15 330 M M 1 22 310
19 45 34 40 -8 25 0 0.13 T 0 13.0 28 100 M M 8 35 38 100
20 71 40 56 8 9 0 0.10 0.0 0 9.4 24 160 M M 8 13 33 160
21 53 39 46 -2 19 0 T 0.0 0 8.8 16 250 M M 6 30 230
22 44 32 38 -11 27 0 0.07 0.1 T 5.9 15 320 M M 7 1 24 270
23 43 31 37 -12 28 0 0.00 0.0 0 4.9 13 270 M M 9 21 250
24 50 27 39 -11 26 0 0.09 0.0 0 4.8 21 20 M M 6 27 300
25 47 32 40 -10 25 0 T 0.0 0 5.9 14 30 M M 8 17 20
26 54 26 40 -10 25 0 0.00 0.0 0 5.5 16 160 M M 3 20 160
27 66 38 52 1 13 0 0.00 0.0 0 9.5 18 190 M M 3 27 190
28 68 35 52 1 13 0 0.00 0.0 0 4.1 13 120 M M 5 17 100
29 53 40 47 -5 18 0 0.28 0.0 0 7.8 17 310 M M 8 15 29 320
30 42 36 39 -13 26 0 0.14 0.0 0 11.8 22 340 M M 10 18 35 330
================================================================================
SM 1757 1115 525 19 2.34 1.4 241.5 M 176
================================================================================
AV 58.6 37.2 8.0 FASTST M M 6 MAX(MPH)
MISC ----> 30 170 50 300
================================================================================
NOTES:
# LAST OF SEVERAL OCCURRENCES
COLUMN 17 PEAK WIND IN M.P.H.
PRELIMINARY LOCAL CLIMATOLOGICAL DATA (WS FORM: F-6) , PAGE 2
STATION: MADISON WI
MONTH: APRIL
YEAR: 2023
LATITUDE: 43 7 N
LONGITUDE: 89 20 W
[TEMPERATURE DATA] [PRECIPITATION DATA] SYMBOLS USED IN COLUMN 16
AVERAGE MONTHLY: 47.9 TOTAL FOR MONTH: 2.34 1 = FOG OR MIST
DPTR FM NORMAL: 1.6 DPTR FM NORMAL: -1.44 2 = FOG REDUCING VISIBILITY
HIGHEST: 83 ON 12 GRTST 24HR 0.88 ON 15-16 TO 1/4 MILE OR LESS
LOWEST: 26 ON 26 3 = THUNDER
SNOW, ICE PELLETS, HAIL 4 = ICE PELLETS
TOTAL MONTH: 1.4 INCHES 5 = HAIL
GRTST 24HR 1.0 ON 17-17 6 = FREEZING RAIN OR DRIZZLE
GRTST DEPTH: 1 ON 17 7 = DUSTSTORM OR SANDSTORM:
VSBY 1/2 MILE OR LESS
8 = SMOKE OR HAZE
[NO. OF DAYS WITH] [WEATHER - DAYS WITH] 9 = BLOWING SNOW
X = TORNADO
MAX 32 OR BELOW: 0 0.01 INCH OR MORE: 13
MAX 90 OR ABOVE: 0 0.10 INCH OR MORE: 10
MIN 32 OR BELOW: 13 0.50 INCH OR MORE: 1
MIN 0 OR BELOW: 0 1.00 INCH OR MORE: 0
[HDD (BASE 65) ]
TOTAL THIS MO. 525 CLEAR (SCALE 0-3) 7
DPTR FM NORMAL -37 PTCLDY (SCALE 4-7) 13
TOTAL FM JUL 1 6337 CLOUDY (SCALE 8-10) 10
DPTR FM NORMAL -501
[CDD (BASE 65) ]
TOTAL THIS MO. 19
DPTR FM NORMAL 17 [PRESSURE DATA]
TOTAL FM JAN 1 19 HIGHEST SLP M ON M
DPTR FM NORMAL 16 LOWEST SLP 29.29 ON 1
[REMARKS]
#FINAL-04-23#