000
CXUS55 KMSO 082052
CF6MSO
PRELIMINARY LOCAL CLIMATOLOGICAL DATA (WS FORM: F-6)
STATION: MISSOULA MT
MONTH: MAY
YEAR: 2023
LATITUDE: 46 55 N
LONGITUDE: 114 5 W
TEMPERATURE IN F: :PCPN: SNOW: WIND :SUNSHINE: SKY :PK WND
================================================================================
1 2 3 4 5 6A 6B 7 8 9 10 11 12 13 14 15 16 17 18
12Z AVG MX 2MIN
DY MAX MIN AVG DEP HDD CDD WTR SNW DPTH SPD SPD DIR MIN PSBL S-S WX SPD DR
================================================================================
1 90 44 67 19 0 2 0.00 0.0 0 8.9 26 70 M M 0 39 70
2 88 48 68 19 0 3 T 0.0 0 7.3 36 170 M M 1 3 46 180
3 85 53 69 20 0 4 0.00 0.0 0 4.6 14 140 M M 1 18 170
4 86 45 66 17 0 1 0.05 0.0 0 6.7 35 130 M M 2 38 46 130
5 67 49 58 8 7 0 0.39 0.0 0 8.7 24 40 M M 7 1 32 30
6 53 44 49 -1 16 0 0.45 0.0 0 4.3 14 10 M M 10 1 20 360
7 62 43 53 3 12 0 0.23 0.0 0 6.2 28 180 M M 10 13 37 170
8 64 44 54 3 11 0 0.04 0.0 0 4.7 18 170 M M 6 1 23 170
9 62 39 51 0 14 0 0.18 0.0 0 3.7 20 180 M M 7 1 25 170
10 68 44 56 5 9 0 0.00 0.0 0 3.2 9 270 M M 4 14 350
11 70 42 56 4 9 0 0.00 0.0 0 4.3 23 360 M M 0 32 10
12 76 40 58 6 7 0 T 0.0 0 4.7 20 50 M M 3 30 60
13 72 43 58 6 7 0 0.00 0.0 0 8.2 21 80 M M 6 8 29 110
14 75 54 65 12 0 0 0.00 0.0 0 13.0 24 120 M M 4 35 70
15 84 54 69 16 0 4 T 0.0 0 9.1 22 190 M M 1 3 30 200
16 79 48 64 11 1 0 0.00 0.0 0 4.1 18 240 M M 2 3 24 240
17 73 55 64 10 1 0 0.28 0.0 0 5.8 16 110 M M 4 138 23 100
18 81 46 64 10 1 0 0.00 0.0 0 3.8 13 290 M M 1 128 17 20
19 86 47 67 13 0 2 0.00 0.0 0 2.1 9 340 M M 0 8 11 260
20 88 51 70 16 0 5 0.00 0.0 0 3.1 14 10 M M 0 8 20 20
21 86 51 69 14 0 4 0.14 0.0 0 5.0 33 290 M M 1 38 48 300
22 68 48 58 3 7 0 0.25 0.0 0 7.9 25 310 M M 5 13 32 320
23 73 38 56 1 9 0 T 0.0 0 4.6 14 20 M M 2 20 10
24 75 52 64 9 1 0 T 0.0 0 7.7 21 170 M M 6 27 170
25 68 44 56 0 9 0 0.12 0.0 0 5.4 22 120 M M 7 1 28 120
26 69 52 61 5 4 0 0.21 0.0 0 5.7 16 320 M M 10 13 23 310
27 69 53 61 5 4 0 0.06 0.0 0 3.5 17 300 M M 9 1 22 340
28 68 53 61 5 4 0 0.13 0.0 0 3.7 10 320 M M 7 1 22 330
29 79 51 65 9 0 0 T 0.0 0 2.3 12 290 M M 4 16 290
30 83 47 65 9 0 0 0.00 0.0 0 4.3 15 10 M M 2 23 310
31 74 57 66 9 0 1 0.04 0.0 0 6.9 21 170 M M 6 26 190
================================================================================
SM 2321 1479 133 26 2.57 0.0 173.5 M 128
================================================================================
AV 74.9 47.7 5.6 FASTST M M 4 MAX(MPH)
MISC ----> 36 170 48 300
================================================================================
NOTES:
# LAST OF SEVERAL OCCURRENCES
COLUMN 17 PEAK WIND IN M.P.H.
PRELIMINARY LOCAL CLIMATOLOGICAL DATA (WS FORM: F-6) , PAGE 2
STATION: MISSOULA MT
MONTH: MAY
YEAR: 2023
LATITUDE: 46 55 N
LONGITUDE: 114 5 W
[TEMPERATURE DATA] [PRECIPITATION DATA] SYMBOLS USED IN COLUMN 16
AVERAGE MONTHLY: 61.3 TOTAL FOR MONTH: 2.57 1 = FOG OR MIST
DPTR FM NORMAL: 8.3 DPTR FM NORMAL: 0.80 2 = FOG REDUCING VISIBILITY
HIGHEST: 90 ON 1 GRTST 24HR 0.54 ON 5- 6 TO 1/4 MILE OR LESS
LOWEST: 38 ON 23 3 = THUNDER
SNOW, ICE PELLETS, HAIL 4 = ICE PELLETS
TOTAL MONTH: 0.0 INCH 5 = HAIL
GRTST 24HR 0.0 6 = FREEZING RAIN OR DRIZZLE
GRTST DEPTH: 0 7 = DUSTSTORM OR SANDSTORM:
VSBY 1/2 MILE OR LESS
8 = SMOKE OR HAZE
[NO. OF DAYS WITH] [WEATHER - DAYS WITH] 9 = BLOWING SNOW
X = TORNADO
MAX 32 OR BELOW: 0 0.01 INCH OR MORE: 14
MAX 90 OR ABOVE: 1 0.10 INCH OR MORE: 10
MIN 32 OR BELOW: 0 0.50 INCH OR MORE: 0
MIN 0 OR BELOW: 0 1.00 INCH OR MORE: 0
[HDD (BASE 65) ]
TOTAL THIS MO. 133 CLEAR (SCALE 0-3) 14
DPTR FM NORMAL -242 PTCLDY (SCALE 4-7) 13
TOTAL FM JUL 1 7090 CLOUDY (SCALE 8-10) 4
DPTR FM NORMAL -239
[CDD (BASE 65) ]
TOTAL THIS MO. 26
DPTR FM NORMAL 23 [PRESSURE DATA]
TOTAL FM JAN 1 26 HIGHEST SLP 30.44 ON 13
DPTR FM NORMAL 23 LOWEST SLP 29.48 ON 1
[REMARKS]
#FINAL-05-23#