000
CXUS55 KMSO 012050
CF6MSO
PRELIMINARY LOCAL CLIMATOLOGICAL DATA (WS FORM: F-6)
STATION: MISSOULA MT
MONTH: FEBRUARY
YEAR: 2022
LATITUDE: 46 55 N
LONGITUDE: 114 5 W
TEMPERATURE IN F: :PCPN: SNOW: WIND :SUNSHINE: SKY :PK WND
================================================================================
1 2 3 4 5 6A 6B 7 8 9 10 11 12 13 14 15 16 17 18
12Z AVG MX 2MIN
DY MAX MIN AVG DEP HDD CDD WTR SNW DPTH SPD SPD DIR MIN PSBL S-S WX SPD DR
================================================================================
1 27 15 21 -5 44 0 0.05 0.4 8 3.1 17 120 M M 7 18 20 110
2 16 2 9 -18 56 0 T 0.1 8 7.9 22 110 M M 8 8 29 80
3 23 9 16 -11 49 0 0.03 0.4 9 1.1 6 160 M M 10 18 7 280
4 41 22 32 5 33 0 0.00 0.0 9 3.6 20 270 M M 9 8 27 300
5 44 30 37 10 28 0 T T 9 9.0 25 280 M M 7 31 280
6 44 21 33 6 32 0 0.00 0.0 8 2.1 8 120 M M 2 9 130
7 51 14 33 6 32 0 0.00 0.0 7 5.9 32 280 M M 1 18 44 290
8 45 25 35 8 30 0 0.00 0.0 7 5.7 14 330 M M 5 21 340
9 45 35 40 12 25 0 0.00 0.0 7 2.9 10 290 M M 10 11 330
10 54 35 45 17 20 0 0.00 0.0 6 2.9 15 280 M M 5 21 280
11 48 26 37 9 28 0 0.00 0.0 5 5.5 15 360 M M 0 22 360
12 40 16 28 0 37 0 0.00 0.0 4 0.6 7 330 M M 0 8 330
13 40 16 28 0 37 0 0.00 0.0 4 0.7 6 290 M M 0 18 7 150
14 46 24 35 7 30 0 0.11 0.0 4 3.0 21 360 M M 6 18 29 350
15 38 28 33 4 32 0 0.01 0.2 3 2.6 12 250 M M 9 12 14 330
16 34 24 29 0 36 0 0.19 3.2 3 3.9 15 110 M M 9 12 21 110
17 40 16 28 -1 37 0 T T 5 3.2 14 300 M M 10 128 18 310
18 47 35 41 11 24 0 0.00 0.0 5 5.3 14 280 M M 9 17 290
19 51 26 39 9 26 0 0.00 0.0 2 4.9 32 270 M M 7 42 240
20 42 29 36 6 29 0 0.04 0.1 2 4.6 22 310 M M 9 1 36 330
21 31 6 19 -11 46 0 0.05 0.8 1 17.5 26 100 M M 9 18 37 110
22 13 0 7 -23 58 0 0.00 0.0 1 19.6 33 110 M M 1 45 110
23 13 -6 4 -27 61 0 0.00 0.0 T 4.5 17 110 M M 1 21 110
24 25 5 15 -16 50 0 0.02 0.2 T 5.0 16 360 M M 6 18 22 10
25 29 5 17 -14 48 0 0.00 0.0 T 2.5 10 320 M M 2 14 320
26 34 8 21 -11 44 0 0.00 0.0 T 1.6 9 330 M M 0 10 330
27 42 13 28 -4 37 0 T 0.0 T 2.6 12 250 M M 7 14 240
28 49 34 42 10 23 0 0.23 0.0 T 3.0 15 210 M M 10 12 23 210
================================================================================
SM 1052 513 1032 0 0.73 5.4 134.8 M 159
================================================================================
AV 37.6 18.3 4.8 FASTST M M 6 MAX(MPH)
MISC ----> 33 110 45 110
================================================================================
NOTES:
# LAST OF SEVERAL OCCURRENCES
COLUMN 17 PEAK WIND IN M.P.H.
PRELIMINARY LOCAL CLIMATOLOGICAL DATA (WS FORM: F-6) , PAGE 2
STATION: MISSOULA MT
MONTH: FEBRUARY
YEAR: 2022
LATITUDE: 46 55 N
LONGITUDE: 114 5 W
[TEMPERATURE DATA] [PRECIPITATION DATA] SYMBOLS USED IN COLUMN 16
AVERAGE MONTHLY: 27.9 TOTAL FOR MONTH: 0.73 1 = FOG OR MIST
DPTR FM NORMAL: -1.1 DPTR FM NORMAL: -0.15 2 = FOG REDUCING VISIBILITY
HIGHEST: 54 ON 10 GRTST 24HR 0.23 ON 27-28 TO 1/4 MILE OR LESS
LOWEST: -6 ON 23 3 = THUNDER
SNOW, ICE PELLETS, HAIL 4 = ICE PELLETS
TOTAL MONTH: 5.7 INCHES 5 = HAIL
GRTST 24HR 3.2 ON 16-16 6 = FREEZING RAIN OR DRIZZLE
GRTST DEPTH: 9 ON 5, 4 7 = DUSTSTORM OR SANDSTORM:
VSBY 1/2 MILE OR LESS
8 = SMOKE OR HAZE
[NO. OF DAYS WITH] [WEATHER - DAYS WITH] 9 = BLOWING SNOW
X = TORNADO
MAX 32 OR BELOW: 8 0.01 INCH OR MORE: 9
MAX 90 OR ABOVE: 0 0.10 INCH OR MORE: 3
MIN 32 OR BELOW: 24 0.50 INCH OR MORE: 0
MIN 0 OR BELOW: 2 1.00 INCH OR MORE: 0
[HDD (BASE 65) ]
TOTAL THIS MO. 1032 CLEAR (SCALE 0-3) 9
DPTR FM NORMAL 23 PTCLDY (SCALE 4-7) 9
TOTAL FM JUL 1 5093 CLOUDY (SCALE 8-10) 10
DPTR FM NORMAL -379
[CDD (BASE 65) ]
TOTAL THIS MO. 0
DPTR FM NORMAL 0 [PRESSURE DATA]
TOTAL FM JAN 1 0 HIGHEST SLP 30.63 ON 26
DPTR FM NORMAL 0 LOWEST SLP 29.67 ON 20
[REMARKS]
#FINAL-02-22#