000
CDUS43 KMPX 230657
CLIMSP


CLIMATE REPORT
NATIONAL WEATHER SERVICE CHANHASSEN MN
1256 AM CST TUE JAN 23 2018


...................................

...THE TWIN CITIES MN CLIMATE SUMMARY FOR JANUARY 22 2018...

CLIMATE NORMAL PERIOD 1981 TO 2010
CLIMATE RECORD PERIOD 1871 TO 2018


WEATHER ITEM   OBSERVED TIME   RECORD YEAR NORMAL DEPARTURE LAST
                VALUE   (LST)  VALUE       VALUE  FROM      YEAR
                                                  NORMAL
..................................................................
TEMPERATURE (F)
 YESTERDAY
  MAXIMUM         35    105 AM  51    1942  24     11       40
                                      1900
  MINIMUM         26   1159 PM -34    1936   7     19       34
  AVERAGE         31                        15     16       37

PRECIPITATION (IN)
  YESTERDAY        1.03R         0.89 1982   0.03   1.00      T
  MONTH TO DATE    1.41                      0.66   0.75     0.77
  SINCE DEC 1      2.20                      1.82   0.38     2.91
  SINCE JAN 1      1.41                      0.66   0.75     0.77

SNOWFALL (IN)
  YESTERDAY       12.4          17.2  1982   0.4   12.0      0.0
  MONTH TO DATE   18.2                       8.8    9.4      5.6
  SINCE DEC 1     24.6                      20.7    3.9     21.4
  SINCE JUL 1     25.3                      30.6   -5.3     23.7
  SNOW DEPTH       1

DEGREE DAYS
 HEATING
  YESTERDAY       34                        50    -16       28
  MONTH TO DATE 1101                      1093      8     1037
  SINCE DEC 1   2524                      2497     27     2395
  SINCE JUL 1   3934                      4116   -182     3439

 COOLING
  YESTERDAY        0                         0      0        0
  MONTH TO DATE    0                         0      0        0
  SINCE DEC 1      0                         0      0        0
  SINCE JAN 1      0                         0      0        0
..................................................................


WIND (MPH)
  HIGHEST WIND SPEED    28   HIGHEST WIND DIRECTION     N (10)
  HIGHEST GUST SPEED    34   HIGHEST GUST DIRECTION     N (10)
  AVERAGE WIND SPEED    18.3


SKY COVER
  POSSIBLE SUNSHINE  MM
  AVERAGE SKY COVER 1.0


WEATHER CONDITIONS
 THE FOLLOWING WEATHER WAS RECORDED YESTERDAY.
  HEAVY SNOW
  SNOW
  LIGHT SNOW
  FOG
  BLOWING SNOW


RELATIVE HUMIDITY (PERCENT)
 HIGHEST   100           300 PM
 LOWEST     82          1200 AM
 AVERAGE    91

..........................................................


THE TWIN CITIES MN CLIMATE NORMALS FOR TODAY
                         NORMAL    RECORD    YEAR
 MAXIMUM TEMPERATURE (F)   24        53      1942
 MINIMUM TEMPERATURE (F)    7       -34      1886


SUNRISE AND SUNSET
JANUARY 23 2018.......SUNRISE   741 AM CST   SUNSET   509 PM CST
JANUARY 24 2018.......SUNRISE   740 AM CST   SUNSET   510 PM CST


-  INDICATES NEGATIVE NUMBERS.
R  INDICATES RECORD WAS SET OR TIED.
MM INDICATES DATA IS MISSING.
T  INDICATES TRACE AMOUNT.




$$
