000
CDUS43 KMPX 290626
CLIMSP


CLIMATE REPORT
NATIONAL WEATHER SERVICE CHANHASSEN MN
125 AM CDT FRI MAY 29 2015


...................................

...THE TWIN CITIES MN CLIMATE SUMMARY FOR MAY 28 2015...

CLIMATE NORMAL PERIOD 1981 TO 2010
CLIMATE RECORD PERIOD 1871 TO 2015


WEATHER ITEM   OBSERVED TIME   RECORD YEAR NORMAL DEPARTURE LAST
                VALUE   (LST)  VALUE       VALUE  FROM      YEAR
                                                  NORMAL
..................................................................
TEMPERATURE (F)
 YESTERDAY
  MAXIMUM         84    317 PM  98    1934  73     11       81
  MINIMUM         62    432 AM  36    1965  53      9       58
                                      1889
  AVERAGE         73                        63     10       70

PRECIPITATION (IN)
  YESTERDAY        0.00          2.08 1899   0.11  -0.11     0.00
  MONTH TO DATE    3.01                      3.03  -0.02     3.90
  SINCE MAR 1      6.10                      7.58  -1.48    10.99
  SINCE JAN 1      6.79                      9.25  -2.46    13.82

SNOWFALL (IN)
  YESTERDAY        0.0           T    1965   0.0    0.0      0.0
  MONTH TO DATE    0.0                       0.0    0.0      0.0
  SINCE MAR 1      7.1                      12.7   -5.6     11.7
  SINCE JUL 1     32.4                      54.4  -22.0     69.8
  SNOW DEPTH       0

DEGREE DAYS
 HEATING
  YESTERDAY        0                         4     -4        0
  MONTH TO DATE  177                       206    -29      244
  SINCE MAR 1   1534                      1734   -200     2123
  SINCE JUL 1   7499                      7524    -25     8576

 COOLING
  YESTERDAY        8                         2      6        5
  MONTH TO DATE   27                        32     -5       23
  SINCE MAR 1     27                        37    -10       23
  SINCE JAN 1     27                        37    -10       23
..................................................................


WIND (MPH)
  HIGHEST WIND SPEED    24   HIGHEST WIND DIRECTION     S (170)
  HIGHEST GUST SPEED    30   HIGHEST GUST DIRECTION     S (170)
  AVERAGE WIND SPEED     9.8


SKY COVER
  POSSIBLE SUNSHINE  MM
  AVERAGE SKY COVER 0.5


WEATHER CONDITIONS
 THE FOLLOWING WEATHER WAS RECORDED YESTERDAY.
  HAZE


RELATIVE HUMIDITY (PERCENT)
 HIGHEST    78           300 AM
 LOWEST     31           400 PM
 AVERAGE    55

..........................................................


THE TWIN CITIES MN CLIMATE NORMALS FOR TODAY
                         NORMAL    RECORD    YEAR
 MAXIMUM TEMPERATURE (F)   73        94      2006
 MINIMUM TEMPERATURE (F)   53        33      1965


SUNRISE AND SUNSET
MAY 29 2015...........SUNRISE   532 AM CDT   SUNSET   849 PM CDT
MAY 30 2015...........SUNRISE   531 AM CDT   SUNSET   850 PM CDT


-  INDICATES NEGATIVE NUMBERS.
R  INDICATES RECORD WAS SET OR TIED.
MM INDICATES DATA IS MISSING.
T  INDICATES TRACE AMOUNT.




$$
