000
CDUS43 KMPX 120628
CLIMSP


CLIMATE REPORT
NATIONAL WEATHER SERVICE CHANHASSEN MN
1227 AM CST FRI FEB 12 2016


...................................

...THE TWIN CITIES MN CLIMATE SUMMARY FOR FEBRUARY 11 2016...

CLIMATE NORMAL PERIOD 1981 TO 2010
CLIMATE RECORD PERIOD 1871 TO 2016


WEATHER ITEM   OBSERVED TIME   RECORD YEAR NORMAL DEPARTURE LAST
                VALUE   (LST)  VALUE       VALUE  FROM      YEAR
                                                  NORMAL
..................................................................
TEMPERATURE (F)
 YESTERDAY
  MAXIMUM         17    341 PM  57    1882  28    -11       30
  MINIMUM          2    505 AM -31    1899  11     -9        2
  AVERAGE         10                        19     -9       16

PRECIPITATION (IN)
  YESTERDAY        0.01          0.28 1965   0.02  -0.01     0.01
                                      1940
  MONTH TO DATE    0.61                      0.25   0.36     0.23
  SINCE DEC 1      3.24                      2.31   0.93     1.43
  SINCE JAN 1      0.92                      1.15  -0.23     0.57

SNOWFALL (IN)
  YESTERDAY        0.9           4.1  1979   0.2    0.7      0.1
  MONTH TO DATE   11.0                       2.9    8.1      3.3
  SINCE DEC 1     24.6                      27.0   -2.4     14.3
  SINCE JUL 1     29.7                      36.9   -7.2     23.7
  SNOW DEPTH       2

DEGREE DAYS
 HEATING
  YESTERDAY       55                        46      9       49
  MONTH TO DATE  503                       517    -14      523
  SINCE DEC 1   3037                      3452   -415     3194
  SINCE JUL 1   4212                      5071   -859     4987

 COOLING
  YESTERDAY        0                         0      0        0
  MONTH TO DATE    0                         0      0        0
  SINCE DEC 1      0                         0      0        0
  SINCE JAN 1      0                         0      0        0
..................................................................


WIND (MPH)
  HIGHEST WIND SPEED    12   HIGHEST WIND DIRECTION    SW (230)
  HIGHEST GUST SPEED    15   HIGHEST GUST DIRECTION    SW (240)
  AVERAGE WIND SPEED     4.0


SKY COVER
  POSSIBLE SUNSHINE  MM
  AVERAGE SKY COVER 0.6


WEATHER CONDITIONS
 THE FOLLOWING WEATHER WAS RECORDED YESTERDAY.
  LIGHT SNOW
  HAZE


RELATIVE HUMIDITY (PERCENT)
 HIGHEST    80           900 PM
 LOWEST     42           100 PM
 AVERAGE    61

..........................................................


THE TWIN CITIES MN CLIMATE NORMALS FOR TODAY
                         NORMAL    RECORD    YEAR
 MAXIMUM TEMPERATURE (F)   28        59      1990
 MINIMUM TEMPERATURE (F)   12       -30      1875


SUNRISE AND SUNSET
FEBRUARY 12 2016......SUNRISE   719 AM CST   SUNSET   536 PM CST
FEBRUARY 13 2016......SUNRISE   717 AM CST   SUNSET   538 PM CST


-  INDICATES NEGATIVE NUMBERS.
R  INDICATES RECORD WAS SET OR TIED.
MM INDICATES DATA IS MISSING.
T  INDICATES TRACE AMOUNT.




$$
