000
CDUS43 KMPX 240101
CLIMSP


CLIMATE REPORT
NATIONAL WEATHER SERVICE CHANHASSEN MN
801 PM CDT SAT JUL 23 2016


...................................

...THE TWIN CITIES MN CLIMATE SUMMARY FOR JULY 23 2016...
VALID TODAY AS OF 0800 PM LOCAL TIME.

CLIMATE NORMAL PERIOD 1981 TO 2010
CLIMATE RECORD PERIOD 1871 TO 2016


WEATHER ITEM   OBSERVED TIME   RECORD YEAR NORMAL DEPARTURE LAST
                VALUE   (LST)  VALUE       VALUE  FROM      YEAR
                                                  NORMAL
..................................................................
TEMPERATURE (F)
 TODAY
  MAXIMUM         82    836 AM 105    1934  83     -1       84
  MINIMUM         71    357 PM  47    1876  64      7       67
  AVERAGE         77                        74      3       76

PRECIPITATION (IN)
  TODAY            2.17          9.15 1987   0.12   2.05     0.00
  MONTH TO DATE    4.61                      2.95   1.66     5.80
  SINCE JUN 1      9.10                      7.20   1.90    10.20
  SINCE JAN 1     18.02                     16.78   1.24    17.53

SNOWFALL (IN)
  TODAY            0.0           0.0    MM   0.0    0.0      0.0
  MONTH TO DATE    0.0                       0.0    0.0      0.0
  SINCE JUN 1      0.0                       0.0    0.0      0.0
  SINCE JUL 1      0.0                       0.0    0.0      0.0
  SNOW DEPTH       0

DEGREE DAYS
 HEATING
  TODAY            0                         0      0        0
  MONTH TO DATE    1                         0      1        2
  SINCE JUN 1      8                        44    -36        9
  SINCE JUL 1      1                         0      1        2

 COOLING
  TODAY           12                         9      3       11
  MONTH TO DATE  241                       205     36      173
  SINCE JUN 1    444                       363     81      329
  SINCE JAN 1    520                       405    115      356
..................................................................


WIND (MPH)
  HIGHEST WIND SPEED    23   HIGHEST WIND DIRECTION     S (200)
  HIGHEST GUST SPEED    32   HIGHEST GUST DIRECTION     S (190)
  AVERAGE WIND SPEED     8.8


SKY COVER
  POSSIBLE SUNSHINE  MM
  AVERAGE SKY COVER 0.8


WEATHER CONDITIONS
 THE FOLLOWING WEATHER WAS RECORDED TODAY.
  THUNDERSTORM
  HEAVY RAIN
  RAIN
  LIGHT RAIN
  FOG


RELATIVE HUMIDITY (PERCENT)
 HIGHEST    93          1200 PM
 LOWEST     62          1200 AM
 AVERAGE    78

..........................................................


THE TWIN CITIES MN CLIMATE NORMALS FOR TOMORROW
                         NORMAL    RECORD    YEAR
 MAXIMUM TEMPERATURE (F)   83       104      1941
 MINIMUM TEMPERATURE (F)   64        49      1891


SUNRISE AND SUNSET
JULY 23 2016..........SUNRISE   549 AM CDT   SUNSET   849 PM CDT
JULY 24 2016..........SUNRISE   550 AM CDT   SUNSET   848 PM CDT


-  INDICATES NEGATIVE NUMBERS.
R  INDICATES RECORD WAS SET OR TIED.
MM INDICATES DATA IS MISSING.
T  INDICATES TRACE AMOUNT.




$$
