977
CDUS43 KMPX 250642
CLIMSP


CLIMATE REPORT
NATIONAL WEATHER SERVICE CHANHASSEN MN
1241 AM CST SAT FEB 25 2017


...................................

...THE TWIN CITIES MN CLIMATE SUMMARY FOR FEBRUARY 24 2017...

CLIMATE NORMAL PERIOD 1981 TO 2010
CLIMATE RECORD PERIOD 1871 TO 2017


WEATHER ITEM   OBSERVED TIME   RECORD YEAR NORMAL DEPARTURE LAST
                VALUE   (LST)  VALUE       VALUE  FROM      YEAR
                                                  NORMAL
..................................................................
TEMPERATURE (F)
 YESTERDAY
  MAXIMUM         29    135 AM  59    1880  32     -3       38
  MINIMUM         20   1159 PM -20    1967  16      4       30
  AVERAGE         25                        24      1       34

PRECIPITATION (IN)
  YESTERDAY        0.00          1.90 1930   0.04  -0.04      T
  MONTH TO DATE    0.64                      0.62   0.02     1.06
  SINCE DEC 1      3.76                      2.68   1.08     3.69
  SINCE JAN 1      1.62                      1.52   0.10     1.37

SNOWFALL (IN)
  YESTERDAY        0.0           4.8  2007   0.3   -0.3       T
  MONTH TO DATE    0.3                       6.5   -6.2     12.0
  SINCE DEC 1     24.5                      30.6   -6.1     25.6
  SINCE JUL 1     26.8                      40.5  -13.7     30.7
  SNOW DEPTH       0

DEGREE DAYS
 HEATING
  YESTERDAY       40                        41     -1       31
  MONTH TO DATE  808                      1078   -270     1006
  SINCE DEC 1   3526                      4013   -487     3540
  SINCE JUL 1   4570                      5632  -1062     4715

 COOLING
  YESTERDAY        0                         0      0        0
  MONTH TO DATE    0                         0      0        0
  SINCE DEC 1      0                         0      0        0
  SINCE JAN 1      0                         0      0        0
..................................................................


WIND (MPH)
  HIGHEST WIND SPEED    25   HIGHEST WIND DIRECTION     N (20)
  HIGHEST GUST SPEED    32   HIGHEST GUST DIRECTION     N (350)
  AVERAGE WIND SPEED    18.8


SKY COVER
  POSSIBLE SUNSHINE  MM
  AVERAGE SKY COVER 0.9


WEATHER CONDITIONS
 THE FOLLOWING WEATHER WAS RECORDED YESTERDAY.
  NO SIGNIFICANT WEATHER WAS OBSERVED.


RELATIVE HUMIDITY (PERCENT)
 HIGHEST    75          1200 AM
 LOWEST     50           500 PM
 AVERAGE    63

..........................................................


THE TWIN CITIES MN CLIMATE NORMALS FOR TODAY
                         NORMAL    RECORD    YEAR
 MAXIMUM TEMPERATURE (F)   32        58      1976
 MINIMUM TEMPERATURE (F)   17       -23      1967


SUNRISE AND SUNSET
FEBRUARY 25 2017......SUNRISE   657 AM CST   SUNSET   555 PM CST
FEBRUARY 26 2017......SUNRISE   655 AM CST   SUNSET   557 PM CST


-  INDICATES NEGATIVE NUMBERS.
R  INDICATES RECORD WAS SET OR TIED.
MM INDICATES DATA IS MISSING.
T  INDICATES TRACE AMOUNT.




$$
