000
CDUS43 KMPX 292128
CLIMSP


CLIMATE REPORT
NATIONAL WEATHER SERVICE CHANHASSEN MN
428 PM CDT WED JUL 29 2015


...................................

...THE TWIN CITIES MN CLIMATE SUMMARY FOR JULY 29 2015...
VALID AS OF 0400 PM LOCAL TIME.

CLIMATE NORMAL PERIOD 1981 TO 2010
CLIMATE RECORD PERIOD 1871 TO 2015


WEATHER ITEM   OBSERVED TIME   RECORD YEAR NORMAL DEPARTURE LAST
                VALUE   (LST)  VALUE       VALUE  FROM      YEAR
                                                  NORMAL
..................................................................
TEMPERATURE (F)
 TODAY
  MAXIMUM         82    259 PM  98    1999  83     -1       81
                                      1975
                                      1933
  MINIMUM         66    550 AM  47    1971  64      2       59
  AVERAGE         74                        73      1       70

PRECIPITATION (IN)
  TODAY            0.00          1.11 1989   0.14  -0.14     0.00
  MONTH TO DATE    7.32                      3.76   3.56     2.27
  SINCE JUN 1     11.72                      8.01   3.71    13.63
  SINCE JAN 1     19.05                     17.59   1.46    28.10

SNOWFALL (IN)
  TODAY            0.0           0.0    MM   0.0    0.0      0.0
  MONTH TO DATE    0.0                       0.0    0.0      0.0
  SINCE JUN 1      0.0                       0.0    0.0      0.0
  SINCE JUL 1      0.0                       0.0    0.0      0.0
  SNOW DEPTH       0

DEGREE DAYS
 HEATING
  TODAY            0                         0      0        0
  MONTH TO DATE    2                         0      2        7
  SINCE JUN 1      9                        44    -35       28
  SINCE JUL 1      2                         0      2        7

 COOLING
  TODAY            9                         8      1        5
  MONTH TO DATE  249                       258     -9      201
  SINCE JUN 1    405                       416    -11      363
  SINCE JAN 1    432                       458    -26      415
..................................................................


WIND (MPH)
  HIGHEST WIND SPEED    31   HIGHEST WIND DIRECTION     W (270)
  HIGHEST GUST SPEED    39   HIGHEST GUST DIRECTION     W (270)
  AVERAGE WIND SPEED    17.3


SKY COVER
  POSSIBLE SUNSHINE  MM
  AVERAGE SKY COVER 0.2


WEATHER CONDITIONS
 THE FOLLOWING WEATHER WAS RECORDED TODAY.
  NO SIGNIFICANT WEATHER WAS OBSERVED.


RELATIVE HUMIDITY (PERCENT)
 HIGHEST    70           100 AM
 LOWEST     37           200 PM
 AVERAGE    54

..........................................................


THE TWIN CITIES MN CLIMATE NORMALS FOR TOMORROW
                         NORMAL    RECORD    YEAR
 MAXIMUM TEMPERATURE (F)   83       100      1933
 MINIMUM TEMPERATURE (F)   64        50      1971
                                             1889


SUNRISE AND SUNSET
JULY 29 2015..........SUNRISE   555 AM CDT   SUNSET   843 PM CDT
JULY 30 2015..........SUNRISE   556 AM CDT   SUNSET   842 PM CDT


-  INDICATES NEGATIVE NUMBERS.
R  INDICATES RECORD WAS SET OR TIED.
MM INDICATES DATA IS MISSING.
T  INDICATES TRACE AMOUNT.




$$
