000
CDUS43 KMPX 202135
CLIMSP


CLIMATE REPORT
NATIONAL WEATHER SERVICE CHANHASSEN MN
435 PM CDT WED AUG 20 2014


...................................

...THE TWIN CITIES MN CLIMATE SUMMARY FOR AUGUST 20 2014...
VALID AS OF 0400 PM LOCAL TIME.

CLIMATE NORMAL PERIOD 1981 TO 2010
CLIMATE RECORD PERIOD 1871 TO 2014


WEATHER ITEM   OBSERVED TIME   RECORD YEAR NORMAL DEPARTURE LAST
                VALUE   (LST)  VALUE       VALUE  FROM      YEAR
                                                  NORMAL
..................................................................
TEMPERATURE (F)
 TODAY
  MAXIMUM         82    255 PM  97    1972  80      2       90
  MINIMUM         65    524 AM  40    1950  62      3       71
  AVERAGE         74                        71      3       81

PRECIPITATION (IN)
  TODAY            0.00          2.23 1891   0.14  -0.14     0.00
  MONTH TO DATE    1.22                      2.91  -1.69     1.98
  SINCE JUN 1     14.85                     11.20   3.65    10.66
  SINCE JAN 1     29.32                     20.78   8.54    26.35

SNOWFALL (IN)
  TODAY            0.0           0.0    MM   0.0    0.0      0.0
  MONTH TO DATE    0.0                       0.0    0.0       T
  SINCE JUN 1      0.0                       0.0    0.0       T
  SINCE JUL 1      0.0                       0.0    0.0       T
  SNOW DEPTH       0

DEGREE DAYS
 HEATING
  TODAY            0                         0      0        0
  MONTH TO DATE    0                         0      0        0
  SINCE JUN 1     28                        49    -21       50
  SINCE JUL 1      7                         5      2        8

 COOLING
  TODAY            9                         6      3       16
  MONTH TO DATE  181                       146     35      119
  SINCE JUN 1    560                       580    -20      605
  SINCE JAN 1    612                       622    -10      658
..................................................................


WIND (MPH)
  HIGHEST WIND SPEED    13   HIGHEST WIND DIRECTION    SE (140)
  HIGHEST GUST SPEED    19   HIGHEST GUST DIRECTION    SE (120)
  AVERAGE WIND SPEED     5.0


SKY COVER
  POSSIBLE SUNSHINE  MM
  AVERAGE SKY COVER 0.4


WEATHER CONDITIONS
 THE FOLLOWING WEATHER WAS RECORDED TODAY.
  FOG


RELATIVE HUMIDITY (PERCENT)
 HIGHEST    93           300 AM
 LOWEST     55           300 PM
 AVERAGE    74

..........................................................


THE TWIN CITIES MN CLIMATE NORMALS FOR TOMORROW
                         NORMAL    RECORD    YEAR
 MAXIMUM TEMPERATURE (F)   80        98      1947
 MINIMUM TEMPERATURE (F)   61        44      2004


SUNRISE AND SUNSET
AUGUST 20 2014........SUNRISE   621 AM CDT   SUNSET   811 PM CDT
AUGUST 21 2014........SUNRISE   622 AM CDT   SUNSET   809 PM CDT


-  INDICATES NEGATIVE NUMBERS.
R  INDICATES RECORD WAS SET OR TIED.
MM INDICATES DATA IS MISSING.
T  INDICATES TRACE AMOUNT.




$$
