000
CDUS43 KMPX 260738
CLIMSP


CLIMATE REPORT
NATIONAL WEATHER SERVICE CHANHASSEN MN
237 AM CDT THU MAY 26 2016


...................................

...THE TWIN CITIES MN CLIMATE SUMMARY FOR MAY 25 2016...

CLIMATE NORMAL PERIOD 1981 TO 2010
CLIMATE RECORD PERIOD 1871 TO 2016


WEATHER ITEM   OBSERVED TIME   RECORD YEAR NORMAL DEPARTURE LAST
                VALUE   (LST)  VALUE       VALUE  FROM      YEAR
                                                  NORMAL
..................................................................
TEMPERATURE (F)
 YESTERDAY
  MAXIMUM         76    602 PM  94    1978  72      4       73
  MINIMUM         66   1147 PM  33    1901  52     14       57
  AVERAGE         71                        62      9       65

PRECIPITATION (IN)
  YESTERDAY        0.33          1.88 1942   0.11   0.22     0.16
  MONTH TO DATE    1.58                      2.71  -1.13     2.42
  SINCE MAR 1      6.68                      7.26  -0.58     5.51
  SINCE JAN 1      8.08                      8.93  -0.85     6.20

SNOWFALL (IN)
  YESTERDAY       MM             0.1  1925   0.0   MM        0.0
  MONTH TO DATE    0.0                       0.0    0.0      0.0
  SINCE MAR 1      5.9                      12.7   -6.8      7.1
  SINCE JUL 1     36.7                      54.4  -17.7     32.4
  SNOW DEPTH      MM

DEGREE DAYS
 HEATING
  YESTERDAY        0                         5     -5        0
  MONTH TO DATE  174                       193    -19      172
  SINCE MAR 1   1411                      1721   -310     1529
  SINCE JUL 1   6276                      7511  -1235     7494

 COOLING
  YESTERDAY        6                         2      4        0
  MONTH TO DATE   44                        26     18       14
  SINCE MAR 1     52                        31     21       14
  SINCE JAN 1     52                        31     21       14
..................................................................


WIND (MPH)
  HIGHEST WIND SPEED    29   HIGHEST WIND DIRECTION     S (170)
  HIGHEST GUST SPEED    36   HIGHEST GUST DIRECTION     S (170)
  AVERAGE WIND SPEED     9.1


SKY COVER
  POSSIBLE SUNSHINE  MM
  AVERAGE SKY COVER 0.7


WEATHER CONDITIONS
 THE FOLLOWING WEATHER WAS RECORDED YESTERDAY.
  THUNDERSTORM
  LIGHT RAIN


RELATIVE HUMIDITY (PERCENT)
 HIGHEST    87           900 AM
 LOWEST     64           600 PM
 AVERAGE    76

..........................................................


THE TWIN CITIES MN CLIMATE NORMALS FOR TODAY
                         NORMAL    RECORD    YEAR
 MAXIMUM TEMPERATURE (F)   72        96      1978
 MINIMUM TEMPERATURE (F)   52        34      1992


SUNRISE AND SUNSET
MAY 26 2016...........SUNRISE   533 AM CDT   SUNSET   847 PM CDT
MAY 27 2016...........SUNRISE   533 AM CDT   SUNSET   848 PM CDT


-  INDICATES NEGATIVE NUMBERS.
R  INDICATES RECORD WAS SET OR TIED.
MM INDICATES DATA IS MISSING.
T  INDICATES TRACE AMOUNT.




$$
