000
CDUS43 KMPX 290823
CLIMSP


CLIMATE REPORT
NATIONAL WEATHER SERVICE CHANHASSEN MN
319 AM CDT SUN MAR 29 2015


...................................

...THE TWIN CITIES MN CLIMATE SUMMARY FOR MARCH 28 2015...

CLIMATE NORMAL PERIOD 1981 TO 2010
CLIMATE RECORD PERIOD 1871 TO 2015


WEATHER ITEM   OBSERVED TIME   RECORD YEAR NORMAL DEPARTURE LAST
                VALUE   (LST)  VALUE       VALUE  FROM      YEAR
                                                  NORMAL
..................................................................
TEMPERATURE (F)
 YESTERDAY
  MAXIMUM         41    446 PM  78    1946  48     -7       38
  MINIMUM         20    615 AM  -1    1923  29     -9       27
  AVERAGE         31                        38     -7       33

PRECIPITATION (IN)
  YESTERDAY        0.00          1.08 1896   0.06  -0.06     0.00
  MONTH TO DATE    0.48                      1.67  -1.19     0.81
  SINCE MAR 1      0.48                      1.67  -1.19     0.81
  SINCE JAN 1      1.17                      3.34  -2.17     3.64

SNOWFALL (IN)
  YESTERDAY        0.0           6.5  1894   0.3   -0.3      0.0
  MONTH TO DATE    6.8                       9.8   -3.0      4.7
  SINCE MAR 1      6.8                       9.8   -3.0      4.7
  SINCE JUL 1     32.1                      51.5  -19.4     62.8
  SNOW DEPTH       0

DEGREE DAYS
 HEATING
  YESTERDAY       34                        27      7       32
  MONTH TO DATE  851                       922    -71     1147
  SINCE MAR 1    851                       922    -71     1147
  SINCE JUL 1   6816                      6712    104     7600

 COOLING
  YESTERDAY        0                         0      0        0
  MONTH TO DATE    0                         0      0        0
  SINCE MAR 1      0                         0      0        0
  SINCE JAN 1      0                         0      0        0
..................................................................


WIND (MPH)
  HIGHEST WIND SPEED    22   HIGHEST WIND DIRECTION     S (160)
  HIGHEST GUST SPEED    27   HIGHEST GUST DIRECTION     S (160)
  AVERAGE WIND SPEED    11.0


SKY COVER
  POSSIBLE SUNSHINE  MM
  AVERAGE SKY COVER 0.3


WEATHER CONDITIONS
 THE FOLLOWING WEATHER WAS RECORDED YESTERDAY.
  NO SIGNIFICANT WEATHER WAS OBSERVED.


RELATIVE HUMIDITY (PERCENT)
 HIGHEST    62           600 AM
 LOWEST     34          1200 PM
 AVERAGE    48

..........................................................


THE TWIN CITIES MN CLIMATE NORMALS FOR TODAY
                         NORMAL    RECORD    YEAR
 MAXIMUM TEMPERATURE (F)   48        83      1986
 MINIMUM TEMPERATURE (F)   29        -5      1969


SUNRISE AND SUNSET
MARCH 29 2015.........SUNRISE   700 AM CDT   SUNSET   737 PM CDT
MARCH 30 2015.........SUNRISE   658 AM CDT   SUNSET   738 PM CDT


-  INDICATES NEGATIVE NUMBERS.
R  INDICATES RECORD WAS SET OR TIED.
MM INDICATES DATA IS MISSING.
T  INDICATES TRACE AMOUNT.




$$
