000
CDUS43 KMPX 260629
CLIMSP


CLIMATE REPORT
NATIONAL WEATHER SERVICE CHANHASSEN MN
128 AM CDT SUN MAR 26 2017


...................................

...THE TWIN CITIES MN CLIMATE SUMMARY FOR MARCH 25 2017...

CLIMATE NORMAL PERIOD 1981 TO 2010
CLIMATE RECORD PERIOD 1871 TO 2017


WEATHER ITEM   OBSERVED TIME   RECORD YEAR NORMAL DEPARTURE LAST
                VALUE   (LST)  VALUE       VALUE  FROM      YEAR
                                                  NORMAL
..................................................................
TEMPERATURE (F)
 YESTERDAY
  MAXIMUM         43    535 PM  78    1939  46     -3       48
  MINIMUM         37    827 AM  -5    1940  28      9       27
  AVERAGE         40                        37      3       38

PRECIPITATION (IN)
  YESTERDAY        0.05          0.51 1995   0.07  -0.02      T
  MONTH TO DATE    0.62                      1.47  -0.85     1.35
  SINCE MAR 1      0.62                      1.47  -0.85     1.35
  SINCE JAN 1      2.24                      3.14  -0.90     2.75

SNOWFALL (IN)
  YESTERDAY        0.0           3.6  1996   0.3   -0.3      0.0
  MONTH TO DATE    4.7                       9.1   -4.4      5.4
  SINCE MAR 1      4.7                       9.1   -4.4      5.4
  SINCE JUL 1     31.5                      50.8  -19.3     36.2
  SNOW DEPTH       0

DEGREE DAYS
 HEATING
  YESTERDAY       25                        28     -3       27
  MONTH TO DATE  840                       840      0      609
  SINCE MAR 1    840                       840      0      609
  SINCE JUL 1   5541                      6630  -1089     5474

 COOLING
  YESTERDAY        0                         0      0        0
  MONTH TO DATE    0                         0      0        0
  SINCE MAR 1      0                         0      0        0
  SINCE JAN 1      0                         0      0        0
..................................................................


WIND (MPH)
  HIGHEST WIND SPEED    18   HIGHEST WIND DIRECTION    NE (60)
  HIGHEST GUST SPEED    28   HIGHEST GUST DIRECTION    NE (50)
  AVERAGE WIND SPEED    11.5


SKY COVER
  POSSIBLE SUNSHINE  MM
  AVERAGE SKY COVER 1.0


WEATHER CONDITIONS
 THE FOLLOWING WEATHER WAS RECORDED YESTERDAY.
  LIGHT RAIN
  FOG


RELATIVE HUMIDITY (PERCENT)
 HIGHEST    85           700 PM
 LOWEST     65          1200 PM
 AVERAGE    75

..........................................................


THE TWIN CITIES MN CLIMATE NORMALS FOR TODAY
                         NORMAL    RECORD    YEAR
 MAXIMUM TEMPERATURE (F)   47        81      2007
 MINIMUM TEMPERATURE (F)   28       -10      1996


SUNRISE AND SUNSET
MARCH 26 2017.........SUNRISE   704 AM CDT   SUNSET   733 PM CDT
MARCH 27 2017.........SUNRISE   702 AM CDT   SUNSET   735 PM CDT


-  INDICATES NEGATIVE NUMBERS.
R  INDICATES RECORD WAS SET OR TIED.
MM INDICATES DATA IS MISSING.
T  INDICATES TRACE AMOUNT.




$$
