000
CDUS43 KMPX 050059
CLIMSP


CLIMATE REPORT
NATIONAL WEATHER SERVICE CHANHASSEN MN
759 PM CDT SAT JUL 4 2015


...................................

...THE TWIN CITIES MN CLIMATE SUMMARY FOR JULY 4 2015...
VALID TODAY AS OF 0700 PM LOCAL TIME.

CLIMATE NORMAL PERIOD 1981 TO 2010
CLIMATE RECORD PERIOD 1871 TO 2015


WEATHER ITEM   OBSERVED TIME   RECORD YEAR NORMAL DEPARTURE LAST
                VALUE   (LST)  VALUE       VALUE  FROM      YEAR
                                                  NORMAL
..................................................................
TEMPERATURE (F)
 TODAY
  MAXIMUM         85    423 PM 101    2012  83      2       78
  MINIMUM         65    514 AM  43    1972  64      1       60
  AVERAGE         75                        74      1       69

PRECIPITATION (IN)
  TODAY            0.00          2.27 1900   0.13  -0.13     0.00
  MONTH TO DATE    0.00                      0.51  -0.51     0.16
  SINCE JUN 1      4.40                      4.76  -0.36    11.52
  SINCE JAN 1     11.73                     14.34  -2.61    25.99

SNOWFALL (IN)
  TODAY            0.0           0.0    MM   0.0    0.0      0.0
  MONTH TO DATE    0.0                       0.0    0.0      0.0
  SINCE JUN 1      0.0                       0.0    0.0      0.0
  SINCE JUL 1      0.0                       0.0    0.0      0.0
  SNOW DEPTH       0

DEGREE DAYS
 HEATING
  TODAY            0                         0      0        0
  MONTH TO DATE    0                         0      0        1
  SINCE JUN 1      7                        44    -37       22
  SINCE JUL 1      0                         0      0        1

 COOLING
  TODAY           10                         9      1        4
  MONTH TO DATE   18                        34    -16        7
  SINCE JUN 1    174                       192    -18      169
  SINCE JAN 1    201                       234    -33      221
..................................................................


WIND (MPH)
  HIGHEST WIND SPEED    13   HIGHEST WIND DIRECTION     S (190)
  HIGHEST GUST SPEED    17   HIGHEST GUST DIRECTION     S (200)
  AVERAGE WIND SPEED     4.5


SKY COVER
  POSSIBLE SUNSHINE  MM
  AVERAGE SKY COVER 0.7


WEATHER CONDITIONS
 THE FOLLOWING WEATHER WAS RECORDED TODAY.
  HAZE


RELATIVE HUMIDITY (PERCENT)
 HIGHEST    81           300 AM
 LOWEST     48           300 PM
 AVERAGE    65

..........................................................


THE TWIN CITIES MN CLIMATE NORMALS FOR TOMORROW
                         NORMAL    RECORD    YEAR
 MAXIMUM TEMPERATURE (F)   83       100      1982
 MINIMUM TEMPERATURE (F)   64        45      1972
                                             1967


SUNRISE AND SUNSET
JULY  4 2015..........SUNRISE   532 AM CDT   SUNSET   902 PM CDT
JULY  5 2015..........SUNRISE   533 AM CDT   SUNSET   902 PM CDT


-  INDICATES NEGATIVE NUMBERS.
R  INDICATES RECORD WAS SET OR TIED.
MM INDICATES DATA IS MISSING.
T  INDICATES TRACE AMOUNT.




$$
