000
CDUS43 KMPX 220635
CLIMSP


CLIMATE REPORT
NATIONAL WEATHER SERVICE CHANHASSEN MN
134 AM CDT FRI MAY 22 2015


...................................

...THE TWIN CITIES MN CLIMATE SUMMARY FOR MAY 21 2015...

CLIMATE NORMAL PERIOD 1981 TO 2010
CLIMATE RECORD PERIOD 1871 TO 2015


WEATHER ITEM   OBSERVED TIME   RECORD YEAR NORMAL DEPARTURE LAST
                VALUE   (LST)  VALUE       VALUE  FROM      YEAR
                                                  NORMAL
..................................................................
TEMPERATURE (F)
 YESTERDAY
  MAXIMUM         74    341 PM  92    1964  71      3       66
  MINIMUM         45    527 AM  33    1997  51     -6       51
  AVERAGE         60                        61     -1       59

PRECIPITATION (IN)
  YESTERDAY        0.00          3.16 1906   0.11  -0.11     0.00
  MONTH TO DATE    1.74                      2.28  -0.54     3.88
  SINCE MAR 1      4.83                      6.83  -2.00    10.97
  SINCE JAN 1      5.52                      8.50  -2.98    13.80

SNOWFALL (IN)
  YESTERDAY        0.0           T    1931   0.0    0.0      0.0
                                      1963
  MONTH TO DATE    0.0                       0.0    0.0      0.0
  SINCE MAR 1      7.1                      12.7   -5.6     11.7
  SINCE JUL 1     32.4                      54.4  -22.0     69.8
  SNOW DEPTH       0

DEGREE DAYS
 HEATING
  YESTERDAY        5                         6     -1        6
  MONTH TO DATE  161                       172    -11      236
  SINCE MAR 1   1518                      1700   -182     2115
  SINCE JUL 1   7483                      7490     -7     8568

 COOLING
  YESTERDAY        0                         1     -1        0
  MONTH TO DATE   14                        19     -5        0
  SINCE MAR 1     14                        24    -10        0
  SINCE JAN 1     14                        24    -10        0
..................................................................


WIND (MPH)
  HIGHEST WIND SPEED    21   HIGHEST WIND DIRECTION    NW (320)
  HIGHEST GUST SPEED    28   HIGHEST GUST DIRECTION    NW (320)
  AVERAGE WIND SPEED     9.4


SKY COVER
  POSSIBLE SUNSHINE  MM
  AVERAGE SKY COVER 0.1


WEATHER CONDITIONS
 THE FOLLOWING WEATHER WAS RECORDED YESTERDAY.
  NO SIGNIFICANT WEATHER WAS OBSERVED.


RELATIVE HUMIDITY (PERCENT)
 HIGHEST    65           500 AM
 LOWEST     19           500 PM
 AVERAGE    42

..........................................................


THE TWIN CITIES MN CLIMATE NORMALS FOR TODAY
                         NORMAL    RECORD    YEAR
 MAXIMUM TEMPERATURE (F)   71        99      1925
 MINIMUM TEMPERATURE (F)   51        32      1917


SUNRISE AND SUNSET
MAY 22 2015...........SUNRISE   537 AM CDT   SUNSET   842 PM CDT
MAY 23 2015...........SUNRISE   536 AM CDT   SUNSET   843 PM CDT


-  INDICATES NEGATIVE NUMBERS.
R  INDICATES RECORD WAS SET OR TIED.
MM INDICATES DATA IS MISSING.
T  INDICATES TRACE AMOUNT.




$$
