000
CDUS43 KMPX 260125
CLIMSP


CLIMATE REPORT
NATIONAL WEATHER SERVICE CHANHASSEN MN
725 PM CST SAT FEB 25 2017


...................................

...THE TWIN CITIES MN CLIMATE SUMMARY FOR FEBRUARY 25 2017...
VALID TODAY AS OF 0700 PM LOCAL TIME.

CLIMATE NORMAL PERIOD 1981 TO 2010
CLIMATE RECORD PERIOD 1871 TO 2017


WEATHER ITEM   OBSERVED TIME   RECORD YEAR NORMAL DEPARTURE LAST
                VALUE   (LST)  VALUE       VALUE  FROM      YEAR
                                                  NORMAL
..................................................................
TEMPERATURE (F)
 TODAY
  MAXIMUM         34    232 PM  58    1976  32      2       35
  MINIMUM         14    724 AM -23    1967  17     -3       26
  AVERAGE         24                        25     -1       31

PRECIPITATION (IN)
  TODAY            0.00          0.63 1944   0.03  -0.03     0.00
  MONTH TO DATE    0.64                      0.65  -0.01     1.06
  SINCE DEC 1      3.76                      2.71   1.05     3.69
  SINCE JAN 1      1.62                      1.55   0.07     1.37

SNOWFALL (IN)
  TODAY            0.0           4.1  1994   0.3   -0.3      0.0
  MONTH TO DATE    0.3                       6.8   -6.5     12.0
  SINCE DEC 1     24.5                      30.9   -6.4     25.6
  SINCE JUL 1     26.8                      40.8  -14.0     30.7
  SNOW DEPTH       0

DEGREE DAYS
 HEATING
  TODAY           41                        40      1       34
  MONTH TO DATE  849                      1118   -269     1040
  SINCE DEC 1   3567                      4053   -486     3574
  SINCE JUL 1   4611                      5672  -1061     4749

 COOLING
  TODAY            0                         0      0        0
  MONTH TO DATE    0                         0      0        0
  SINCE DEC 1      0                         0      0        0
  SINCE JAN 1      0                         0      0        0
..................................................................


WIND (MPH)
  HIGHEST WIND SPEED    26   HIGHEST WIND DIRECTION     N (340)
  HIGHEST GUST SPEED    33   HIGHEST GUST DIRECTION     N (340)
  AVERAGE WIND SPEED    15.6


SKY COVER
  POSSIBLE SUNSHINE  MM
  AVERAGE SKY COVER 0.3


WEATHER CONDITIONS
 THE FOLLOWING WEATHER WAS RECORDED TODAY.
  NO SIGNIFICANT WEATHER WAS OBSERVED.


RELATIVE HUMIDITY (PERCENT)
 HIGHEST    64           700 AM
 LOWEST     35          1200 PM
 AVERAGE    50

..........................................................


THE TWIN CITIES MN CLIMATE NORMALS FOR TOMORROW
                         NORMAL    RECORD    YEAR
 MAXIMUM TEMPERATURE (F)   33        64      1896
 MINIMUM TEMPERATURE (F)   17       -21      1897


SUNRISE AND SUNSET
FEBRUARY 25 2017......SUNRISE   657 AM CST   SUNSET   555 PM CST
FEBRUARY 26 2017......SUNRISE   655 AM CST   SUNSET   557 PM CST


-  INDICATES NEGATIVE NUMBERS.
R  INDICATES RECORD WAS SET OR TIED.
MM INDICATES DATA IS MISSING.
T  INDICATES TRACE AMOUNT.




$$
