000
CDUS43 KMPX 130640
CLIMSP


CLIMATE REPORT
NATIONAL WEATHER SERVICE CHANHASSEN MN
1239 AM CST WED DEC 13 2017


...................................

...THE TWIN CITIES MN CLIMATE SUMMARY FOR DECEMBER 12 2017...

CLIMATE NORMAL PERIOD 1981 TO 2010
CLIMATE RECORD PERIOD 1871 TO 2017


WEATHER ITEM   OBSERVED TIME   RECORD YEAR NORMAL DEPARTURE LAST
                VALUE   (LST)  VALUE       VALUE  FROM      YEAR
                                                  NORMAL
..................................................................
TEMPERATURE (F)
 YESTERDAY
  MAXIMUM         27   1135 PM  53    1968  28     -1       14
                                      1883
  MINIMUM          6    752 AM -15    1879  13     -7       -3
  AVERAGE         17                        20     -3        6

PRECIPITATION (IN)
  YESTERDAY        T             0.61 1886   0.04  -0.04      T
  MONTH TO DATE    0.57                      0.50   0.07     0.62
  SINCE DEC 1      0.57                      0.50   0.07     0.62
  SINCE JAN 1     32.14                     29.95   2.19    38.80

SNOWFALL (IN)
  YESTERDAY        T             4.6  1941   0.4   -0.4       T
  MONTH TO DATE    3.3                       4.9   -1.6      9.5
  SINCE DEC 1      3.3                       4.9   -1.6      9.5
  SINCE JUL 1      4.0                      14.8  -10.8     11.8
  SNOW DEPTH       2

DEGREE DAYS
 HEATING
  YESTERDAY       48                        45      3       59
  MONTH TO DATE  448                       508    -60      498
  SINCE DEC 1    448                       508    -60      498
  SINCE JUL 1   1858                      2127   -269     1542

 COOLING
  YESTERDAY        0                         0      0        0
  MONTH TO DATE    0                         0      0        0
  SINCE DEC 1      0                         0      0        0
  SINCE JAN 1    830                       753     77      964
..................................................................


WIND (MPH)
  HIGHEST WIND SPEED    18   HIGHEST WIND DIRECTION    NW (330)
  HIGHEST GUST SPEED    24   HIGHEST GUST DIRECTION    NW (330)
  AVERAGE WIND SPEED     7.8


SKY COVER
  POSSIBLE SUNSHINE  MM
  AVERAGE SKY COVER 0.6


WEATHER CONDITIONS
 THE FOLLOWING WEATHER WAS RECORDED YESTERDAY.
  LIGHT SNOW


RELATIVE HUMIDITY (PERCENT)
 HIGHEST    88           600 AM
 LOWEST     67          1200 PM
 AVERAGE    78

..........................................................


THE TWIN CITIES MN CLIMATE NORMALS FOR TODAY
                         NORMAL    RECORD    YEAR
 MAXIMUM TEMPERATURE (F)   27        53      1891
 MINIMUM TEMPERATURE (F)   13       -21      1917


SUNRISE AND SUNSET
DECEMBER 13 2017......SUNRISE   742 AM CST   SUNSET   432 PM CST
DECEMBER 14 2017......SUNRISE   743 AM CST   SUNSET   432 PM CST


-  INDICATES NEGATIVE NUMBERS.
R  INDICATES RECORD WAS SET OR TIED.
MM INDICATES DATA IS MISSING.
T  INDICATES TRACE AMOUNT.




$$
