000
CDUS43 KMPX 280049
CLIMSP


CLIMATE REPORT
NATIONAL WEATHER SERVICE CHANHASSEN MN
749 PM CDT WED MAY 27 2015


...................................

...THE TWIN CITIES MN CLIMATE SUMMARY FOR MAY 27 2015...
VALID TODAY AS OF 0700 PM LOCAL TIME.

CLIMATE NORMAL PERIOD 1981 TO 2010
CLIMATE RECORD PERIOD 1871 TO 2015


WEATHER ITEM   OBSERVED TIME   RECORD YEAR NORMAL DEPARTURE LAST
                VALUE   (LST)  VALUE       VALUE  FROM      YEAR
                                                  NORMAL
..................................................................
TEMPERATURE (F)
 TODAY
  MAXIMUM         84    456 PM  95    1969  73     11       73
  MINIMUM         55    417 AM  34    1907  52      3       61
  AVERAGE         70                        62      8       67

PRECIPITATION (IN)
  TODAY            T             2.17 1978   0.10  -0.10     0.01
  MONTH TO DATE    3.01                      2.92   0.09     3.90
  SINCE MAR 1      6.10                      7.47  -1.37    10.99
  SINCE JAN 1      6.79                      9.14  -2.35    13.82

SNOWFALL (IN)
  TODAY            0.0           T    1965   0.0    0.0      0.0
                                      1991
  MONTH TO DATE    0.0                       0.0    0.0      0.0
  SINCE MAR 1      7.1                      12.7   -5.6     11.7
  SINCE JUL 1     32.4                      54.4  -22.0     69.8
  SNOW DEPTH       0

DEGREE DAYS
 HEATING
  TODAY            0                         4     -4        0
  MONTH TO DATE  177                       202    -25      244
  SINCE MAR 1   1534                      1730   -196     2123
  SINCE JUL 1   7499                      7520    -21     8576

 COOLING
  TODAY            5                         2      3        2
  MONTH TO DATE   19                        30    -11       18
  SINCE MAR 1     19                        35    -16       18
  SINCE JAN 1     19                        35    -16       18
..................................................................


WIND (MPH)
  HIGHEST WIND SPEED    15   HIGHEST WIND DIRECTION     W (260)
  HIGHEST GUST SPEED    20   HIGHEST GUST DIRECTION    SW (240)
  AVERAGE WIND SPEED     7.0


SKY COVER
  POSSIBLE SUNSHINE  MM
  AVERAGE SKY COVER 0.3


WEATHER CONDITIONS
 THE FOLLOWING WEATHER WAS RECORDED TODAY.
  FOG


RELATIVE HUMIDITY (PERCENT)
 HIGHEST   100           300 AM
 LOWEST     32           400 PM
 AVERAGE    66

..........................................................


THE TWIN CITIES MN CLIMATE NORMALS FOR TOMORROW
                         NORMAL    RECORD    YEAR
 MAXIMUM TEMPERATURE (F)   73        98      1934
 MINIMUM TEMPERATURE (F)   53        36      1965
                                             1889


SUNRISE AND SUNSET
MAY 27 2015...........SUNRISE   533 AM CDT   SUNSET   847 PM CDT
MAY 28 2015...........SUNRISE   532 AM CDT   SUNSET   848 PM CDT


-  INDICATES NEGATIVE NUMBERS.
R  INDICATES RECORD WAS SET OR TIED.
MM INDICATES DATA IS MISSING.
T  INDICATES TRACE AMOUNT.




$$
