000
CDUS43 KMPX 202158
CLIMSP


CLIMATE REPORT
NATIONAL WEATHER SERVICE CHANHASSEN MN
458 PM CDT SAT MAY 20 2017


...................................

...THE TWIN CITIES MN CLIMATE SUMMARY FOR MAY 20 2017...
VALID TODAY AS OF 0400 PM LOCAL TIME.

CLIMATE NORMAL PERIOD 1981 TO 2010
CLIMATE RECORD PERIOD 1871 TO 2017


WEATHER ITEM   OBSERVED TIME   RECORD YEAR NORMAL DEPARTURE LAST
                VALUE   (LST)  VALUE       VALUE  FROM      YEAR
                                                  NORMAL
..................................................................
TEMPERATURE (F)
 TODAY
  MAXIMUM         51    122 AM  94    2009  71    -20       76
  MINIMUM         42   1038 AM  31    1892  50     -8       54
  AVERAGE         47                        60    -13       65

PRECIPITATION (IN)
  TODAY            1.20R         1.14 1937   0.11   1.09     0.00
  MONTH TO DATE    4.44                      2.17   2.27     1.25
  SINCE MAR 1      9.57                      6.72   2.85     6.35
  SINCE JAN 1     11.19                      8.39   2.80     7.75

SNOWFALL (IN)
  TODAY            0.0           3.0  1892   0.0    0.0      0.0
  MONTH TO DATE    T                         0.0    0.0      0.0
  SINCE MAR 1      5.2                      12.7   -7.5      5.9
  SINCE JUL 1     32.0                      54.4  -22.4     36.7
  SNOW DEPTH       0

DEGREE DAYS
 HEATING
  TODAY           18                         6     12        0
  MONTH TO DATE  149                       166    -17      174
  SINCE MAR 1   1532                      1694   -162     1411
  SINCE JUL 1   6233                      7484  -1251     6276

 COOLING
  TODAY            0                         1     -1        0
  MONTH TO DATE   15                        18     -3       11
  SINCE MAR 1     15                        23     -8       19
  SINCE JAN 1     15                        23     -8       19
..................................................................


WIND (MPH)
  HIGHEST WIND SPEED    21   HIGHEST WIND DIRECTION     E (90)
  HIGHEST GUST SPEED    26   HIGHEST GUST DIRECTION     E (70)
  AVERAGE WIND SPEED    14.7


SKY COVER
  POSSIBLE SUNSHINE  MM
  AVERAGE SKY COVER 1.0


WEATHER CONDITIONS
 THE FOLLOWING WEATHER WAS RECORDED TODAY.
  HEAVY RAIN
  RAIN
  LIGHT RAIN
  FOG


RELATIVE HUMIDITY (PERCENT)
 HIGHEST    92           200 PM
 LOWEST     46           300 AM
 AVERAGE    69

..........................................................


THE TWIN CITIES MN CLIMATE NORMALS FOR TOMORROW
                         NORMAL    RECORD    YEAR
 MAXIMUM TEMPERATURE (F)   71        92      1964
 MINIMUM TEMPERATURE (F)   51        33      1997


SUNRISE AND SUNSET
MAY 20 2017...........SUNRISE   539 AM CDT   SUNSET   841 PM CDT
MAY 21 2017...........SUNRISE   538 AM CDT   SUNSET   842 PM CDT


-  INDICATES NEGATIVE NUMBERS.
R  INDICATES RECORD WAS SET OR TIED.
MM INDICATES DATA IS MISSING.
T  INDICATES TRACE AMOUNT.




$$
