000
CDUS43 KMPX 262144
CLIMSP


CLIMATE REPORT
NATIONAL WEATHER SERVICE CHANHASSEN MN
444 PM CDT WED AUG 26 2015


...................................

...THE TWIN CITIES MN CLIMATE SUMMARY FOR AUGUST 26 2015...
VALID AS OF 0400 PM LOCAL TIME.

CLIMATE NORMAL PERIOD 1981 TO 2010
CLIMATE RECORD PERIOD 1871 TO 2015


WEATHER ITEM   OBSERVED TIME   RECORD YEAR NORMAL DEPARTURE LAST
                VALUE   (LST)  VALUE       VALUE  FROM      YEAR
                                                  NORMAL
..................................................................
TEMPERATURE (F)
 TODAY
  MAXIMUM         75    255 PM  97    2013  79     -4       76
  MINIMUM         51    506 AM  44    1968  60     -9       56
                                      1964
  AVERAGE         63                        70     -7       66

PRECIPITATION (IN)
  TODAY            0.00          2.04 2005   0.12  -0.12      T
  MONTH TO DATE    2.99                      3.69  -0.70     1.43
  SINCE JUN 1     14.71                     11.98   2.73    15.06
  SINCE JAN 1     22.04                     21.56   0.48    29.53

SNOWFALL (IN)
  TODAY            0.0           0.0    MM   0.0    0.0      0.0
  MONTH TO DATE    0.0                       0.0    0.0      0.0
  SINCE JUN 1      0.0                       0.0    0.0      0.0
  SINCE JUL 1      0.0                       0.0    0.0      0.0
  SNOW DEPTH       0

DEGREE DAYS
 HEATING
  TODAY            2                         1      1        0
  MONTH TO DATE   13                         5      8        0
  SINCE JUN 1     22                        54    -32       28
  SINCE JUL 1     15                        10      5        7

 COOLING
  TODAY            0                         5     -5        1
  MONTH TO DATE  176                       180     -4      236
  SINCE JUN 1    599                       614    -15      615
  SINCE JAN 1    626                       656    -30      667
..................................................................


WIND (MPH)
  HIGHEST WIND SPEED     9   HIGHEST WIND DIRECTION    SW (240)
  HIGHEST GUST SPEED    12   HIGHEST GUST DIRECTION     S (200)
  AVERAGE WIND SPEED     2.1


SKY COVER
  POSSIBLE SUNSHINE  MM
  AVERAGE SKY COVER 0.0


WEATHER CONDITIONS
 THE FOLLOWING WEATHER WAS RECORDED TODAY.
  NO SIGNIFICANT WEATHER WAS OBSERVED.


RELATIVE HUMIDITY (PERCENT)
 HIGHEST    96           500 AM
 LOWEST     43           300 PM
 AVERAGE    70

..........................................................


THE TWIN CITIES MN CLIMATE NORMALS FOR TOMORROW
                         NORMAL    RECORD    YEAR
 MAXIMUM TEMPERATURE (F)   79        99      1926
 MINIMUM TEMPERATURE (F)   60        42      1887


SUNRISE AND SUNSET
AUGUST 26 2015........SUNRISE   628 AM CDT   SUNSET   801 PM CDT
AUGUST 27 2015........SUNRISE   629 AM CDT   SUNSET   759 PM CDT


-  INDICATES NEGATIVE NUMBERS.
R  INDICATES RECORD WAS SET OR TIED.
MM INDICATES DATA IS MISSING.
T  INDICATES TRACE AMOUNT.




$$
