000
CDUS43 KMPX 030630
CLIMSP


CLIMATE REPORT
NATIONAL WEATHER SERVICE CHANHASSEN MN
1227 AM CST TUE MAR 3 2015


...................................

...THE TWIN CITIES MN CLIMATE SUMMARY FOR MARCH 2 2015...

CLIMATE NORMAL PERIOD 1981 TO 2010
CLIMATE RECORD PERIOD 1871 TO 2015


WEATHER ITEM   OBSERVED TIME   RECORD YEAR NORMAL DEPARTURE LAST
                VALUE   (LST)  VALUE       VALUE  FROM      YEAR
                                                  NORMAL
..................................................................
TEMPERATURE (F)
 YESTERDAY
  MAXIMUM         26    324 PM  54    1923  35     -9        3
  MINIMUM          9    726 AM -17    1913  19    -10      -15
  AVERAGE         18                        27     -9       -6

PRECIPITATION (IN)
  YESTERDAY        0.00          0.58 1951   0.05  -0.05     0.00
  MONTH TO DATE    T                         0.10  -0.10      T
  SINCE MAR 1      T                         0.10  -0.10      T
  SINCE JAN 1      0.69                      1.77  -1.08     2.83

SNOWFALL (IN)
  YESTERDAY        0.0           7.1  1951   0.4   -0.4      0.0
  MONTH TO DATE    T                         0.8   -0.8       T
  SINCE MAR 1      T                         0.8   -0.8       T
  SINCE JUL 1     25.3                      42.5  -17.2     58.1
  SNOW DEPTH       T

DEGREE DAYS
 HEATING
  YESTERDAY       47                        38      9       71
  MONTH TO DATE   91                        77     14      135
  SINCE MAR 1     91                        77     14      135
  SINCE JUL 1   6056                      5867    189     6588

 COOLING
  YESTERDAY        0                         0      0        0
  MONTH TO DATE    0                         0      0        0
  SINCE MAR 1      0                         0      0        0
  SINCE JAN 1      0                         0      0        0
..................................................................


WIND (MPH)
  HIGHEST WIND SPEED    15   HIGHEST WIND DIRECTION    SE (150)
  HIGHEST GUST SPEED    19   HIGHEST GUST DIRECTION    SE (140)
  AVERAGE WIND SPEED     8.0


SKY COVER
  POSSIBLE SUNSHINE  MM
  AVERAGE SKY COVER 0.4


WEATHER CONDITIONS
 THE FOLLOWING WEATHER WAS RECORDED YESTERDAY.
  NO SIGNIFICANT WEATHER WAS OBSERVED.


RELATIVE HUMIDITY (PERCENT)
 HIGHEST    83           700 AM
 LOWEST     40           200 PM
 AVERAGE    62

..........................................................


THE TWIN CITIES MN CLIMATE NORMALS FOR TODAY
                         NORMAL    RECORD    YEAR
 MAXIMUM TEMPERATURE (F)   35        65      1905
 MINIMUM TEMPERATURE (F)   19       -13      1873


SUNRISE AND SUNSET
MARCH  3 2015.........SUNRISE   647 AM CST   SUNSET   603 PM CST
MARCH  4 2015.........SUNRISE   646 AM CST   SUNSET   604 PM CST


-  INDICATES NEGATIVE NUMBERS.
R  INDICATES RECORD WAS SET OR TIED.
MM INDICATES DATA IS MISSING.
T  INDICATES TRACE AMOUNT.




$$
