000
CDUS43 KMPX 240640
CLIMSP


CLIMATE REPORT
NATIONAL WEATHER SERVICE CHANHASSEN MN
1240 AM CST WED DEC 24 2014


...................................

...THE TWIN CITIES MN CLIMATE SUMMARY FOR DECEMBER 23 2014...

CLIMATE NORMAL PERIOD 1981 TO 2010
CLIMATE RECORD PERIOD 1871 TO 2014


WEATHER ITEM   OBSERVED TIME   RECORD YEAR NORMAL DEPARTURE LAST
                VALUE   (LST)  VALUE       VALUE  FROM      YEAR
                                                  NORMAL
..................................................................
TEMPERATURE (F)
 YESTERDAY
  MAXIMUM         36    336 PM  58    1888  25     11        5
  MINIMUM         34   1042 PM -27    1872  10     24       -6
  AVERAGE         35                        18     17        0

PRECIPITATION (IN)
  YESTERDAY        T             0.53 1996   0.04  -0.04      T
  MONTH TO DATE    0.59                      0.89  -0.30     1.11
  SINCE DEC 1      0.59                      0.89  -0.30     1.11
  SINCE JAN 1     35.13                     30.34   4.79    32.42

SNOWFALL (IN)
  YESTERDAY        T             6.2  1996   0.3   -0.3      0.3
  MONTH TO DATE    1.4                       9.0   -7.6     11.8
  SINCE DEC 1      1.4                       9.0   -7.6     11.8
  SINCE JUL 1     10.8                      18.9   -8.1     12.9
  SNOW DEPTH       0

DEGREE DAYS
 HEATING
  YESTERDAY       30                        48    -18       65
  MONTH TO DATE  872                      1018   -146     1196
  SINCE DEC 1    872                      1018   -146     1196
  SINCE JUL 1   2665                      2637     28     2697

 COOLING
  YESTERDAY        0                         0      0        0
  MONTH TO DATE    0                         0      0        0
  SINCE DEC 1      0                         0      0        0
  SINCE JAN 1    759                       753      6      983
..................................................................


WIND (MPH)
  HIGHEST WIND SPEED    18   HIGHEST WIND DIRECTION     N (350)
  HIGHEST GUST SPEED    30   HIGHEST GUST DIRECTION     N (360)
  AVERAGE WIND SPEED    13.3


SKY COVER
  POSSIBLE SUNSHINE  MM
  AVERAGE SKY COVER 1.0


WEATHER CONDITIONS
 THE FOLLOWING WEATHER WAS RECORDED YESTERDAY.
  RAIN
  LIGHT RAIN
  SNOW
  LIGHT SNOW
  FOG


RELATIVE HUMIDITY (PERCENT)
 HIGHEST    89          1200 AM
 LOWEST     82           200 AM
 AVERAGE    86

..........................................................


THE TWIN CITIES MN CLIMATE NORMALS FOR TODAY
                         NORMAL    RECORD    YEAR
 MAXIMUM TEMPERATURE (F)   25        46      1957
 MINIMUM TEMPERATURE (F)   10       -31      1872


SUNRISE AND SUNSET
DECEMBER 24 2014......SUNRISE   749 AM CST   SUNSET   436 PM CST
DECEMBER 25 2014......SUNRISE   749 AM CST   SUNSET   437 PM CST


-  INDICATES NEGATIVE NUMBERS.
R  INDICATES RECORD WAS SET OR TIED.
MM INDICATES DATA IS MISSING.
T  INDICATES TRACE AMOUNT.




$$
