000
CDUS43 KMPX 230632
CLIMSP


CLIMATE REPORT
NATIONAL WEATHER SERVICE CHANHASSEN MN
131 AM CDT THU MAR 23 2017


...................................

...THE TWIN CITIES MN CLIMATE SUMMARY FOR MARCH 22 2017...

CLIMATE NORMAL PERIOD 1981 TO 2010
CLIMATE RECORD PERIOD 1871 TO 2017


WEATHER ITEM   OBSERVED TIME   RECORD YEAR NORMAL DEPARTURE LAST
                VALUE   (LST)  VALUE       VALUE  FROM      YEAR
                                                  NORMAL
..................................................................
TEMPERATURE (F)
 YESTERDAY
  MAXIMUM         40    451 PM  71    1945  44     -4       55
  MINIMUM         21    558 AM -14    1888  27     -6       33
  AVERAGE         31                        35     -4       44

PRECIPITATION (IN)
  YESTERDAY        0.00          1.40 1952   0.06  -0.06     0.00
  MONTH TO DATE    0.39                      1.26  -0.87     1.04
  SINCE MAR 1      0.39                      1.26  -0.87     1.04
  SINCE JAN 1      2.01                      2.93  -0.92     2.44

SNOWFALL (IN)
  YESTERDAY        0.0          13.7  1952   0.3   -0.3      0.0
  MONTH TO DATE    4.7                       8.3   -3.6      1.7
  SINCE MAR 1      4.7                       8.3   -3.6      1.7
  SINCE JUL 1     31.5                      50.0  -18.5     32.5
  SNOW DEPTH       0

DEGREE DAYS
 HEATING
  YESTERDAY       34                        30      4       21
  MONTH TO DATE  765                       754     11      523
  SINCE MAR 1    765                       754     11      523
  SINCE JUL 1   5466                      6544  -1078     5388

 COOLING
  YESTERDAY        0                         0      0        0
  MONTH TO DATE    0                         0      0        0
  SINCE MAR 1      0                         0      0        0
  SINCE JAN 1      0                         0      0        0
..................................................................


WIND (MPH)
  HIGHEST WIND SPEED    20   HIGHEST WIND DIRECTION    SE (150)
  HIGHEST GUST SPEED    25   HIGHEST GUST DIRECTION    SE (130)
  AVERAGE WIND SPEED    11.3


SKY COVER
  POSSIBLE SUNSHINE  MM
  AVERAGE SKY COVER 0.5


WEATHER CONDITIONS
 THE FOLLOWING WEATHER WAS RECORDED YESTERDAY.
  NO SIGNIFICANT WEATHER WAS OBSERVED.


RELATIVE HUMIDITY (PERCENT)
 HIGHEST    52           600 AM
 LOWEST     29           100 PM
 AVERAGE    41

..........................................................


THE TWIN CITIES MN CLIMATE NORMALS FOR TODAY
                         NORMAL    RECORD    YEAR
 MAXIMUM TEMPERATURE (F)   45        83      1910
 MINIMUM TEMPERATURE (F)   27        -4      1965


SUNRISE AND SUNSET
MARCH 23 2017.........SUNRISE   710 AM CDT   SUNSET   730 PM CDT
MARCH 24 2017.........SUNRISE   708 AM CDT   SUNSET   731 PM CDT


-  INDICATES NEGATIVE NUMBERS.
R  INDICATES RECORD WAS SET OR TIED.
MM INDICATES DATA IS MISSING.
T  INDICATES TRACE AMOUNT.




$$
