000
CDUS43 KMPX 250643
CLIMSP


CLIMATE REPORT
NATIONAL WEATHER SERVICE CHANHASSEN MN
1241 AM CST TUE NOV 25 2014


...................................

...THE TWIN CITIES MN CLIMATE SUMMARY FOR NOVEMBER 24 2014...

CLIMATE NORMAL PERIOD 1981 TO 2010
CLIMATE RECORD PERIOD 1871 TO 2014


WEATHER ITEM   OBSERVED TIME   RECORD YEAR NORMAL DEPARTURE LAST
                VALUE   (LST)  VALUE       VALUE  FROM      YEAR
                                                  NORMAL
..................................................................
TEMPERATURE (F)
 YESTERDAY
  MAXIMUM         32   1220 AM  59    2011  36     -4       31
                                      1990
  MINIMUM         15   1159 PM -10    1893  22     -7        8
  AVERAGE         24                        29     -5       20

PRECIPITATION (IN)
  YESTERDAY        0.02          1.06 2001   0.06  -0.04     0.00
  MONTH TO DATE    0.61                      1.45  -0.84     0.52
  SINCE SEP 1      3.28                      6.96  -3.68     4.87
  SINCE JAN 1     34.28                     29.13   5.15    31.31

SNOWFALL (IN)
  YESTERDAY        0.5           1.7  1977   0.4    0.1      0.0
  MONTH TO DATE    6.0                       6.7   -0.7      1.1
  SINCE SEP 1      6.0                       7.3   -1.3      1.1
  SINCE JUL 1      6.0                       7.3   -1.3      1.1
  SNOW DEPTH       T

DEGREE DAYS
 HEATING
  YESTERDAY       41                        36      5       45
  MONTH TO DATE  886                       711    175      712
  SINCE SEP 1   1493                      1372    121     1257
  SINCE JUL 1   1500                      1391    109     1265

 COOLING
  YESTERDAY        0                         0      0        0
  MONTH TO DATE    0                         0      0        0
  SINCE SEP 1     63                        72     -9      134
  SINCE JAN 1    759                       753      6      983
..................................................................


WIND (MPH)
  HIGHEST WIND SPEED    26   HIGHEST WIND DIRECTION    NW (310)
  HIGHEST GUST SPEED    34   HIGHEST GUST DIRECTION     W (290)
  AVERAGE WIND SPEED    18.4


SKY COVER
  POSSIBLE SUNSHINE  MM
  AVERAGE SKY COVER 1.0


WEATHER CONDITIONS
 THE FOLLOWING WEATHER WAS RECORDED YESTERDAY.
  LT FREEZING RAIN
  LIGHT SNOW
  FOG
  HAZE


RELATIVE HUMIDITY (PERCENT)
 HIGHEST    92           100 AM
 LOWEST     73           200 PM
 AVERAGE    83

..........................................................


THE TWIN CITIES MN CLIMATE NORMALS FOR TODAY
                         NORMAL    RECORD    YEAR
 MAXIMUM TEMPERATURE (F)   36        62      1914
 MINIMUM TEMPERATURE (F)   21       -18      1880


SUNRISE AND SUNSET
NOVEMBER 25 2014......SUNRISE   723 AM CST   SUNSET   436 PM CST
NOVEMBER 26 2014......SUNRISE   725 AM CST   SUNSET   436 PM CST


-  INDICATES NEGATIVE NUMBERS.
R  INDICATES RECORD WAS SET OR TIED.
MM INDICATES DATA IS MISSING.
T  INDICATES TRACE AMOUNT.




$$
