931
CDUS43 KMPX 050715
CLIMSP


CLIMATE REPORT
NATIONAL WEATHER SERVICE CHANHASSEN MN
214 AM CDT THU MAY 5 2016


...................................

...THE TWIN CITIES MN CLIMATE SUMMARY FOR MAY 4 2016...

CLIMATE NORMAL PERIOD 1981 TO 2010
CLIMATE RECORD PERIOD 1871 TO 2016


WEATHER ITEM   OBSERVED TIME   RECORD YEAR NORMAL DEPARTURE LAST
                VALUE   (LST)  VALUE       VALUE  FROM      YEAR
                                                  NORMAL
..................................................................
TEMPERATURE (F)
 YESTERDAY
  MAXIMUM         66    519 PM  91    1952  66      0       72
  MINIMUM         45    509 AM  22    1967  45      0       50
  AVERAGE         56                        56      0       61

PRECIPITATION (IN)
  YESTERDAY        0.00          1.01 1959   0.11  -0.11     0.00
  MONTH TO DATE    0.00                      0.44  -0.44     0.06
  SINCE MAR 1      5.10                      4.99   0.11     3.15
  SINCE JAN 1      6.50                      6.66  -0.16     3.84

SNOWFALL (IN)
  YESTERDAY        0.0           2.0  1890   0.0    0.0      0.0
  MONTH TO DATE    0.0                       0.0    0.0      0.0
  SINCE MAR 1      5.9                      12.7   -6.8      7.1
  SINCE JUL 1     36.7                      54.4  -17.7     32.4
  SNOW DEPTH       0

DEGREE DAYS
 HEATING
  YESTERDAY        9                        10     -1        4
  MONTH TO DATE   38                        42     -4       11
  SINCE MAR 1   1275                      1570   -295     1368
  SINCE JUL 1   6140                      7360  -1220     7333

 COOLING
  YESTERDAY        0                         1     -1        0
  MONTH TO DATE    0                         2     -2        6
  SINCE MAR 1      8                         7      1        6
  SINCE JAN 1      8                         7      1        6
..................................................................


WIND (MPH)
  HIGHEST WIND SPEED    22   HIGHEST WIND DIRECTION     N (350)
  HIGHEST GUST SPEED    30   HIGHEST GUST DIRECTION     N (20)
  AVERAGE WIND SPEED    10.7


SKY COVER
  POSSIBLE SUNSHINE  MM
  AVERAGE SKY COVER 0.1


WEATHER CONDITIONS
 THE FOLLOWING WEATHER WAS RECORDED YESTERDAY.
  NO SIGNIFICANT WEATHER WAS OBSERVED.


RELATIVE HUMIDITY (PERCENT)
 HIGHEST    60           500 AM
 LOWEST     20           700 PM
 AVERAGE    40

..........................................................


THE TWIN CITIES MN CLIMATE NORMALS FOR TODAY
                         NORMAL    RECORD    YEAR
 MAXIMUM TEMPERATURE (F)   66        89      2000
 MINIMUM TEMPERATURE (F)   45        27      1989


SUNRISE AND SUNSET
MAY  5 2016...........SUNRISE   556 AM CDT   SUNSET   824 PM CDT
MAY  6 2016...........SUNRISE   555 AM CDT   SUNSET   825 PM CDT


-  INDICATES NEGATIVE NUMBERS.
R  INDICATES RECORD WAS SET OR TIED.
MM INDICATES DATA IS MISSING.
T  INDICATES TRACE AMOUNT.




$$
