000
CDUS43 KMPX 300907
CLIMSP


CLIMATE REPORT
NATIONAL WEATHER SERVICE CHANHASSEN MN
405 AM CDT MON MAR 30 2015


...................................

...THE TWIN CITIES MN CLIMATE SUMMARY FOR MARCH 29 2015...

CLIMATE NORMAL PERIOD 1981 TO 2010
CLIMATE RECORD PERIOD 1871 TO 2015


WEATHER ITEM   OBSERVED TIME   RECORD YEAR NORMAL DEPARTURE LAST
                VALUE   (LST)  VALUE       VALUE  FROM      YEAR
                                                  NORMAL
..................................................................
TEMPERATURE (F)
 YESTERDAY
  MAXIMUM         53    503 PM  83    1986  48      5       43
  MINIMUM         34    506 AM  -5    1969  29      5       22
  AVERAGE         44                        39      5       33

PRECIPITATION (IN)
  YESTERDAY        0.19          0.79 1998   0.07   0.12     0.00
  MONTH TO DATE    0.67                      1.74  -1.07     0.81
  SINCE MAR 1      0.67                      1.74  -1.07     0.81
  SINCE JAN 1      1.36                      3.41  -2.05     3.64

SNOWFALL (IN)
  YESTERDAY        T            11.0  1924   0.1   -0.1      0.0
  MONTH TO DATE    6.8                       9.9   -3.1      4.7
  SINCE MAR 1      6.8                       9.9   -3.1      4.7
  SINCE JUL 1     32.1                      51.6  -19.5     62.8
  SNOW DEPTH       0

DEGREE DAYS
 HEATING
  YESTERDAY       21                        26     -5       32
  MONTH TO DATE  872                       948    -76     1179
  SINCE MAR 1    872                       948    -76     1179
  SINCE JUL 1   6837                      6738     99     7632

 COOLING
  YESTERDAY        0                         0      0        0
  MONTH TO DATE    0                         0      0        0
  SINCE MAR 1      0                         0      0        0
  SINCE JAN 1      0                         0      0        0
..................................................................


WIND (MPH)
  HIGHEST WIND SPEED    37   HIGHEST WIND DIRECTION    NW (300)
  HIGHEST GUST SPEED    48   HIGHEST GUST DIRECTION    NW (310)
  AVERAGE WIND SPEED    17.5


SKY COVER
  POSSIBLE SUNSHINE  MM
  AVERAGE SKY COVER 0.4


WEATHER CONDITIONS
 THE FOLLOWING WEATHER WAS RECORDED YESTERDAY.
  LIGHT RAIN
  FOG


RELATIVE HUMIDITY (PERCENT)
 HIGHEST    92          1200 PM
 LOWEST     38           400 PM
 AVERAGE    65

..........................................................


THE TWIN CITIES MN CLIMATE NORMALS FOR TODAY
                         NORMAL    RECORD    YEAR
 MAXIMUM TEMPERATURE (F)   49        83      1968
 MINIMUM TEMPERATURE (F)   30        -3      1923


SUNRISE AND SUNSET
MARCH 30 2015.........SUNRISE   658 AM CDT   SUNSET   738 PM CDT
MARCH 31 2015.........SUNRISE   656 AM CDT   SUNSET   739 PM CDT


-  INDICATES NEGATIVE NUMBERS.
R  INDICATES RECORD WAS SET OR TIED.
MM INDICATES DATA IS MISSING.
T  INDICATES TRACE AMOUNT.




$$
