000
CDUS43 KMPX 010806
CLIMSP


CLIMATE REPORT
NATIONAL WEATHER SERVICE CHANHASSEN MN
305 AM CDT WED OCT 1 2014


...................................

...THE TWIN CITIES MN CLIMATE SUMMARY FOR SEPTEMBER 30 2014...

CLIMATE NORMAL PERIOD 1981 TO 2010
CLIMATE RECORD PERIOD 1871 TO 2014


WEATHER ITEM   OBSERVED TIME   RECORD YEAR NORMAL DEPARTURE LAST
                VALUE   (LST)  VALUE       VALUE  FROM      YEAR
                                                  NORMAL
..................................................................
TEMPERATURE (F)
 YESTERDAY
  MAXIMUM         59    439 PM  87    1897  65     -6       80
  MINIMUM         42    750 AM  26    1939  46     -4       58
  AVERAGE         51                        56     -5       69

PRECIPITATION (IN)
  YESTERDAY        0.00          1.06 2007   0.09  -0.09     0.00
  MONTH TO DATE    0.92                      3.08  -2.16     1.35
  SINCE SEP 1      0.92                      3.08  -2.16     1.35
  SINCE JAN 1     31.92                     25.25   6.67    27.79

SNOWFALL (IN)
  YESTERDAY        0.0           0.1  1961   0.0    0.0      0.0
  MONTH TO DATE    0.0                       T      0.0      0.0
  SINCE SEP 1      0.0                       T      0.0      0.0
  SINCE JUL 1      0.0                       T      0.0       T
  SNOW DEPTH       0

DEGREE DAYS
 HEATING
  YESTERDAY       14                        10      4        0
  MONTH TO DATE  124                       155    -31       58
  SINCE SEP 1    124                       154    -30       58
  SINCE JUL 1    131                       173    -42       66

 COOLING
  YESTERDAY        0                         1     -1        4
  MONTH TO DATE   63                        66     -3      132
  SINCE SEP 1     63                        66     -3      132
  SINCE JAN 1    759                       747     12      981
..................................................................


WIND (MPH)
  HIGHEST WIND SPEED    26   HIGHEST WIND DIRECTION    SE (120)
  HIGHEST GUST SPEED    33   HIGHEST GUST DIRECTION    SE (120)
  AVERAGE WIND SPEED    12.7


SKY COVER
  POSSIBLE SUNSHINE  MM
  AVERAGE SKY COVER 0.9


WEATHER CONDITIONS
 THE FOLLOWING WEATHER WAS RECORDED YESTERDAY.
  NO SIGNIFICANT WEATHER WAS OBSERVED.


RELATIVE HUMIDITY (PERCENT)
 HIGHEST    89           100 AM
 LOWEST     61           100 PM
 AVERAGE    75

..........................................................


THE TWIN CITIES MN CLIMATE NORMALS FOR TODAY
                         NORMAL    RECORD    YEAR
 MAXIMUM TEMPERATURE (F)   65        87      1897
 MINIMUM TEMPERATURE (F)   45        24      1974


SUNRISE AND SUNSET
OCTOBER  1 2014.......SUNRISE   711 AM CDT   SUNSET   653 PM CDT
OCTOBER  2 2014.......SUNRISE   712 AM CDT   SUNSET   651 PM CDT


-  INDICATES NEGATIVE NUMBERS.
R  INDICATES RECORD WAS SET OR TIED.
MM INDICATES DATA IS MISSING.
T  INDICATES TRACE AMOUNT.




$$
