000
CDUS43 KMPX 180635
CLIMSP


CLIMATE REPORT
NATIONAL WEATHER SERVICE CHANHASSEN MN
135 AM CDT MON JUL 18 2016


...................................

...THE TWIN CITIES MN CLIMATE SUMMARY FOR JULY 17 2016...

CLIMATE NORMAL PERIOD 1981 TO 2010
CLIMATE RECORD PERIOD 1871 TO 2016


WEATHER ITEM   OBSERVED TIME   RECORD YEAR NORMAL DEPARTURE LAST
                VALUE   (LST)  VALUE       VALUE  FROM      YEAR
                                                  NORMAL
..................................................................
TEMPERATURE (F)
 YESTERDAY
  MAXIMUM         84    229 PM  99    1936  84      0       90
  MINIMUM         66    609 AM  52    1976  64      2       65
                                      1937
  AVERAGE         75                        74      1       78

PRECIPITATION (IN)
  YESTERDAY        0.10          3.71 1997   0.12  -0.02     0.62
  MONTH TO DATE    2.23                      2.18   0.05     5.55
  SINCE JUN 1      6.72                      6.43   0.29     9.95
  SINCE JAN 1     15.64                     16.01  -0.37    17.28

SNOWFALL (IN)
  YESTERDAY        0.0           0.0    MM   0.0    0.0      0.0
  MONTH TO DATE    0.0                       0.0    0.0      0.0
  SINCE JUN 1      0.0                       0.0    0.0      0.0
  SINCE JUL 1      0.0                       0.0    0.0      0.0
  SNOW DEPTH       0

DEGREE DAYS
 HEATING
  YESTERDAY        0                         0      0        0
  MONTH TO DATE    1                         0      1        2
  SINCE JUN 1      8                        44    -36        9
  SINCE JUL 1      1                         0      1        2

 COOLING
  YESTERDAY       10                         9      1       13
  MONTH TO DATE  146                       151     -5      117
  SINCE JUN 1    349                       309     40      273
  SINCE JAN 1    425                       351     74      300
..................................................................


WIND (MPH)
  HIGHEST WIND SPEED    35   HIGHEST WIND DIRECTION     S (170)
  HIGHEST GUST SPEED    44   HIGHEST GUST DIRECTION     S (170)
  AVERAGE WIND SPEED    12.7


SKY COVER
  POSSIBLE SUNSHINE  MM
  AVERAGE SKY COVER 0.5


WEATHER CONDITIONS
 THE FOLLOWING WEATHER WAS RECORDED YESTERDAY.
  THUNDERSTORM
  RAIN
  LIGHT RAIN


RELATIVE HUMIDITY (PERCENT)
 HIGHEST    87           700 AM
 LOWEST     51           200 PM
 AVERAGE    69

..........................................................


THE TWIN CITIES MN CLIMATE NORMALS FOR TODAY
                         NORMAL    RECORD    YEAR
 MAXIMUM TEMPERATURE (F)   84       101      1940
 MINIMUM TEMPERATURE (F)   64        49      1873


SUNRISE AND SUNSET
JULY 18 2016..........SUNRISE   544 AM CDT   SUNSET   853 PM CDT
JULY 19 2016..........SUNRISE   545 AM CDT   SUNSET   853 PM CDT


-  INDICATES NEGATIVE NUMBERS.
R  INDICATES RECORD WAS SET OR TIED.
MM INDICATES DATA IS MISSING.
T  INDICATES TRACE AMOUNT.




$$
