000
CDUS43 KMPX 250114
CLIMSP


CLIMATE REPORT
NATIONAL WEATHER SERVICE CHANHASSEN MN
813 PM CDT SUN AUG 24 2014


...................................

...THE TWIN CITIES MN CLIMATE SUMMARY FOR AUGUST 24 2014...
VALID TODAY AS OF 0800 PM LOCAL TIME.

CLIMATE NORMAL PERIOD 1981 TO 2010
CLIMATE RECORD PERIOD 1871 TO 2014


WEATHER ITEM   OBSERVED TIME   RECORD YEAR NORMAL DEPARTURE LAST
                VALUE   (LST)  VALUE       VALUE  FROM      YEAR
                                                  NORMAL
..................................................................
TEMPERATURE (F)
 TODAY
  MAXIMUM         89    337 PM  98    1948  79     10       90
  MINIMUM         73    713 AM  43    1887  61     12       71
  AVERAGE         81                        70     11       81

PRECIPITATION (IN)
  TODAY            0.14          4.08 1893   0.13   0.01     0.00
  MONTH TO DATE    1.43                      3.44  -2.01     1.98
  SINCE JUN 1     15.06                     11.73   3.33    10.66
  SINCE JAN 1     29.53                     21.31   8.22    26.35

SNOWFALL (IN)
  TODAY            0.0           0.0    MM   0.0    0.0      0.0
  MONTH TO DATE    0.0                       0.0    0.0       T
  SINCE JUN 1      0.0                       0.0    0.0       T
  SINCE JUL 1      0.0                       0.0    0.0       T
  SNOW DEPTH       0

DEGREE DAYS
 HEATING
  TODAY            0                         1     -1        0
  MONTH TO DATE    0                         3     -3        0
  SINCE JUN 1     28                        52    -24       50
  SINCE JUL 1      7                         8     -1        8

 COOLING
  TODAY           16                         6     10       16
  MONTH TO DATE  228                       170     58      175
  SINCE JUN 1    607                       604      3      661
  SINCE JAN 1    659                       646     13      714
..................................................................


WIND (MPH)
  HIGHEST WIND SPEED    23   HIGHEST WIND DIRECTION    SE (130)
  HIGHEST GUST SPEED    29   HIGHEST GUST DIRECTION    SE (130)
  AVERAGE WIND SPEED    13.2


SKY COVER
  POSSIBLE SUNSHINE  MM
  AVERAGE SKY COVER 0.8


WEATHER CONDITIONS
 THE FOLLOWING WEATHER WAS RECORDED TODAY.
  THUNDERSTORM
  LIGHT RAIN


RELATIVE HUMIDITY (PERCENT)
 HIGHEST    93          1200 AM
 LOWEST     59           200 PM
 AVERAGE    76

..........................................................


THE TWIN CITIES MN CLIMATE NORMALS FOR TOMORROW
                         NORMAL    RECORD    YEAR
 MAXIMUM TEMPERATURE (F)   79        96      2013
 MINIMUM TEMPERATURE (F)   61        41      1887


SUNRISE AND SUNSET
AUGUST 24 2014........SUNRISE   626 AM CDT   SUNSET   804 PM CDT
AUGUST 25 2014........SUNRISE   627 AM CDT   SUNSET   802 PM CDT


-  INDICATES NEGATIVE NUMBERS.
R  INDICATES RECORD WAS SET OR TIED.
MM INDICATES DATA IS MISSING.
T  INDICATES TRACE AMOUNT.




$$
