000
CDUS43 KMPX 240131
CLIMSP


CLIMATE REPORT
NATIONAL WEATHER SERVICE CHANHASSEN MN
831 PM CDT FRI SEP 23 2016


...................................

...THE TWIN CITIES MN CLIMATE SUMMARY FOR SEPTEMBER 23 2016...
VALID TODAY AS OF 0800 PM LOCAL TIME.

CLIMATE NORMAL PERIOD 1981 TO 2010
CLIMATE RECORD PERIOD 1871 TO 2016


WEATHER ITEM   OBSERVED TIME   RECORD YEAR NORMAL DEPARTURE LAST
                VALUE   (LST)  VALUE       VALUE  FROM      YEAR
                                                  NORMAL
..................................................................
TEMPERATURE (F)
 TODAY
  MAXIMUM         71        MM  90    1937  69      2       76
                                      1891
  MINIMUM         60        MM  30    1983  49     11       62
  AVERAGE         66                        59      7       69

PRECIPITATION (IN)
  TODAY            0.63          1.98 2010   0.10   0.53     0.06
  MONTH TO DATE    5.20                      2.39   2.81     4.40
  SINCE SEP 1      5.20                      2.39   2.81     4.40
  SINCE JAN 1     31.52                     24.56   6.96    26.44

SNOWFALL (IN)
  TODAY            0.0           T    1928   0.0    0.0      0.0
                                      1942
                                      1995
  MONTH TO DATE    0.0                       0.0    0.0      0.0
  SINCE SEP 1      0.0                       0.0    0.0      0.0
  SINCE JUL 1      0.0                       0.0    0.0      0.0
  SNOW DEPTH       0

DEGREE DAYS
 HEATING
  TODAY            0                         7     -7        0
  MONTH TO DATE   10                        93    -83       38
  SINCE SEP 1     10                        93    -83       38
  SINCE JUL 1     13                       112    -99       53

 COOLING
  TODAY            1                         1      0        4
  MONTH TO DATE   88                        60     28      134
  SINCE SEP 1     88                        60     28      134
  SINCE JAN 1    959                       741    218      783
..................................................................


WIND (MPH)
  HIGHEST WIND SPEED    15   HIGHEST WIND DIRECTION     E (100)
  HIGHEST GUST SPEED    MM   HIGHEST GUST DIRECTION    MM
  AVERAGE WIND SPEED    11.1


SKY COVER
  POSSIBLE SUNSHINE  MM
  AVERAGE SKY COVER 0.9


WEATHER CONDITIONS
 THE FOLLOWING WEATHER WAS RECORDED TODAY.
  THUNDERSTORM
  HEAVY RAIN
  RAIN
  LIGHT RAIN
  FOG


RELATIVE HUMIDITY (PERCENT)
 HIGHEST    90           600 AM
 LOWEST     70          1100 AM
 AVERAGE    80

..........................................................


THE TWIN CITIES MN CLIMATE NORMALS FOR TOMORROW
                         NORMAL    RECORD    YEAR
 MAXIMUM TEMPERATURE (F)   68        89      1935
 MINIMUM TEMPERATURE (F)   49        30      1942


SUNRISE AND SUNSET
SEPTEMBER 23 2016.....SUNRISE   702 AM CDT   SUNSET   707 PM CDT
SEPTEMBER 24 2016.....SUNRISE   703 AM CDT   SUNSET   706 PM CDT


-  INDICATES NEGATIVE NUMBERS.
R  INDICATES RECORD WAS SET OR TIED.
MM INDICATES DATA IS MISSING.
T  INDICATES TRACE AMOUNT.




$$
