000
CDUS43 KMPX 282253
CLIMSP


CLIMATE REPORT
NATIONAL WEATHER SERVICE CHANHASSEN MN
452 PM CST SAT FEB 28 2015


...................................

...THE TWIN CITIES MN CLIMATE SUMMARY FOR FEBRUARY 28 2015...
VALID AS OF 0400 PM LOCAL TIME.

CLIMATE NORMAL PERIOD 1981 TO 2010
CLIMATE RECORD PERIOD 1871 TO 2015


WEATHER ITEM   OBSERVED TIME   RECORD YEAR NORMAL DEPARTURE LAST
                VALUE   (LST)  VALUE       VALUE  FROM      YEAR
                                                  NORMAL
..................................................................
TEMPERATURE (F)
 TODAY
  MAXIMUM         20    250 PM  57    1932  34    -14       14
  MINIMUM         -3    709 AM -26    1962  18    -21       -9
  AVERAGE          9                        26    -17        3

PRECIPITATION (IN)
  TODAY            0.00          0.70 2012   0.04  -0.04     0.04
  MONTH TO DATE    0.35                      0.77  -0.42     1.41
  SINCE DEC 1      1.55                      2.83  -1.28     4.29
  SINCE JAN 1      0.69                      1.67  -0.98     2.83

SNOWFALL (IN)
  TODAY            0.0           8.0  1907   0.3   -0.3      0.9
  MONTH TO DATE    4.9                       7.7   -2.8     18.4
  SINCE DEC 1     15.9                      31.8  -15.9     57.0
  SINCE JUL 1     25.3                      41.7  -16.4     58.1
  SNOW DEPTH       T

DEGREE DAYS
 HEATING
  TODAY           56                        39     17       62
  MONTH TO DATE 1501                      1237    264     1568
  SINCE DEC 1   4172                      4171      1     4952
  SINCE JUL 1   5965                      5790    175     6453

 COOLING
  TODAY            0                         0      0        0
  MONTH TO DATE    0                         0      0        0
  SINCE DEC 1      0                         0      0        0
  SINCE JAN 1      0                         0      0        0
..................................................................


WIND (MPH)
  HIGHEST WIND SPEED    21   HIGHEST WIND DIRECTION     S (160)
  HIGHEST GUST SPEED    25   HIGHEST GUST DIRECTION     S (170)
  AVERAGE WIND SPEED     8.7


SKY COVER
  POSSIBLE SUNSHINE  MM
  AVERAGE SKY COVER 0.1


WEATHER CONDITIONS
 THE FOLLOWING WEATHER WAS RECORDED TODAY.
  NO SIGNIFICANT WEATHER WAS OBSERVED.


RELATIVE HUMIDITY (PERCENT)
 HIGHEST    79           100 AM
 LOWEST     45           100 PM
 AVERAGE    62

..........................................................


THE TWIN CITIES MN CLIMATE NORMALS FOR TOMORROW
                         NORMAL    RECORD    YEAR
 MAXIMUM TEMPERATURE (F)   34        59      1990
 MINIMUM TEMPERATURE (F)   18       -32      1962


SUNRISE AND SUNSET
FEBRUARY 28 2015......SUNRISE   653 AM CST   SUNSET   559 PM CST
MARCH  1 2015.........SUNRISE   651 AM CST   SUNSET   600 PM CST


-  INDICATES NEGATIVE NUMBERS.
R  INDICATES RECORD WAS SET OR TIED.
MM INDICATES DATA IS MISSING.
T  INDICATES TRACE AMOUNT.




$$
