000
CDUS43 KMPX 260631
CLIMSP


CLIMATE REPORT
NATIONAL WEATHER SERVICE CHANHASSEN MN
130 AM CDT WED APR 26 2017


...................................

...THE TWIN CITIES MN CLIMATE SUMMARY FOR APRIL 25 2017...

CLIMATE NORMAL PERIOD 1981 TO 2010
CLIMATE RECORD PERIOD 1871 TO 2017


WEATHER ITEM   OBSERVED TIME   RECORD YEAR NORMAL DEPARTURE LAST
                VALUE   (LST)  VALUE       VALUE  FROM      YEAR
                                                  NORMAL
..................................................................
TEMPERATURE (F)
 YESTERDAY
  MAXIMUM         62    308 AM  91    1962  63     -1       55
  MINIMUM         47   1159 PM  25    1907  42      5       44
  AVERAGE         55                        52      3       50

PRECIPITATION (IN)
  YESTERDAY        0.45          1.47 1902   0.10   0.35     0.53
  MONTH TO DATE    3.35                      2.12   1.23     1.91
  SINCE MAR 1      4.03                      4.01   0.02     4.17
  SINCE JAN 1      5.65                      5.68  -0.03     5.57

SNOWFALL (IN)
  YESTERDAY        0.0           3.2  1950   0.1   -0.1      0.0
  MONTH TO DATE    0.5                       2.2   -1.7      0.5
  SINCE MAR 1      5.2                      12.5   -7.3      5.9
  SINCE JUL 1     32.0                      54.2  -22.2     36.7
  SNOW DEPTH       0

DEGREE DAYS
 HEATING
  YESTERDAY       10                        13     -3       15
  MONTH TO DATE  313                       471   -158      414
  SINCE MAR 1   1268                      1469   -201     1142
  SINCE JUL 1   5969                      7259  -1290     6007

 COOLING
  YESTERDAY        0                         0      0        0
  MONTH TO DATE    0                         0      0        8
  SINCE MAR 1      0                         0      0        8
  SINCE JAN 1      0                         0      0        8
..................................................................


WIND (MPH)
  HIGHEST WIND SPEED    17   HIGHEST WIND DIRECTION    NE (30)
  HIGHEST GUST SPEED    23   HIGHEST GUST DIRECTION    NE (30)
  AVERAGE WIND SPEED     8.1


SKY COVER
  POSSIBLE SUNSHINE  MM
  AVERAGE SKY COVER 0.9


WEATHER CONDITIONS
 THE FOLLOWING WEATHER WAS RECORDED YESTERDAY.
  RAIN
  LIGHT RAIN
  FOG


RELATIVE HUMIDITY (PERCENT)
 HIGHEST    93           600 PM
 LOWEST     39           200 AM
 AVERAGE    66

..........................................................


THE TWIN CITIES MN CLIMATE NORMALS FOR TODAY
                         NORMAL    RECORD    YEAR
 MAXIMUM TEMPERATURE (F)   63        85      1970
 MINIMUM TEMPERATURE (F)   42        26      1950


SUNRISE AND SUNSET
APRIL 26 2017.........SUNRISE   610 AM CDT   SUNSET   812 PM CDT
APRIL 27 2017.........SUNRISE   608 AM CDT   SUNSET   814 PM CDT


-  INDICATES NEGATIVE NUMBERS.
R  INDICATES RECORD WAS SET OR TIED.
MM INDICATES DATA IS MISSING.
T  INDICATES TRACE AMOUNT.




$$
