000
CDUS43 KMPX 010106
CLIMSP


CLIMATE REPORT
NATIONAL WEATHER SERVICE CHANHASSEN MN
806 PM CDT FRI JUL 31 2015


...................................

...THE TWIN CITIES MN CLIMATE SUMMARY FOR JULY 31 2015...
VALID TODAY AS OF 0800 PM LOCAL TIME.

CLIMATE NORMAL PERIOD 1981 TO 2010
CLIMATE RECORD PERIOD 1871 TO 2015


WEATHER ITEM   OBSERVED TIME   RECORD YEAR NORMAL DEPARTURE LAST
                VALUE   (LST)  VALUE       VALUE  FROM      YEAR
                                                  NORMAL
..................................................................
TEMPERATURE (F)
 TODAY
  MAXIMUM         82    501 PM 105    1988  83     -1       84
  MINIMUM         65    440 AM  47    1924  64      1       63
  AVERAGE         74                        73      1       74

PRECIPITATION (IN)
  TODAY            0.00          0.79 1911   0.14  -0.14     0.00
  MONTH TO DATE    7.32                      4.04   3.28     2.27
  SINCE JUN 1     11.72                      8.29   3.43    13.63
  SINCE JAN 1     19.05                     17.87   1.18    28.10

SNOWFALL (IN)
  TODAY            0.0           0.0    MM   0.0    0.0      0.0
  MONTH TO DATE    0.0                       0.0    0.0      0.0
  SINCE JUN 1      0.0                       0.0    0.0      0.0
  SINCE JUL 1      0.0                       0.0    0.0      0.0
  SNOW DEPTH       0

DEGREE DAYS
 HEATING
  TODAY            0                         0      0        0
  MONTH TO DATE    2                         0      2        7
  SINCE JUN 1      9                        49    -40       28
  SINCE JUL 1      2                         5     -3        7

 COOLING
  TODAY            9                         8      1        9
  MONTH TO DATE  267                       276     -9      217
  SINCE JUN 1    423                       434    -11      379
  SINCE JAN 1    450                       476    -26      431
..................................................................


WIND (MPH)
  HIGHEST WIND SPEED    28   HIGHEST WIND DIRECTION    NW (320)
  HIGHEST GUST SPEED    34   HIGHEST GUST DIRECTION    NW (300)
  AVERAGE WIND SPEED    13.8


SKY COVER
  POSSIBLE SUNSHINE  MM
  AVERAGE SKY COVER 0.1


WEATHER CONDITIONS
 THE FOLLOWING WEATHER WAS RECORDED TODAY.
  NO SIGNIFICANT WEATHER WAS OBSERVED.


RELATIVE HUMIDITY (PERCENT)
 HIGHEST    73           200 AM
 LOWEST     33          1200 PM
 AVERAGE    53

..........................................................


THE TWIN CITIES MN CLIMATE NORMALS FOR TOMORROW
                         NORMAL    RECORD    YEAR
 MAXIMUM TEMPERATURE (F)   83       101      1988
 MINIMUM TEMPERATURE (F)   64        49      1962


SUNRISE AND SUNSET
JULY 31 2015..........SUNRISE   557 AM CDT   SUNSET   841 PM CDT
AUGUST  1 2015........SUNRISE   558 AM CDT   SUNSET   839 PM CDT


-  INDICATES NEGATIVE NUMBERS.
R  INDICATES RECORD WAS SET OR TIED.
MM INDICATES DATA IS MISSING.
T  INDICATES TRACE AMOUNT.




$$
