000
CDUS43 KMPX 250718
CLIMSP


CLIMATE REPORT
NATIONAL WEATHER SERVICE CHANHASSEN MN
217 AM CDT FRI JUL 25 2014


...................................

...THE TWIN CITIES MN CLIMATE SUMMARY FOR JULY 24 2014...

CLIMATE NORMAL PERIOD 1981 TO 2010
CLIMATE RECORD PERIOD 1871 TO 2014


WEATHER ITEM   OBSERVED TIME   RECORD YEAR NORMAL DEPARTURE LAST
                VALUE   (LST)  VALUE       VALUE  FROM      YEAR
                                                  NORMAL
..................................................................
TEMPERATURE (F)
 YESTERDAY
  MAXIMUM         82    146 PM 104    1941  83     -1       78
  MINIMUM         63    457 AM  49    1891  64     -1       61
  AVERAGE         73                        74     -1       70

PRECIPITATION (IN)
  YESTERDAY        0.00          1.69 2012   0.14  -0.14      T
  MONTH TO DATE    1.82                      3.09  -1.27     3.45
  SINCE JUN 1     13.18                      7.34   5.84     8.62
  SINCE JAN 1     27.65                     16.92  10.73    24.31

SNOWFALL (IN)
  YESTERDAY        0.0           0.0    MM   0.0    0.0      0.0
  MONTH TO DATE    0.0                       0.0    0.0      0.0
  SINCE JUN 1      0.0                       0.0    0.0       T
  SINCE JUL 1      0.0                       0.0    0.0      0.0
  SNOW DEPTH       0

DEGREE DAYS
 HEATING
  YESTERDAY        0                         0      0        0
  MONTH TO DATE    7                         0      7        0
  SINCE JUN 1     28                        44    -16       42
  SINCE JUL 1      7                         0      7        0

 COOLING
  YESTERDAY        8                         9     -1        5
  MONTH TO DATE  162                       214    -52      298
  SINCE JUN 1    324                       372    -48      462
  SINCE JAN 1    376                       414    -38      515
..................................................................


WIND (MPH)
  HIGHEST WIND SPEED    37   HIGHEST WIND DIRECTION     S (160)
  HIGHEST GUST SPEED    47   HIGHEST GUST DIRECTION     S (160)
  AVERAGE WIND SPEED     8.3


SKY COVER
  POSSIBLE SUNSHINE  MM
  AVERAGE SKY COVER 0.5


WEATHER CONDITIONS
 THE FOLLOWING WEATHER WAS RECORDED YESTERDAY.
  NO SIGNIFICANT WEATHER WAS OBSERVED.


RELATIVE HUMIDITY (PERCENT)
 HIGHEST    84           500 AM
 LOWEST     39          1200 PM
 AVERAGE    62

..........................................................


THE TWIN CITIES MN CLIMATE NORMALS FOR TODAY
                         NORMAL    RECORD    YEAR
 MAXIMUM TEMPERATURE (F)   83        99      1999
                                             1941
 MINIMUM TEMPERATURE (F)   64        50      1891


SUNRISE AND SUNSET
JULY 25 2014..........SUNRISE   551 AM CDT   SUNSET   847 PM CDT
JULY 26 2014..........SUNRISE   552 AM CDT   SUNSET   846 PM CDT


-  INDICATES NEGATIVE NUMBERS.
R  INDICATES RECORD WAS SET OR TIED.
MM INDICATES DATA IS MISSING.
T  INDICATES TRACE AMOUNT.




$$
