299
CDUS43 KMPX 180631
CLIMSP


CLIMATE REPORT
NATIONAL WEATHER SERVICE CHANHASSEN MN
1230 AM CST SAT FEB 18 2017


...................................

...THE TWIN CITIES MN CLIMATE SUMMARY FOR FEBRUARY 17 2017...

CLIMATE NORMAL PERIOD 1981 TO 2010
CLIMATE RECORD PERIOD 1871 TO 2017


WEATHER ITEM   OBSERVED TIME   RECORD YEAR NORMAL DEPARTURE LAST
                VALUE   (LST)  VALUE       VALUE  FROM      YEAR
                                                  NORMAL
..................................................................
TEMPERATURE (F)
 YESTERDAY
  MAXIMUM         63R   353 PM  55    1981  30     33       29
  MINIMUM         30    645 AM -20    1936  14     16       14
                                      1903
  AVERAGE         47                        22     25       22

PRECIPITATION (IN)
  YESTERDAY        0.00          0.32 2014   0.02  -0.02     0.00
  MONTH TO DATE    0.03                      0.40  -0.37     0.65
  SINCE DEC 1      3.15                      2.46   0.69     3.28
  SINCE JAN 1      1.01                      1.30  -0.29     0.96

SNOWFALL (IN)
  YESTERDAY        0.0           4.9  2014   0.3   -0.3      0.0
  MONTH TO DATE    0.3                       4.4   -4.1     11.7
  SINCE DEC 1     24.5                      28.5   -4.0     25.3
  SINCE JUL 1     26.8                      38.4  -11.6     30.4
  SNOW DEPTH       0

DEGREE DAYS
 HEATING
  YESTERDAY       18                        44    -26       43
  MONTH TO DATE  647                       784   -137      795
  SINCE DEC 1   3365                      3719   -354     3329
  SINCE JUL 1   4409                      5338   -929     4504

 COOLING
  YESTERDAY        0                         0      0        0
  MONTH TO DATE    0                         0      0        0
  SINCE DEC 1      0                         0      0        0
  SINCE JAN 1      0                         0      0        0
..................................................................


WIND (MPH)
  HIGHEST WIND SPEED    17   HIGHEST WIND DIRECTION     W (280)
  HIGHEST GUST SPEED    25   HIGHEST GUST DIRECTION     W (280)
  AVERAGE WIND SPEED     8.3


SKY COVER
  POSSIBLE SUNSHINE  MM
  AVERAGE SKY COVER 0.0


WEATHER CONDITIONS
 THE FOLLOWING WEATHER WAS RECORDED YESTERDAY.
  FOG
  HAZE


RELATIVE HUMIDITY (PERCENT)
 HIGHEST    85           200 AM
 LOWEST     36           300 PM
 AVERAGE    61

..........................................................


THE TWIN CITIES MN CLIMATE NORMALS FOR TODAY
                         NORMAL    RECORD    YEAR
 MAXIMUM TEMPERATURE (F)   30        58      1981
 MINIMUM TEMPERATURE (F)   14       -21      1903


SUNRISE AND SUNSET
FEBRUARY 18 2017......SUNRISE   708 AM CST   SUNSET   546 PM CST
FEBRUARY 19 2017......SUNRISE   707 AM CST   SUNSET   547 PM CST


-  INDICATES NEGATIVE NUMBERS.
R  INDICATES RECORD WAS SET OR TIED.
MM INDICATES DATA IS MISSING.
T  INDICATES TRACE AMOUNT.




$$
