000
CDUS43 KMPX 142145
CLIMSP


CLIMATE REPORT
NATIONAL WEATHER SERVICE CHANHASSEN MN
442 PM CDT SAT OCT 14 2017


...................................

...THE TWIN CITIES MN CLIMATE SUMMARY FOR OCTOBER 14 2017...
VALID TODAY AS OF 0400 PM LOCAL TIME.

CLIMATE NORMAL PERIOD 1981 TO 2010
CLIMATE RECORD PERIOD 1871 TO 2017


WEATHER ITEM   OBSERVED TIME   RECORD YEAR NORMAL DEPARTURE LAST
                VALUE   (LST)  VALUE       VALUE  FROM      YEAR
                                                  NORMAL
..................................................................
TEMPERATURE (F)
 TODAY
  MAXIMUM         59   1224 PM  86    1947  59      0       63
  MINIMUM         44   1248 AM  24    1937  40      4       43
  AVERAGE         52                        50      2       53

PRECIPITATION (IN)
  TODAY            0.12          1.89 1966   0.09   0.03     0.00
  MONTH TO DATE    3.32                      1.26   2.06     1.79
  SINCE SEP 1      4.36                      4.34   0.02     7.26
  SINCE JAN 1     30.01                     26.51   3.50    33.58

SNOWFALL (IN)
  TODAY            0.0           T    1909   0.0    0.0      0.0
                                      1943
                                      1959
  MONTH TO DATE    0.0                       0.0    0.0      0.0
  SINCE SEP 1      0.0                       T      0.0       T
  SINCE JUL 1      0.0                       T      0.0       T
  SNOW DEPTH       0

DEGREE DAYS
 HEATING
  TODAY           13                        15     -2       12
  MONTH TO DATE  137                       181    -44      135
  SINCE SEP 1    202                       335   -133      185
  SINCE JUL 1    209                       354   -145      188

 COOLING
  TODAY            0                         0      0        0
  MONTH TO DATE    0                         3     -3        2
  SINCE SEP 1    141                        69     72       93
  SINCE JAN 1    829                       750     79      964
..................................................................


WIND (MPH)
  HIGHEST WIND SPEED    23   HIGHEST WIND DIRECTION    SE (120)
  HIGHEST GUST SPEED    27   HIGHEST GUST DIRECTION    SE (130)
  AVERAGE WIND SPEED    10.1


SKY COVER
  POSSIBLE SUNSHINE  MM
  AVERAGE SKY COVER 0.7


WEATHER CONDITIONS
 THE FOLLOWING WEATHER WAS RECORDED TODAY.
  RAIN
  LIGHT RAIN
  FOG


RELATIVE HUMIDITY (PERCENT)
 HIGHEST   100           300 PM
 LOWEST     47          1000 AM
 AVERAGE    74

..........................................................


THE TWIN CITIES MN CLIMATE NORMALS FOR TOMORROW
                         NORMAL    RECORD    YEAR
 MAXIMUM TEMPERATURE (F)   59        85      1968
                                             1947
 MINIMUM TEMPERATURE (F)   40        21      1876


SUNRISE AND SUNSET
OCTOBER 14 2017.......SUNRISE   728 AM CDT   SUNSET   629 PM CDT
OCTOBER 15 2017.......SUNRISE   729 AM CDT   SUNSET   628 PM CDT


-  INDICATES NEGATIVE NUMBERS.
R  INDICATES RECORD WAS SET OR TIED.
MM INDICATES DATA IS MISSING.
T  INDICATES TRACE AMOUNT.




$$
