000
CDUS43 KMPX 190759
CLIMSP


CLIMATE REPORT
NATIONAL WEATHER SERVICE CHANHASSEN MN
258 AM CDT FRI SEP 19 2014


...................................

...THE TWIN CITIES MN CLIMATE SUMMARY FOR SEPTEMBER 18 2014...

CLIMATE NORMAL PERIOD 1981 TO 2010
CLIMATE RECORD PERIOD 1871 TO 2014


WEATHER ITEM   OBSERVED TIME   RECORD YEAR NORMAL DEPARTURE LAST
                VALUE   (LST)  VALUE       VALUE  FROM      YEAR
                                                  NORMAL
..................................................................
TEMPERATURE (F)
 YESTERDAY
  MAXIMUM         75    352 PM  93    1891  71      4       75
  MINIMUM         48    622 AM  32    1929  51     -3       60
  AVERAGE         62                        61      1       68

PRECIPITATION (IN)
  YESTERDAY        0.00          3.75 1905   0.10  -0.10     0.14
  MONTH TO DATE    0.57                      1.89  -1.32     0.99
  SINCE SEP 1      0.57                      1.89  -1.32     0.99
  SINCE JAN 1     31.57                     24.06   7.51    27.43

SNOWFALL (IN)
  YESTERDAY        0.0           0.0    MM   0.0    0.0      0.0
  MONTH TO DATE    0.0                       0.0    0.0      0.0
  SINCE SEP 1      0.0                       0.0    0.0      0.0
  SINCE JUL 1      0.0                       0.0    0.0       T
  SNOW DEPTH       0

DEGREE DAYS
 HEATING
  YESTERDAY        3                         6     -3        0
  MONTH TO DATE   85                        60     25       33
  SINCE SEP 1     85                        60     25       33
  SINCE JUL 1     92                        79     13       41

 COOLING
  YESTERDAY        0                         2     -2        3
  MONTH TO DATE   35                        54    -19      107
  SINCE SEP 1     35                        54    -19      107
  SINCE JAN 1    731                       735     -4      956
..................................................................


WIND (MPH)
  HIGHEST WIND SPEED    15   HIGHEST WIND DIRECTION     S (160)
  HIGHEST GUST SPEED    19   HIGHEST GUST DIRECTION     S (160)
  AVERAGE WIND SPEED     8.7


SKY COVER
  POSSIBLE SUNSHINE  MM
  AVERAGE SKY COVER 0.3


WEATHER CONDITIONS
 THE FOLLOWING WEATHER WAS RECORDED YESTERDAY.
  FOG
  HAZE


RELATIVE HUMIDITY (PERCENT)
 HIGHEST    93           500 AM
 LOWEST     44           400 PM
 AVERAGE    69

..........................................................


THE TWIN CITIES MN CLIMATE NORMALS FOR TODAY
                         NORMAL    RECORD    YEAR
 MAXIMUM TEMPERATURE (F)   70        94      1895
 MINIMUM TEMPERATURE (F)   51        33      1991
                                             1873


SUNRISE AND SUNSET
SEPTEMBER 19 2014.....SUNRISE   656 AM CDT   SUNSET   716 PM CDT
SEPTEMBER 20 2014.....SUNRISE   658 AM CDT   SUNSET   714 PM CDT


-  INDICATES NEGATIVE NUMBERS.
R  INDICATES RECORD WAS SET OR TIED.
MM INDICATES DATA IS MISSING.
T  INDICATES TRACE AMOUNT.




$$
