000
CDUS43 KMPX 210724
CLIMSP


CLIMATE REPORT
NATIONAL WEATHER SERVICE CHANHASSEN MN
223 AM CDT THU APR 21 2016


...................................

...THE TWIN CITIES MN CLIMATE SUMMARY FOR APRIL 20 2016...

CLIMATE NORMAL PERIOD 1981 TO 2010
CLIMATE RECORD PERIOD 1871 TO 2016


WEATHER ITEM   OBSERVED TIME   RECORD YEAR NORMAL DEPARTURE LAST
                VALUE   (LST)  VALUE       VALUE  FROM      YEAR
                                                  NORMAL
..................................................................
TEMPERATURE (F)
 YESTERDAY
  MAXIMUM         67    218 PM  83    1980  60      7       45
  MINIMUM         52    752 AM  21    2013  39     13       36
  AVERAGE         60                        50     10       41

PRECIPITATION (IN)
  YESTERDAY        0.25          0.85 1893   0.09   0.16     0.02
  MONTH TO DATE    0.67                      1.64  -0.97     2.05
  SINCE MAR 1      2.93                      3.53  -0.60     2.72
  SINCE JAN 1      4.33                      5.20  -0.87     3.41

SNOWFALL (IN)
  YESTERDAY        0.0           8.5  1893   0.1   -0.1      0.0
  MONTH TO DATE    0.5                       1.9   -1.4      0.3
  SINCE MAR 1      5.9                      12.2   -6.3      7.1
  SINCE JUL 1     36.7                      53.9  -17.2     32.4
  SNOW DEPTH       0

DEGREE DAYS
 HEATING
  YESTERDAY        5                        15    -10       24
  MONTH TO DATE  362                       400    -38      295
  SINCE MAR 1   1090                      1398   -308     1201
  SINCE JUL 1   5955                      7188  -1233     7166

 COOLING
  YESTERDAY        0                         0      0        0
  MONTH TO DATE    8                         0      8        0
  SINCE MAR 1      8                         0      8        0
  SINCE JAN 1      8                         0      8        0
..................................................................


WIND (MPH)
  HIGHEST WIND SPEED    15   HIGHEST WIND DIRECTION     E (110)
  HIGHEST GUST SPEED    20   HIGHEST GUST DIRECTION     E (100)
  AVERAGE WIND SPEED     9.5


SKY COVER
  POSSIBLE SUNSHINE  MM
  AVERAGE SKY COVER 1.0


WEATHER CONDITIONS
 THE FOLLOWING WEATHER WAS RECORDED YESTERDAY.
  RAIN
  LIGHT RAIN
  FOG
  HAZE


RELATIVE HUMIDITY (PERCENT)
 HIGHEST    93           900 PM
 LOWEST     52           200 PM
 AVERAGE    73

..........................................................


THE TWIN CITIES MN CLIMATE NORMALS FOR TODAY
                         NORMAL    RECORD    YEAR
 MAXIMUM TEMPERATURE (F)   61        95      1980
 MINIMUM TEMPERATURE (F)   40        22      1966


SUNRISE AND SUNSET
APRIL 21 2016.........SUNRISE   617 AM CDT   SUNSET   806 PM CDT
APRIL 22 2016.........SUNRISE   616 AM CDT   SUNSET   808 PM CDT


-  INDICATES NEGATIVE NUMBERS.
R  INDICATES RECORD WAS SET OR TIED.
MM INDICATES DATA IS MISSING.
T  INDICATES TRACE AMOUNT.




$$
