000
CDUS43 KMPX 210721
CLIMSP


CLIMATE REPORT
NATIONAL WEATHER SERVICE CHANHASSEN MN
220 AM CDT TUE MAR 21 2017


...................................

...THE TWIN CITIES MN CLIMATE SUMMARY FOR MARCH 20 2017...

CLIMATE NORMAL PERIOD 1981 TO 2010
CLIMATE RECORD PERIOD 1871 TO 2017


WEATHER ITEM   OBSERVED TIME   RECORD YEAR NORMAL DEPARTURE LAST
                VALUE   (LST)  VALUE       VALUE  FROM      YEAR
                                                  NORMAL
..................................................................
TEMPERATURE (F)
 YESTERDAY
  MAXIMUM         56    331 PM  66    1938  43     13       43
  MINIMUM         34    303 AM  -9    1965  26      8       26
  AVERAGE         45                        34     11       35

PRECIPITATION (IN)
  YESTERDAY        0.00          0.86 1921   0.07  -0.07     0.00
  MONTH TO DATE    0.39                      1.13  -0.74     1.04
  SINCE MAR 1      0.39                      1.13  -0.74     1.04
  SINCE JAN 1      2.01                      2.80  -0.79     2.44

SNOWFALL (IN)
  YESTERDAY        0.0           7.0  1886   0.3   -0.3      0.0
  MONTH TO DATE    4.7                       7.7   -3.0      1.7
  SINCE MAR 1      4.7                       7.7   -3.0      1.7
  SINCE JUL 1     31.5                      49.4  -17.9     32.5
  SNOW DEPTH       0

DEGREE DAYS
 HEATING
  YESTERDAY       20                        30    -10       30
  MONTH TO DATE  699                       694      5      478
  SINCE MAR 1    699                       694      5      478
  SINCE JUL 1   5400                      6484  -1084     5343

 COOLING
  YESTERDAY        0                         0      0        0
  MONTH TO DATE    0                         0      0        0
  SINCE MAR 1      0                         0      0        0
  SINCE JAN 1      0                         0      0        0
..................................................................


WIND (MPH)
  HIGHEST WIND SPEED    18   HIGHEST WIND DIRECTION     N (360)
  HIGHEST GUST SPEED    26   HIGHEST GUST DIRECTION     N (10)
  AVERAGE WIND SPEED     8.3


SKY COVER
  POSSIBLE SUNSHINE  MM
  AVERAGE SKY COVER 0.6


WEATHER CONDITIONS
 THE FOLLOWING WEATHER WAS RECORDED YESTERDAY.
  NO SIGNIFICANT WEATHER WAS OBSERVED.


RELATIVE HUMIDITY (PERCENT)
 HIGHEST    85           100 AM
 LOWEST     22           500 PM
 AVERAGE    54

..........................................................


THE TWIN CITIES MN CLIMATE NORMALS FOR TODAY
                         NORMAL    RECORD    YEAR
 MAXIMUM TEMPERATURE (F)   44        76      1938
 MINIMUM TEMPERATURE (F)   26        -8      1965


SUNRISE AND SUNSET
MARCH 21 2017.........SUNRISE   714 AM CDT   SUNSET   727 PM CDT
MARCH 22 2017.........SUNRISE   712 AM CDT   SUNSET   728 PM CDT


-  INDICATES NEGATIVE NUMBERS.
R  INDICATES RECORD WAS SET OR TIED.
MM INDICATES DATA IS MISSING.
T  INDICATES TRACE AMOUNT.




$$
