000
CDUS43 KMPX 130031
CLIMSP


CLIMATE REPORT
NATIONAL WEATHER SERVICE CHANHASSEN MN
731 PM CDT THU OCT 12 2017


...................................

...THE TWIN CITIES MN CLIMATE SUMMARY FOR OCTOBER 12 2017...
VALID TODAY AS OF 0700 PM LOCAL TIME.

CLIMATE NORMAL PERIOD 1981 TO 2010
CLIMATE RECORD PERIOD 1871 TO 2017


WEATHER ITEM   OBSERVED TIME   RECORD YEAR NORMAL DEPARTURE LAST
                VALUE   (LST)  VALUE       VALUE  FROM      YEAR
                                                  NORMAL
..................................................................
TEMPERATURE (F)
 TODAY
  MAXIMUM         64    359 PM  87    1975  60      4       50
  MINIMUM         53   1219 AM  23    1917  41     12       41
  AVERAGE         59                        50      9       46

PRECIPITATION (IN)
  TODAY            T             1.43 1997   0.08  -0.08     0.01
  MONTH TO DATE    3.20                      1.09   2.11     1.79
  SINCE SEP 1      4.24                      4.17   0.07     7.26
  SINCE JAN 1     29.89                     26.34   3.55    33.58

SNOWFALL (IN)
  TODAY            0.0           2.5  2009   0.0    0.0      0.0
  MONTH TO DATE    0.0                       0.0    0.0      0.0
  SINCE SEP 1      0.0                       T      0.0       T
  SINCE JUL 1      0.0                       T      0.0       T
  SNOW DEPTH       0

DEGREE DAYS
 HEATING
  TODAY            6                        15     -9       19
  MONTH TO DATE  112                       151    -39      104
  SINCE SEP 1    177                       305   -128      154
  SINCE JUL 1    184                       324   -140      157

 COOLING
  TODAY            0                         0      0        0
  MONTH TO DATE    0                         3     -3        2
  SINCE SEP 1    141                        69     72       93
  SINCE JAN 1    829                       750     79      964
..................................................................


WIND (MPH)
  HIGHEST WIND SPEED    21   HIGHEST WIND DIRECTION     S (160)
  HIGHEST GUST SPEED    27   HIGHEST GUST DIRECTION    SE (150)
  AVERAGE WIND SPEED    11.4


SKY COVER
  POSSIBLE SUNSHINE  MM
  AVERAGE SKY COVER 0.8


WEATHER CONDITIONS
 THE FOLLOWING WEATHER WAS RECORDED TODAY.
  LIGHT RAIN
  FOG


RELATIVE HUMIDITY (PERCENT)
 HIGHEST    93           100 AM
 LOWEST     63           300 PM
 AVERAGE    78

..........................................................


THE TWIN CITIES MN CLIMATE NORMALS FOR TOMORROW
                         NORMAL    RECORD    YEAR
 MAXIMUM TEMPERATURE (F)   60        84      1956
 MINIMUM TEMPERATURE (F)   41        22      1917


SUNRISE AND SUNSET
OCTOBER 12 2017.......SUNRISE   725 AM CDT   SUNSET   633 PM CDT
OCTOBER 13 2017.......SUNRISE   726 AM CDT   SUNSET   631 PM CDT


-  INDICATES NEGATIVE NUMBERS.
R  INDICATES RECORD WAS SET OR TIED.
MM INDICATES DATA IS MISSING.
T  INDICATES TRACE AMOUNT.




$$
