000
CDUS43 KMPX 090750
CLIMSP


CLIMATE REPORT
NATIONAL WEATHER SERVICE CHANHASSEN MN
149 AM CST SAT DEC 9 2017


...................................

...THE TWIN CITIES MN CLIMATE SUMMARY FOR DECEMBER 8 2017...

CLIMATE NORMAL PERIOD 1981 TO 2010
CLIMATE RECORD PERIOD 1871 TO 2017


WEATHER ITEM   OBSERVED TIME   RECORD YEAR NORMAL DEPARTURE LAST
                VALUE   (LST)  VALUE       VALUE  FROM      YEAR
                                                  NORMAL
..................................................................
TEMPERATURE (F)
 YESTERDAY
  MAXIMUM         32    946 PM  50    1990  29      3       24
                                      1939
  MINIMUM         19    538 AM -22    1876  15      4       16
  AVERAGE         26                        22      4       20

PRECIPITATION (IN)
  YESTERDAY        T             0.44 1995   0.04  -0.04      T
                                      1987
                                      1963
  MONTH TO DATE    0.39                      0.34   0.05     0.13
  SINCE DEC 1      0.39                      0.34   0.05     0.13
  SINCE JAN 1     31.96                     29.79   2.17    38.31

SNOWFALL (IN)
  YESTERDAY        T             7.1  1995   0.3   -0.3       T
  MONTH TO DATE    2.4                       3.2   -0.8      2.4
  SINCE DEC 1      2.4                       3.2   -0.8      2.4
  SINCE JUL 1      3.1                      13.1  -10.0      4.7
  SNOW DEPTH       2

DEGREE DAYS
 HEATING
  YESTERDAY       39                        43     -4       45
  MONTH TO DATE  279                       332    -53      285
  SINCE DEC 1    279                       332    -53      285
  SINCE JUL 1   1689                      1951   -262     1329

 COOLING
  YESTERDAY        0                         0      0        0
  MONTH TO DATE    0                         0      0        0
  SINCE DEC 1      0                         0      0        0
  SINCE JAN 1    830                       753     77      964
..................................................................


WIND (MPH)
  HIGHEST WIND SPEED    23   HIGHEST WIND DIRECTION     N (350)
  HIGHEST GUST SPEED    29   HIGHEST GUST DIRECTION     N (340)
  AVERAGE WIND SPEED     8.6


SKY COVER
  POSSIBLE SUNSHINE  MM
  AVERAGE SKY COVER 1.0


WEATHER CONDITIONS
 THE FOLLOWING WEATHER WAS RECORDED YESTERDAY.
  LIGHT SNOW
  FOG


RELATIVE HUMIDITY (PERCENT)
 HIGHEST    96           800 AM
 LOWEST     72          1000 PM
 AVERAGE    84

..........................................................


THE TWIN CITIES MN CLIMATE NORMALS FOR TODAY
                         NORMAL    RECORD    YEAR
 MAXIMUM TEMPERATURE (F)   29        58      1939
 MINIMUM TEMPERATURE (F)   14       -27      1876


SUNRISE AND SUNSET
DECEMBER  9 2017......SUNRISE   739 AM CST   SUNSET   432 PM CST
DECEMBER 10 2017......SUNRISE   740 AM CST   SUNSET   432 PM CST


-  INDICATES NEGATIVE NUMBERS.
R  INDICATES RECORD WAS SET OR TIED.
MM INDICATES DATA IS MISSING.
T  INDICATES TRACE AMOUNT.




$$
