000
CDUS43 KMPX 190655
CLIMSP


CLIMATE REPORT
NATIONAL WEATHER SERVICE CHANHASSEN MN
155 AM CDT SAT AUG 19 2017


...................................

...THE TWIN CITIES MN CLIMATE SUMMARY FOR AUGUST 18 2017...

CLIMATE NORMAL PERIOD 1981 TO 2010
CLIMATE RECORD PERIOD 1871 TO 2017


WEATHER ITEM   OBSERVED TIME   RECORD YEAR NORMAL DEPARTURE LAST
                VALUE   (LST)  VALUE       VALUE  FROM      YEAR
                                                  NORMAL
..................................................................
TEMPERATURE (F)
 YESTERDAY
  MAXIMUM         75    350 PM  98    1976  80     -5       85
  MINIMUM         60    444 AM  41    1977  62     -2       68
  AVERAGE         68                        71     -3       77

PRECIPITATION (IN)
  YESTERDAY        0.16          2.26 1907   0.14   0.02      T
  MONTH TO DATE    4.53                      2.63   1.90     4.30
  SINCE JUN 1     11.88                     10.92   0.96    13.88
  SINCE JAN 1     23.43                     20.50   2.93    22.80

SNOWFALL (IN)
  YESTERDAY        0.0           0.0    MM   0.0    0.0      0.0
  MONTH TO DATE    0.0                       0.0    0.0      0.0
  SINCE JUN 1      T                         0.0    0.0      0.0
  SINCE JUL 1      0.0                       0.0    0.0      0.0
  SNOW DEPTH       0

DEGREE DAYS
 HEATING
  YESTERDAY        0                         0      0        0
  MONTH TO DATE    4                         0      4        0
  SINCE JUN 1     16                        49    -33        8
  SINCE JUL 1      4                         5     -1        1

 COOLING
  YESTERDAY        3                         6     -3       12
  MONTH TO DATE   81                       134    -53      199
  SINCE JUN 1    619                       568     51      726
  SINCE JAN 1    640                       610     30      802
..................................................................


WIND (MPH)
  HIGHEST WIND SPEED    10   HIGHEST WIND DIRECTION    SW (240)
  HIGHEST GUST SPEED    15   HIGHEST GUST DIRECTION     W (250)
  AVERAGE WIND SPEED     4.1


SKY COVER
  POSSIBLE SUNSHINE  MM
  AVERAGE SKY COVER 0.7


WEATHER CONDITIONS
 THE FOLLOWING WEATHER WAS RECORDED YESTERDAY.
  THUNDERSTORM
  RAIN
  LIGHT RAIN
  FOG
  HAZE


RELATIVE HUMIDITY (PERCENT)
 HIGHEST    90           100 AM
 LOWEST     61           700 PM
 AVERAGE    76

..........................................................


THE TWIN CITIES MN CLIMATE NORMALS FOR TODAY
                         NORMAL    RECORD    YEAR
 MAXIMUM TEMPERATURE (F)   80        97      1976
 MINIMUM TEMPERATURE (F)   62        39      1967


SUNRISE AND SUNSET
AUGUST 19 2017........SUNRISE   620 AM CDT   SUNSET   812 PM CDT
AUGUST 20 2017........SUNRISE   621 AM CDT   SUNSET   810 PM CDT


-  INDICATES NEGATIVE NUMBERS.
R  INDICATES RECORD WAS SET OR TIED.
MM INDICATES DATA IS MISSING.
T  INDICATES TRACE AMOUNT.




$$
