627
CDUS43 KMPX 080720
CLIMSP


CLIMATE REPORT
NATIONAL WEATHER SERVICE CHANHASSEN MN
118 AM CST FRI DEC 8 2017


...................................

...THE TWIN CITIES MN CLIMATE SUMMARY FOR DECEMBER 7 2017...

CLIMATE NORMAL PERIOD 1981 TO 2010
CLIMATE RECORD PERIOD 1871 TO 2017


WEATHER ITEM   OBSERVED TIME   RECORD YEAR NORMAL DEPARTURE LAST
                VALUE   (LST)  VALUE       VALUE  FROM      YEAR
                                                  NORMAL
..................................................................
TEMPERATURE (F)
 YESTERDAY
  MAXIMUM         21   1159 PM  54    1939  30     -9       21
  MINIMUM          7    731 AM -20    1972  15     -8       16
  AVERAGE         14                        22     -8       19

PRECIPITATION (IN)
  YESTERDAY        0.00          0.56 1883   0.04  -0.04      T
  MONTH TO DATE    0.39                      0.30   0.09     0.13
  SINCE DEC 1      0.39                      0.30   0.09     0.13
  SINCE JAN 1     31.96                     29.75   2.21    38.31

SNOWFALL (IN)
  YESTERDAY        0.0           6.3  1927   0.5   -0.5       T
  MONTH TO DATE    2.4                       2.9   -0.5      2.4
  SINCE DEC 1      2.4                       2.9   -0.5      2.4
  SINCE JUL 1      3.1                      12.8   -9.7      4.7
  SNOW DEPTH       2

DEGREE DAYS
 HEATING
  YESTERDAY       51                        43      8       46
  MONTH TO DATE  240                       289    -49      240
  SINCE DEC 1    240                       289    -49      240
  SINCE JUL 1   1650                      1908   -258     1284

 COOLING
  YESTERDAY        0                         0      0        0
  MONTH TO DATE    0                         0      0        0
  SINCE DEC 1      0                         0      0        0
  SINCE JAN 1    830                       753     77      964
..................................................................


WIND (MPH)
  HIGHEST WIND SPEED    21   HIGHEST WIND DIRECTION    NW (320)
  HIGHEST GUST SPEED    26   HIGHEST GUST DIRECTION    NW (320)
  AVERAGE WIND SPEED    11.1


SKY COVER
  POSSIBLE SUNSHINE  MM
  AVERAGE SKY COVER 0.7


WEATHER CONDITIONS
 THE FOLLOWING WEATHER WAS RECORDED YESTERDAY.
  NO SIGNIFICANT WEATHER WAS OBSERVED.


RELATIVE HUMIDITY (PERCENT)
 HIGHEST    77           900 PM
 LOWEST     61           100 AM
 AVERAGE    69

..........................................................


THE TWIN CITIES MN CLIMATE NORMALS FOR TODAY
                         NORMAL    RECORD    YEAR
 MAXIMUM TEMPERATURE (F)   29        50      1990
                                             1939
 MINIMUM TEMPERATURE (F)   15       -22      1876


SUNRISE AND SUNSET
DECEMBER  8 2017......SUNRISE   738 AM CST   SUNSET   432 PM CST
DECEMBER  9 2017......SUNRISE   739 AM CST   SUNSET   432 PM CST


-  INDICATES NEGATIVE NUMBERS.
R  INDICATES RECORD WAS SET OR TIED.
MM INDICATES DATA IS MISSING.
T  INDICATES TRACE AMOUNT.




$$
