000
CDUS43 KMPX 100634
CLIMSP


CLIMATE REPORT
NATIONAL WEATHER SERVICE CHANHASSEN MN
134 AM CDT TUE OCT 10 2017


...................................

...THE TWIN CITIES MN CLIMATE SUMMARY FOR OCTOBER 9 2017...

CLIMATE NORMAL PERIOD 1981 TO 2010
CLIMATE RECORD PERIOD 1871 TO 2017


WEATHER ITEM   OBSERVED TIME   RECORD YEAR NORMAL DEPARTURE LAST
                VALUE   (LST)  VALUE       VALUE  FROM      YEAR
                                                  NORMAL
..................................................................
TEMPERATURE (F)
 YESTERDAY
  MAXIMUM         57   1228 PM  86    1938  61     -4       60
  MINIMUM         40   1159 PM  22    1895  42     -2       36
  AVERAGE         49                        52     -3       48

PRECIPITATION (IN)
  YESTERDAY        0.00          1.82 1904   0.08  -0.08     0.00
  MONTH TO DATE    3.20                      0.84   2.36     1.78
  SINCE SEP 1      4.24                      3.92   0.32     7.25
  SINCE JAN 1     29.89                     26.09   3.80    33.57

SNOWFALL (IN)
  YESTERDAY        0.0           0.5  1925   0.0    0.0      0.0
  MONTH TO DATE    0.0                       0.0    0.0      0.0
  SINCE SEP 1      0.0                       T      0.0       T
  SINCE JUL 1      0.0                       T      0.0       T
  SNOW DEPTH       0

DEGREE DAYS
 HEATING
  YESTERDAY       16                        14      2       17
  MONTH TO DATE   66                       108    -42       78
  SINCE SEP 1    131                       262   -131      128
  SINCE JUL 1    138                       281   -143      131

 COOLING
  YESTERDAY        0                         0      0        0
  MONTH TO DATE    0                         3     -3        2
  SINCE SEP 1    141                        69     72       93
  SINCE JAN 1    829                       750     79      964
..................................................................


WIND (MPH)
  HIGHEST WIND SPEED    18   HIGHEST WIND DIRECTION    NW (300)
  HIGHEST GUST SPEED    23   HIGHEST GUST DIRECTION    NW (330)
  AVERAGE WIND SPEED     9.4


SKY COVER
  POSSIBLE SUNSHINE  MM
  AVERAGE SKY COVER 0.6


WEATHER CONDITIONS
 THE FOLLOWING WEATHER WAS RECORDED YESTERDAY.
  NO SIGNIFICANT WEATHER WAS OBSERVED.


RELATIVE HUMIDITY (PERCENT)
 HIGHEST    76           500 AM
 LOWEST     43           100 PM
 AVERAGE    60

..........................................................


THE TWIN CITIES MN CLIMATE NORMALS FOR TODAY
                         NORMAL    RECORD    YEAR
 MAXIMUM TEMPERATURE (F)   61        90      1928
 MINIMUM TEMPERATURE (F)   42        25      1987
                                             1964


SUNRISE AND SUNSET
OCTOBER 10 2017.......SUNRISE   722 AM CDT   SUNSET   636 PM CDT
OCTOBER 11 2017.......SUNRISE   724 AM CDT   SUNSET   635 PM CDT


-  INDICATES NEGATIVE NUMBERS.
R  INDICATES RECORD WAS SET OR TIED.
MM INDICATES DATA IS MISSING.
T  INDICATES TRACE AMOUNT.




$$
