000
CDUS43 KMPX 230636
CLIMSP


CLIMATE REPORT
NATIONAL WEATHER SERVICE CHANHASSEN MN
136 AM CDT MON MAY 23 2016


...................................

...THE TWIN CITIES MN CLIMATE SUMMARY FOR MAY 22 2016...

CLIMATE NORMAL PERIOD 1981 TO 2010
CLIMATE RECORD PERIOD 1871 TO 2016


WEATHER ITEM   OBSERVED TIME   RECORD YEAR NORMAL DEPARTURE LAST
                VALUE   (LST)  VALUE       VALUE  FROM      YEAR
                                                  NORMAL
..................................................................
TEMPERATURE (F)
 YESTERDAY
  MAXIMUM         84    512 PM  99    1925  71     13       75
  MINIMUM         53    332 AM  32    1917  51      2       46
  AVERAGE         69                        61      8       61

PRECIPITATION (IN)
  YESTERDAY        0.00          1.20 1936   0.11  -0.11     0.00
  MONTH TO DATE    1.25                      2.39  -1.14     1.74
  SINCE MAR 1      6.35                      6.94  -0.59     4.83
  SINCE JAN 1      7.75                      8.61  -0.86     5.52

SNOWFALL (IN)
  YESTERDAY        0.0           0.0    MM   0.0    0.0      0.0
  MONTH TO DATE    0.0                       0.0    0.0      0.0
  SINCE MAR 1      5.9                      12.7   -6.8      7.1
  SINCE JUL 1     36.7                      54.4  -17.7     32.4
  SNOW DEPTH       0

DEGREE DAYS
 HEATING
  YESTERDAY        0                         6     -6        4
  MONTH TO DATE  174                       178     -4      165
  SINCE MAR 1   1411                      1706   -295     1522
  SINCE JUL 1   6276                      7496  -1220     7487

 COOLING
  YESTERDAY        4                         1      3        0
  MONTH TO DATE   17                        20     -3       14
  SINCE MAR 1     25                        25      0       14
  SINCE JAN 1     25                        25      0       14
..................................................................


WIND (MPH)
  HIGHEST WIND SPEED    22   HIGHEST WIND DIRECTION     S (180)
  HIGHEST GUST SPEED    27   HIGHEST GUST DIRECTION     S (190)
  AVERAGE WIND SPEED     8.9


SKY COVER
  POSSIBLE SUNSHINE  MM
  AVERAGE SKY COVER 0.4


WEATHER CONDITIONS
 THE FOLLOWING WEATHER WAS RECORDED YESTERDAY.
  NO SIGNIFICANT WEATHER WAS OBSERVED.


RELATIVE HUMIDITY (PERCENT)
 HIGHEST    57           300 AM
 LOWEST     16           300 PM
 AVERAGE    37

..........................................................


THE TWIN CITIES MN CLIMATE NORMALS FOR TODAY
                         NORMAL    RECORD    YEAR
 MAXIMUM TEMPERATURE (F)   71        89      2012
 MINIMUM TEMPERATURE (F)   51        28      1963


SUNRISE AND SUNSET
MAY 23 2016...........SUNRISE   536 AM CDT   SUNSET   844 PM CDT
MAY 24 2016...........SUNRISE   535 AM CDT   SUNSET   845 PM CDT


-  INDICATES NEGATIVE NUMBERS.
R  INDICATES RECORD WAS SET OR TIED.
MM INDICATES DATA IS MISSING.
T  INDICATES TRACE AMOUNT.




$$
