000
CDUS43 KMPX 210626
CLIMSP


CLIMATE REPORT
NATIONAL WEATHER SERVICE CHANHASSEN MN
126 AM CDT MON APR 21 2014


...................................

...THE TWIN CITIES MN CLIMATE SUMMARY FOR APRIL 20 2014...

CLIMATE NORMAL PERIOD 1981 TO 2010
CLIMATE RECORD PERIOD 1871 TO 2014


WEATHER ITEM   OBSERVED TIME   RECORD YEAR NORMAL DEPARTURE LAST
                VALUE   (LST)  VALUE       VALUE  FROM      YEAR
                                                  NORMAL
..................................................................
TEMPERATURE (F)
 YESTERDAY
  MAXIMUM         74    342 PM  83    1980  60     14       42
  MINIMUM         45   1247 PM  21    2013  39      6       21
  AVERAGE         60                        50     10       32

PRECIPITATION (IN)
  YESTERDAY        0.10          0.85 1893   0.09   0.01     0.00
  MONTH TO DATE    1.84                      1.64   0.20     4.13
  SINCE MAR 1      2.66                      3.53  -0.87     6.17
  SINCE JAN 1      5.49                      5.20   0.29     8.36

SNOWFALL (IN)
  YESTERDAY        0.0           8.5  1893   0.1   -0.1      0.0
  MONTH TO DATE    7.0                       1.9    5.1     14.1
  SINCE MAR 1     11.7                      12.2   -0.5     27.9
  SINCE JUL 1     69.8                      53.9   15.9     63.4
  SNOW DEPTH       0

DEGREE DAYS
 HEATING
  YESTERDAY        5                        15    -10       33
  MONTH TO DATE  463                       400     63      576
  SINCE MAR 1   1680                      1398    282     1742
  SINCE JUL 1   8133                      7188    945     7276

 COOLING
  YESTERDAY        0                         0      0        0
  MONTH TO DATE    0                         0      0        0
  SINCE MAR 1      0                         0      0        0
  SINCE JAN 1      0                         0      0        0
..................................................................


WIND (MPH)
  HIGHEST WIND SPEED    13   HIGHEST WIND DIRECTION     N (340)
  HIGHEST GUST SPEED    15   HIGHEST GUST DIRECTION    SE (140)
  AVERAGE WIND SPEED     4.3


SKY COVER
  POSSIBLE SUNSHINE  MM
  AVERAGE SKY COVER 0.6


WEATHER CONDITIONS
 THE FOLLOWING WEATHER WAS RECORDED YESTERDAY.
  LIGHT RAIN
  FOG
  HAZE


RELATIVE HUMIDITY (PERCENT)
 HIGHEST   100           100 AM
 LOWEST     27           200 PM
 AVERAGE    64

..........................................................


THE TWIN CITIES MN CLIMATE NORMALS FOR TODAY
                         NORMAL    RECORD    YEAR
 MAXIMUM TEMPERATURE (F)   61        95      1980
 MINIMUM TEMPERATURE (F)   40        22      1966


SUNRISE AND SUNSET
APRIL 21 2014.........SUNRISE   618 AM CDT   SUNSET   806 PM CDT
APRIL 22 2014.........SUNRISE   616 AM CDT   SUNSET   807 PM CDT


-  INDICATES NEGATIVE NUMBERS.
R  INDICATES RECORD WAS SET OR TIED.
MM INDICATES DATA IS MISSING.
T  INDICATES TRACE AMOUNT.




$$
