000
CDUS43 KMPX 190733
CLIMSP


CLIMATE REPORT
NATIONAL WEATHER SERVICE CHANHASSEN MN
233 AM CDT MON SEP 19 2016


...................................

...THE TWIN CITIES MN CLIMATE SUMMARY FOR SEPTEMBER 18 2016...

CLIMATE NORMAL PERIOD 1981 TO 2010
CLIMATE RECORD PERIOD 1871 TO 2016


WEATHER ITEM   OBSERVED TIME   RECORD YEAR NORMAL DEPARTURE LAST
                VALUE   (LST)  VALUE       VALUE  FROM      YEAR
                                                  NORMAL
..................................................................
TEMPERATURE (F)
 YESTERDAY
  MAXIMUM         84    238 PM  93    1891  71     13       61
  MINIMUM         54    400 AM  32    1929  51      3       53
  AVERAGE         69                        61      8       57

PRECIPITATION (IN)
  YESTERDAY        0.00          3.75 1905   0.10  -0.10     0.37
  MONTH TO DATE    2.57                      1.89   0.68     4.23
  SINCE SEP 1      2.57                      1.89   0.68     4.23
  SINCE JAN 1     28.89                     24.06   4.83    26.27

SNOWFALL (IN)
  YESTERDAY        0.0           0.0    MM   0.0    0.0      0.0
  MONTH TO DATE    0.0                       0.0    0.0      0.0
  SINCE SEP 1      0.0                       0.0    0.0      0.0
  SINCE JUL 1      0.0                       0.0    0.0      0.0
  SNOW DEPTH       0

DEGREE DAYS
 HEATING
  YESTERDAY        0                         6     -6        8
  MONTH TO DATE   10                        60    -50       28
  SINCE SEP 1     10                        60    -50       28
  SINCE JUL 1     13                        79    -66       43

 COOLING
  YESTERDAY        4                         2      2        0
  MONTH TO DATE   73                        54     19      123
  SINCE SEP 1     73                        54     19      123
  SINCE JAN 1    944                       735    209      772
..................................................................


WIND (MPH)
  HIGHEST WIND SPEED    20   HIGHEST WIND DIRECTION     S (200)
  HIGHEST GUST SPEED    27   HIGHEST GUST DIRECTION     S (200)
  AVERAGE WIND SPEED     8.3


SKY COVER
  POSSIBLE SUNSHINE  MM
  AVERAGE SKY COVER 0.5


WEATHER CONDITIONS
 THE FOLLOWING WEATHER WAS RECORDED YESTERDAY.
  NO SIGNIFICANT WEATHER WAS OBSERVED.


RELATIVE HUMIDITY (PERCENT)
 HIGHEST    86           300 AM
 LOWEST     40           200 PM
 AVERAGE    63

..........................................................


THE TWIN CITIES MN CLIMATE NORMALS FOR TODAY
                         NORMAL    RECORD    YEAR
 MAXIMUM TEMPERATURE (F)   70        94      1895
 MINIMUM TEMPERATURE (F)   51        33      1991
                                             1873


SUNRISE AND SUNSET
SEPTEMBER 19 2016.....SUNRISE   657 AM CDT   SUNSET   715 PM CDT
SEPTEMBER 20 2016.....SUNRISE   658 AM CDT   SUNSET   713 PM CDT


-  INDICATES NEGATIVE NUMBERS.
R  INDICATES RECORD WAS SET OR TIED.
MM INDICATES DATA IS MISSING.
T  INDICATES TRACE AMOUNT.




$$
