000
CDUS43 KMPX 240027
CLIMSP


CLIMATE REPORT
NATIONAL WEATHER SERVICE CHANHASSEN MN
726 PM CDT FRI JUN 23 2017


...................................

...THE TWIN CITIES MN CLIMATE SUMMARY FOR JUNE 23 2017...
VALID TODAY AS OF 0700 PM LOCAL TIME.

CLIMATE NORMAL PERIOD 1981 TO 2010
CLIMATE RECORD PERIOD 1871 TO 2017


WEATHER ITEM   OBSERVED TIME   RECORD YEAR NORMAL DEPARTURE LAST
                VALUE   (LST)  VALUE       VALUE  FROM      YEAR
                                                  NORMAL
..................................................................
TEMPERATURE (F)
 TODAY
  MAXIMUM         74    238 PM  99    1937  81     -7       77
                                      1922
  MINIMUM         58    440 AM  44    1972  61     -3       58
  AVERAGE         66                        71     -5       68

PRECIPITATION (IN)
  TODAY            0.00          2.52 1873   0.15  -0.15     0.00
  MONTH TO DATE    3.21                      3.23  -0.02     4.39
  SINCE JUN 1      3.21                      3.23  -0.02     4.39
  SINCE JAN 1     14.76                     12.81   1.95    13.31

SNOWFALL (IN)
  TODAY            0.0           0.0    MM   0.0    0.0      0.0
  MONTH TO DATE    T                         0.0    0.0      0.0
  SINCE JUN 1      T                         0.0    0.0      0.0
  SINCE JUL 1     32.0                      54.4  -22.4     36.7
  SNOW DEPTH       0

DEGREE DAYS
 HEATING
  TODAY            0                         1     -1        0
  MONTH TO DATE    1                        42    -41        7
  SINCE JUN 1      1                        42    -41        7
  SINCE JUL 1   6299                      7578  -1279     6283

 COOLING
  TODAY            1                         7     -6        3
  MONTH TO DATE  190                       105     85      146
  SINCE JUN 1    190                       105     85      146
  SINCE JAN 1    211                       147     64      222
..................................................................


WIND (MPH)
  HIGHEST WIND SPEED    23   HIGHEST WIND DIRECTION    NW (320)
  HIGHEST GUST SPEED    30   HIGHEST GUST DIRECTION    NW (300)
  AVERAGE WIND SPEED    12.1


SKY COVER
  POSSIBLE SUNSHINE  MM
  AVERAGE SKY COVER 0.4


WEATHER CONDITIONS
 THE FOLLOWING WEATHER WAS RECORDED TODAY.
  NO SIGNIFICANT WEATHER WAS OBSERVED.


RELATIVE HUMIDITY (PERCENT)
 HIGHEST    90           100 AM
 LOWEST     46           200 PM
 AVERAGE    68

..........................................................


THE TWIN CITIES MN CLIMATE NORMALS FOR TOMORROW
                         NORMAL    RECORD    YEAR
 MAXIMUM TEMPERATURE (F)   82       101      1988
 MINIMUM TEMPERATURE (F)   62        44      1972


SUNRISE AND SUNSET
JUNE 23 2017..........SUNRISE   527 AM CDT   SUNSET   903 PM CDT
JUNE 24 2017..........SUNRISE   528 AM CDT   SUNSET   903 PM CDT


-  INDICATES NEGATIVE NUMBERS.
R  INDICATES RECORD WAS SET OR TIED.
MM INDICATES DATA IS MISSING.
T  INDICATES TRACE AMOUNT.




$$
