000
CDUS43 KMPX 102246
CLIMSP


CLIMATE REPORT
NATIONAL WEATHER SERVICE CHANHASSEN MN
445 PM CST SAT DEC 10 2016


...................................

...THE TWIN CITIES MN CLIMATE SUMMARY FOR DECEMBER 10 2016...
VALID AS OF 0400 PM LOCAL TIME.

CLIMATE NORMAL PERIOD 1981 TO 2010
CLIMATE RECORD PERIOD 1871 TO 2016


WEATHER ITEM   OBSERVED TIME   RECORD YEAR NORMAL DEPARTURE LAST
                VALUE   (LST)  VALUE       VALUE  FROM      YEAR
                                                  NORMAL
..................................................................
TEMPERATURE (F)
 TODAY
  MAXIMUM         12    223 PM  54    1979  29    -17       47
  MINIMUM          4    745 AM -18    1977  14    -10       37
  AVERAGE          8                        21    -13       42

PRECIPITATION (IN)
  TODAY            0.02          0.61 1911   0.04  -0.02     0.16
  MONTH TO DATE    0.15                      0.42  -0.27     0.33
  SINCE DEC 1      0.15                      0.42  -0.27     0.33
  SINCE JAN 1     38.33                     29.87   8.46    34.15

SNOWFALL (IN)
  TODAY           MM             1.8  2013   0.4   MM        0.0
  MONTH TO DATE    2.4                       4.1   -1.7      0.1
  SINCE DEC 1      2.4                       4.1   -1.7      0.1
  SINCE JUL 1      4.7                      14.0   -9.3      5.2
  SNOW DEPTH       T

DEGREE DAYS
 HEATING
  TODAY           57                        44     13       23
  MONTH TO DATE  392                       419    -27      291
  SINCE DEC 1    392                       419    -27      291
  SINCE JUL 1   1436                      2038   -602     1466

 COOLING
  TODAY            0                         0      0        0
  MONTH TO DATE    0                         0      0        0
  SINCE DEC 1      0                         0      0        0
  SINCE JAN 1    964                       753    211      809
..................................................................


WIND (MPH)
  HIGHEST WIND SPEED    12   HIGHEST WIND DIRECTION     W (280)
  HIGHEST GUST SPEED    14   HIGHEST GUST DIRECTION     W (280)
  AVERAGE WIND SPEED     5.6


SKY COVER
  POSSIBLE SUNSHINE  MM
  AVERAGE SKY COVER 0.6


WEATHER CONDITIONS
 THE FOLLOWING WEATHER WAS RECORDED TODAY.
  LIGHT SNOW


RELATIVE HUMIDITY (PERCENT)
 HIGHEST    86           500 AM
 LOWEST     63           100 PM
 AVERAGE    75

..........................................................


THE TWIN CITIES MN CLIMATE NORMALS FOR TOMORROW
                         NORMAL    RECORD    YEAR
 MAXIMUM TEMPERATURE (F)   28        56      1913
 MINIMUM TEMPERATURE (F)   14       -14      1972


SUNRISE AND SUNSET
DECEMBER 10 2016......SUNRISE   740 AM CST   SUNSET   432 PM CST
DECEMBER 11 2016......SUNRISE   741 AM CST   SUNSET   432 PM CST


-  INDICATES NEGATIVE NUMBERS.
R  INDICATES RECORD WAS SET OR TIED.
MM INDICATES DATA IS MISSING.
T  INDICATES TRACE AMOUNT.




$$
