000
CDUS43 KMPX 290728
CLIMSP


CLIMATE REPORT
NATIONAL WEATHER SERVICE CHANHASSEN MN
227 AM CDT FRI AUG 29 2014


...................................

...THE TWIN CITIES MN CLIMATE SUMMARY FOR AUGUST 28 2014...

CLIMATE NORMAL PERIOD 1981 TO 2010
CLIMATE RECORD PERIOD 1871 TO 2014


WEATHER ITEM   OBSERVED TIME   RECORD YEAR NORMAL DEPARTURE LAST
                VALUE   (LST)  VALUE       VALUE  FROM      YEAR
                                                  NORMAL
..................................................................
TEMPERATURE (F)
 YESTERDAY
  MAXIMUM         72   1235 PM  94    1955  78     -6       92
                                      1899
  MINIMUM         61    523 AM  42    1934  60      1       73
  AVERAGE         67                        69     -2       83

PRECIPITATION (IN)
  YESTERDAY        0.02          1.11 1950   0.12  -0.10     0.00
  MONTH TO DATE    1.45                      3.94  -2.49     1.98
  SINCE JUN 1     15.08                     12.23   2.85    10.66
  SINCE JAN 1     29.55                     21.81   7.74    26.35

SNOWFALL (IN)
  YESTERDAY        0.0           0.0    MM   0.0    0.0      0.0
  MONTH TO DATE    0.0                       0.0    0.0       T
  SINCE JUN 1      0.0                       0.0    0.0       T
  SINCE JUL 1      0.0                       0.0    0.0       T
  SNOW DEPTH       0

DEGREE DAYS
 HEATING
  YESTERDAY        0                         1     -1        0
  MONTH TO DATE    0                         7     -7        0
  SINCE JUN 1     28                        56    -28       50
  SINCE JUL 1      7                        12     -5        8

 COOLING
  YESTERDAY        2                         5     -3       18
  MONTH TO DATE  242                       190     52      263
  SINCE JUN 1    621                       624     -3      749
  SINCE JAN 1    673                       666      7      802
..................................................................


WIND (MPH)
  HIGHEST WIND SPEED    18   HIGHEST WIND DIRECTION     E (110)
  HIGHEST GUST SPEED    22   HIGHEST GUST DIRECTION    SE (120)
  AVERAGE WIND SPEED    10.9


SKY COVER
  POSSIBLE SUNSHINE  MM
  AVERAGE SKY COVER 0.8


WEATHER CONDITIONS
 THE FOLLOWING WEATHER WAS RECORDED YESTERDAY.
  LIGHT RAIN
  FOG


RELATIVE HUMIDITY (PERCENT)
 HIGHEST    93          1000 PM
 LOWEST     66           900 AM
 AVERAGE    80

..........................................................


THE TWIN CITIES MN CLIMATE NORMALS FOR TODAY
                         NORMAL    RECORD    YEAR
 MAXIMUM TEMPERATURE (F)   78        96      1969
 MINIMUM TEMPERATURE (F)   60        45      1946
                                             1911


SUNRISE AND SUNSET
AUGUST 29 2014........SUNRISE   631 AM CDT   SUNSET   755 PM CDT
AUGUST 30 2014........SUNRISE   633 AM CDT   SUNSET   753 PM CDT


-  INDICATES NEGATIVE NUMBERS.
R  INDICATES RECORD WAS SET OR TIED.
MM INDICATES DATA IS MISSING.
T  INDICATES TRACE AMOUNT.




$$
