000
CDUS43 KMPX 190743
CLIMSP


CLIMATE REPORT
NATIONAL WEATHER SERVICE CHANHASSEN MN
243 AM CDT MON JUN 19 2017


...................................

...THE TWIN CITIES MN CLIMATE SUMMARY FOR JUNE 18 2017...

CLIMATE NORMAL PERIOD 1981 TO 2010
CLIMATE RECORD PERIOD 1871 TO 2017


WEATHER ITEM   OBSERVED TIME   RECORD YEAR NORMAL DEPARTURE LAST
                VALUE   (LST)  VALUE       VALUE  FROM      YEAR
                                                  NORMAL
..................................................................
TEMPERATURE (F)
 YESTERDAY
  MAXIMUM         73    503 PM  98    1953  80     -7       89
  MINIMUM         60    518 AM  39    1876  60      0       70
  AVERAGE         67                        70     -3       80

PRECIPITATION (IN)
  YESTERDAY        0.01          1.14 1956   0.15  -0.14     0.00
  MONTH TO DATE    2.47                      2.49  -0.02     3.72
  SINCE JUN 1      2.47                      2.49  -0.02     3.72
  SINCE JAN 1     14.02                     12.07   1.95    12.64

SNOWFALL (IN)
  YESTERDAY        0.0           0.0    MM   0.0    0.0      0.0
  MONTH TO DATE    T                         0.0    0.0      0.0
  SINCE JUN 1      T                         0.0    0.0      0.0
  SINCE JUL 1     32.0                      54.4  -22.4     36.7
  SNOW DEPTH       0

DEGREE DAYS
 HEATING
  YESTERDAY        0                         1     -1        0
  MONTH TO DATE    1                        37    -36        7
  SINCE JUN 1      1                        37    -36        7
  SINCE JUL 1   6299                      7573  -1274     6283

 COOLING
  YESTERDAY        2                         6     -4       15
  MONTH TO DATE  176                        73    103      103
  SINCE JUN 1    176                        73    103      103
  SINCE JAN 1    197                       115     82      179
..................................................................


WIND (MPH)
  HIGHEST WIND SPEED    23   HIGHEST WIND DIRECTION    NW (310)
  HIGHEST GUST SPEED    30   HIGHEST GUST DIRECTION    NW (310)
  AVERAGE WIND SPEED    11.9


SKY COVER
  POSSIBLE SUNSHINE  MM
  AVERAGE SKY COVER 0.6


WEATHER CONDITIONS
 THE FOLLOWING WEATHER WAS RECORDED YESTERDAY.
  THUNDERSTORM
  LIGHT RAIN


RELATIVE HUMIDITY (PERCENT)
 HIGHEST    90           300 AM
 LOWEST     46           400 PM
 AVERAGE    68

..........................................................


THE TWIN CITIES MN CLIMATE NORMALS FOR TODAY
                         NORMAL    RECORD    YEAR
 MAXIMUM TEMPERATURE (F)   80       100      1933
 MINIMUM TEMPERATURE (F)   60        41      1950


SUNRISE AND SUNSET
JUNE 19 2017..........SUNRISE   526 AM CDT   SUNSET   902 PM CDT
JUNE 20 2017..........SUNRISE   526 AM CDT   SUNSET   903 PM CDT


-  INDICATES NEGATIVE NUMBERS.
R  INDICATES RECORD WAS SET OR TIED.
MM INDICATES DATA IS MISSING.
T  INDICATES TRACE AMOUNT.




$$
