000
CDUS43 KMPX 130712
CLIMSP


CLIMATE REPORT
NATIONAL WEATHER SERVICE CHANHASSEN MN
212 AM CDT SUN APR 13 2014


...................................

...THE TWIN CITIES MN CLIMATE SUMMARY FOR APRIL 12 2014...

CLIMATE NORMAL PERIOD 1981 TO 2010
CLIMATE RECORD PERIOD 1871 TO 2014


WEATHER ITEM   OBSERVED TIME   RECORD YEAR NORMAL DEPARTURE LAST
                VALUE   (LST)  VALUE       VALUE  FROM      YEAR
                                                  NORMAL
..................................................................
TEMPERATURE (F)
 YESTERDAY
  MAXIMUM         55    422 PM  83    1931  56     -1       36
  MINIMUM         44   1159 PM  12    1962  36      8       28
  AVERAGE         50                        46      4       32

PRECIPITATION (IN)
  YESTERDAY        0.14          0.67 1983   0.08   0.06     0.06
  MONTH TO DATE    0.95                      0.93   0.02     2.26
  SINCE MAR 1      1.77                      2.82  -1.05     4.30
  SINCE JAN 1      4.60                      4.49   0.11     6.49

SNOWFALL (IN)
  YESTERDAY        0.0           6.0  1962   0.1   -0.1      0.6
  MONTH TO DATE    6.7                       1.3    5.4      6.4
  SINCE MAR 1     11.4                      11.6   -0.2     20.2
  SINCE JUL 1     69.5                      53.3   16.2     55.7
  SNOW DEPTH       0

DEGREE DAYS
 HEATING
  YESTERDAY       15                        19     -4       33
  MONTH TO DATE  261                       264     -3      337
  SINCE MAR 1   1478                      1262    216     1503
  SINCE JUL 1   7931                      7052    879     7037

 COOLING
  YESTERDAY        0                         0      0        0
  MONTH TO DATE    0                         0      0        0
  SINCE MAR 1      0                         0      0        0
  SINCE JAN 1      0                         0      0        0
..................................................................


WIND (MPH)
  HIGHEST WIND SPEED    23   HIGHEST WIND DIRECTION     E (70)
  HIGHEST GUST SPEED    29   HIGHEST GUST DIRECTION     E (70)
  AVERAGE WIND SPEED    12.1


SKY COVER
  POSSIBLE SUNSHINE  MM
  AVERAGE SKY COVER 1.0


WEATHER CONDITIONS
 THE FOLLOWING WEATHER WAS RECORDED YESTERDAY.
  THUNDERSTORM
  RAIN
  LIGHT RAIN
  FOG


RELATIVE HUMIDITY (PERCENT)
 HIGHEST    92          1100 PM
 LOWEST     38          1200 AM
 AVERAGE    65

..........................................................


THE TWIN CITIES MN CLIMATE NORMALS FOR TODAY
                         NORMAL    RECORD    YEAR
 MAXIMUM TEMPERATURE (F)   57        84      2006
 MINIMUM TEMPERATURE (F)   36         2      1962


SUNRISE AND SUNSET
APRIL 13 2014.........SUNRISE   632 AM CDT   SUNSET   756 PM CDT
APRIL 14 2014.........SUNRISE   630 AM CDT   SUNSET   757 PM CDT


-  INDICATES NEGATIVE NUMBERS.
R  INDICATES RECORD WAS SET OR TIED.
MM INDICATES DATA IS MISSING.
T  INDICATES TRACE AMOUNT.




$$
