000
CDUS43 KMPX 010730
CLIMSP


CLIMATE REPORT
NATIONAL WEATHER SERVICE CHANHASSEN MN
130 AM CST MON FEB 1 2016


...................................

...THE TWIN CITIES MN CLIMATE SUMMARY FOR JANUARY 31 2016...

CLIMATE NORMAL PERIOD 1981 TO 2010
CLIMATE RECORD PERIOD 1871 TO 2016


WEATHER ITEM   OBSERVED TIME   RECORD YEAR NORMAL DEPARTURE LAST
                VALUE   (LST)  VALUE       VALUE  FROM      YEAR
                                                  NORMAL
..................................................................
TEMPERATURE (F)
 YESTERDAY
  MAXIMUM         41    423 PM  46    2009  25     16       28
                                      1995
  MINIMUM         27   1150 PM -27    1887   8     19       19
  AVERAGE         34                        17     17       24

PRECIPITATION (IN)
  YESTERDAY        0.00          1.16 1881   0.03  -0.03     0.00
  MONTH TO DATE    0.31                      0.90  -0.59     0.34
  SINCE DEC 1      2.63                      2.06   0.57     1.20
  SINCE JAN 1      0.31                      0.90  -0.59     0.34

SNOWFALL (IN)
  YESTERDAY        0.0           6.2  1908   0.3   -0.3      0.0
  MONTH TO DATE    4.1                      12.2   -8.1      5.4
  SINCE DEC 1     13.6                      24.1  -10.5     11.0
  SINCE JUL 1     18.7                      34.0  -15.3     20.4
  SNOW DEPTH       1

DEGREE DAYS
 HEATING
  YESTERDAY       31                        48    -17       41
  MONTH TO DATE 1463                      1534    -71     1418
  SINCE DEC 1   2534                      2935   -401     2671
  SINCE JUL 1   3709                      4554   -845     4464

 COOLING
  YESTERDAY        0                         0      0        0
  MONTH TO DATE    0                         0      0        0
  SINCE DEC 1      0                         0      0        0
  SINCE JAN 1      0                         0      0        0
..................................................................


WIND (MPH)
  HIGHEST WIND SPEED    14   HIGHEST WIND DIRECTION    NW (320)
  HIGHEST GUST SPEED    19   HIGHEST GUST DIRECTION     N (350)
  AVERAGE WIND SPEED     6.3


SKY COVER
  POSSIBLE SUNSHINE  MM
  AVERAGE SKY COVER 0.5


WEATHER CONDITIONS
 THE FOLLOWING WEATHER WAS RECORDED YESTERDAY.
  NO SIGNIFICANT WEATHER WAS OBSERVED.


RELATIVE HUMIDITY (PERCENT)
 HIGHEST    92           500 AM
 LOWEST     59           500 PM
 AVERAGE    76

..........................................................


THE TWIN CITIES MN CLIMATE NORMALS FOR TODAY
                         NORMAL    RECORD    YEAR
 MAXIMUM TEMPERATURE (F)   25        54      1931
 MINIMUM TEMPERATURE (F)    9       -28      1951


SUNRISE AND SUNSET
FEBRUARY  1 2016......SUNRISE   733 AM CST   SUNSET   520 PM CST
FEBRUARY  2 2016......SUNRISE   732 AM CST   SUNSET   522 PM CST


-  INDICATES NEGATIVE NUMBERS.
R  INDICATES RECORD WAS SET OR TIED.
MM INDICATES DATA IS MISSING.
T  INDICATES TRACE AMOUNT.




$$
