000
CDUS43 KMPX 252126
CLIMSP


CLIMATE REPORT
NATIONAL WEATHER SERVICE CHANHASSEN MN
426 PM CDT THU JUN 25 2015


...................................

...THE TWIN CITIES MN CLIMATE SUMMARY FOR JUNE 25 2015...
VALID AS OF 0400 PM LOCAL TIME.

CLIMATE NORMAL PERIOD 1981 TO 2010
CLIMATE RECORD PERIOD 1871 TO 2015


WEATHER ITEM   OBSERVED TIME   RECORD YEAR NORMAL DEPARTURE LAST
                VALUE   (LST)  VALUE       VALUE  FROM      YEAR
                                                  NORMAL
..................................................................
TEMPERATURE (F)
 TODAY
  MAXIMUM         82    239 PM  98    1934  82      0       72
  MINIMUM         63    511 AM  46    1957  62      1       56
  AVERAGE         73                        72      1       64

PRECIPITATION (IN)
  TODAY            0.00          2.88 1978   0.15  -0.15     0.00
  MONTH TO DATE    4.12                      3.53   0.59    10.85
  SINCE JUN 1      4.12                      3.53   0.59    10.85
  SINCE JAN 1     11.45                     13.11  -1.66    25.32

SNOWFALL (IN)
  TODAY            0.0           0.0    MM   0.0    0.0      0.0
  MONTH TO DATE    0.0                       0.0    0.0      0.0
  SINCE JUN 1      0.0                       0.0    0.0      0.0
  SINCE JUL 1     32.4                      54.4  -22.0     69.8
  SNOW DEPTH       0

DEGREE DAYS
 HEATING
  TODAY            0                         1     -1        1
  MONTH TO DATE    7                        44    -37       21
  SINCE JUN 1      7                        44    -37       21
  SINCE JUL 1   7528                      7580    -52     8597

 COOLING
  TODAY            8                         7      1        0
  MONTH TO DATE  120                       119      1      117
  SINCE JUN 1    120                       119      1      117
  SINCE JAN 1    147                       161    -14      169
..................................................................


WIND (MPH)
  HIGHEST WIND SPEED    15   HIGHEST WIND DIRECTION     N (10)
  HIGHEST GUST SPEED    26   HIGHEST GUST DIRECTION    NE (30)
  AVERAGE WIND SPEED     3.7


SKY COVER
  POSSIBLE SUNSHINE  MM
  AVERAGE SKY COVER 0.5


WEATHER CONDITIONS
 THE FOLLOWING WEATHER WAS RECORDED TODAY.
  FOG
  HAZE


RELATIVE HUMIDITY (PERCENT)
 HIGHEST    87           300 AM
 LOWEST     47           100 PM
 AVERAGE    67

..........................................................


THE TWIN CITIES MN CLIMATE NORMALS FOR TOMORROW
                         NORMAL    RECORD    YEAR
 MAXIMUM TEMPERATURE (F)   82        99      1931
 MINIMUM TEMPERATURE (F)   62        46      1926


SUNRISE AND SUNSET
JUNE 25 2015..........SUNRISE   528 AM CDT   SUNSET   903 PM CDT
JUNE 26 2015..........SUNRISE   528 AM CDT   SUNSET   903 PM CDT


-  INDICATES NEGATIVE NUMBERS.
R  INDICATES RECORD WAS SET OR TIED.
MM INDICATES DATA IS MISSING.
T  INDICATES TRACE AMOUNT.




$$
