380
CDUS43 KMPX 140019
CLIMSP


CLIMATE REPORT
NATIONAL WEATHER SERVICE CHANHASSEN MN
619 PM CST SAT JAN 13 2018


...................................

...THE TWIN CITIES MN CLIMATE SUMMARY FOR JANUARY 13 2018...
VALID TODAY AS OF 0600 PM LOCAL TIME.

CLIMATE NORMAL PERIOD 1981 TO 2010
CLIMATE RECORD PERIOD 1871 TO 2018


WEATHER ITEM   OBSERVED TIME   RECORD YEAR NORMAL DEPARTURE LAST
                VALUE   (LST)  VALUE       VALUE  FROM      YEAR
                                                  NORMAL
..................................................................
TEMPERATURE (F)
 TODAY
  MAXIMUM          5    348 PM  48    1987  23    -18        9
                                      1980
                                      1891
  MINIMUM        -13    750 AM -30    1916   7    -20       -7
  AVERAGE         -4                        15    -19        1

PRECIPITATION (IN)
  TODAY            0.00          0.37 1887   0.03  -0.03     0.00
  MONTH TO DATE    0.21                      0.41  -0.20     0.44
  SINCE DEC 1      1.00                      1.57  -0.57     2.58
  SINCE JAN 1      0.21                      0.41  -0.20     0.44

SNOWFALL (IN)
  TODAY            0.0           6.0  1967   0.4   -0.4      0.0
  MONTH TO DATE    2.5                       5.2   -2.7      5.0
  SINCE DEC 1      8.9                      17.1   -8.2     20.8
  SINCE JUL 1      9.6                      27.0  -17.4     23.1
  SNOW DEPTH       2

DEGREE DAYS
 HEATING
  TODAY           69                        50     19       64
  MONTH TO DATE  711                       643     68      715
  SINCE DEC 1   2134                      2047     87     2073
  SINCE JUL 1   3544                      3666   -122     3117

 COOLING
  TODAY            0                         0      0        0
  MONTH TO DATE    0                         0      0        0
  SINCE DEC 1      0                         0      0        0
  SINCE JAN 1      0                         0      0        0
..................................................................


WIND (MPH)
  HIGHEST WIND SPEED    13   HIGHEST WIND DIRECTION    NW (320)
  HIGHEST GUST SPEED    16   HIGHEST GUST DIRECTION    NW (320)
  AVERAGE WIND SPEED     5.4


SKY COVER
  POSSIBLE SUNSHINE  MM
  AVERAGE SKY COVER 0.0


WEATHER CONDITIONS
 THE FOLLOWING WEATHER WAS RECORDED TODAY.
  NO SIGNIFICANT WEATHER WAS OBSERVED.


RELATIVE HUMIDITY (PERCENT)
 HIGHEST    86           600 AM
 LOWEST     56           200 PM
 AVERAGE    71

..........................................................


THE TWIN CITIES MN CLIMATE NORMALS FOR TOMORROW
                         NORMAL    RECORD    YEAR
 MAXIMUM TEMPERATURE (F)   23        49      1944
 MINIMUM TEMPERATURE (F)    7       -26      1972
                                             1963


SUNRISE AND SUNSET
JANUARY 13 2018.......SUNRISE   748 AM CST   SUNSET   455 PM CST
JANUARY 14 2018.......SUNRISE   748 AM CST   SUNSET   457 PM CST


-  INDICATES NEGATIVE NUMBERS.
R  INDICATES RECORD WAS SET OR TIED.
MM INDICATES DATA IS MISSING.
T  INDICATES TRACE AMOUNT.




$$
