000
CDUS43 KMPX 230058
CLIMSP


CLIMATE REPORT
NATIONAL WEATHER SERVICE CHANHASSEN MN
758 PM CDT MON AUG 22 2016


...................................

...THE TWIN CITIES MN CLIMATE SUMMARY FOR AUGUST 22 2016...
VALID TODAY AS OF 0700 PM LOCAL TIME.

CLIMATE NORMAL PERIOD 1981 TO 2010
CLIMATE RECORD PERIOD 1871 TO 2016


WEATHER ITEM   OBSERVED TIME   RECORD YEAR NORMAL DEPARTURE LAST
                VALUE   (LST)  VALUE       VALUE  FROM      YEAR
                                                  NORMAL
..................................................................
TEMPERATURE (F)
 TODAY
  MAXIMUM         83    515 PM  97    1971  80      3       82
                                      1898
  MINIMUM         59    545 AM  43    1890  61     -2       63
                                      1875
  AVERAGE         71                        70      1       73

PRECIPITATION (IN)
  TODAY            0.00          3.32 1914   0.13  -0.13     0.59
  MONTH TO DATE    5.12                      3.18   1.94     2.99
  SINCE JUN 1     14.70                     11.47   3.23    14.71
  SINCE JAN 1     23.62                     21.05   2.57    22.04

SNOWFALL (IN)
  TODAY            0.0           0.0    MM   0.0    0.0      0.0
  MONTH TO DATE    0.0                       0.0    0.0      0.0
  SINCE JUN 1      0.0                       0.0    0.0      0.0
  SINCE JUL 1      0.0                       0.0    0.0      0.0
  SNOW DEPTH       0

DEGREE DAYS
 HEATING
  TODAY            0                         1     -1        0
  MONTH TO DATE    2                         1      1        5
  SINCE JUN 1     10                        50    -40       14
  SINCE JUL 1      3                         6     -3        7

 COOLING
  TODAY            6                         6      0        8
  MONTH TO DATE  212                       158     54      176
  SINCE JUN 1    739                       592    147      599
  SINCE JAN 1    815                       634    181      626
..................................................................


WIND (MPH)
  HIGHEST WIND SPEED    26   HIGHEST WIND DIRECTION     S (190)
  HIGHEST GUST SPEED    35   HIGHEST GUST DIRECTION     S (170)
  AVERAGE WIND SPEED    11.8


SKY COVER
  POSSIBLE SUNSHINE  MM
  AVERAGE SKY COVER 0.2


WEATHER CONDITIONS
 THE FOLLOWING WEATHER WAS RECORDED TODAY.
  NO SIGNIFICANT WEATHER WAS OBSERVED.


RELATIVE HUMIDITY (PERCENT)
 HIGHEST    78           200 AM
 LOWEST     43           100 PM
 AVERAGE    61

..........................................................


THE TWIN CITIES MN CLIMATE NORMALS FOR TOMORROW
                         NORMAL    RECORD    YEAR
 MAXIMUM TEMPERATURE (F)   80        97      1948
 MINIMUM TEMPERATURE (F)   61        42      1891


SUNRISE AND SUNSET
AUGUST 22 2016........SUNRISE   624 AM CDT   SUNSET   807 PM CDT
AUGUST 23 2016........SUNRISE   625 AM CDT   SUNSET   805 PM CDT


-  INDICATES NEGATIVE NUMBERS.
R  INDICATES RECORD WAS SET OR TIED.
MM INDICATES DATA IS MISSING.
T  INDICATES TRACE AMOUNT.




$$
