000
CDUS43 KMPX 142148
CLIMSP


CLIMATE REPORT
NATIONAL WEATHER SERVICE CHANHASSEN MN
448 PM CDT SUN SEP 14 2014


...................................

...THE TWIN CITIES MN CLIMATE SUMMARY FOR SEPTEMBER 14 2014...
VALID AS OF 0400 PM LOCAL TIME.

CLIMATE NORMAL PERIOD 1981 TO 2010
CLIMATE RECORD PERIOD 1871 TO 2014


WEATHER ITEM   OBSERVED TIME   RECORD YEAR NORMAL DEPARTURE LAST
                VALUE   (LST)  VALUE       VALUE  FROM      YEAR
                                                  NORMAL
..................................................................
TEMPERATURE (F)
 TODAY
  MAXIMUM         65    259 PM  98    1939  73     -8       73
  MINIMUM         50    728 AM  33    1996  53     -3       51
  AVERAGE         58                        63     -5       62

PRECIPITATION (IN)
  TODAY            0.00          1.60 1994   0.10  -0.10     0.47
  MONTH TO DATE    0.51                      1.50  -0.99     0.49
  SINCE SEP 1      0.51                      1.50  -0.99     0.49
  SINCE JAN 1     31.51                     23.67   7.84    26.93

SNOWFALL (IN)
  TODAY            0.0           0.0    MM   0.0    0.0      0.0
  MONTH TO DATE    0.0                       0.0    0.0      0.0
  SINCE SEP 1      0.0                       0.0    0.0      0.0
  SINCE JUL 1      0.0                       0.0    0.0       T
  SNOW DEPTH       0

DEGREE DAYS
 HEATING
  TODAY            7                         4      3        3
  MONTH TO DATE   63                        39     24       11
  SINCE SEP 1     63                        39     24       11
  SINCE JUL 1     70                        58     12       19

 COOLING
  TODAY            0                         2     -2        0
  MONTH TO DATE   34                        46    -12      104
  SINCE SEP 1     34                        46    -12      104
  SINCE JAN 1    730                       727      3      953
..................................................................


WIND (MPH)
  HIGHEST WIND SPEED    20   HIGHEST WIND DIRECTION     W (260)
  HIGHEST GUST SPEED    25   HIGHEST GUST DIRECTION    SW (240)
  AVERAGE WIND SPEED    10.3


SKY COVER
  POSSIBLE SUNSHINE  MM
  AVERAGE SKY COVER 0.7


WEATHER CONDITIONS
 THE FOLLOWING WEATHER WAS RECORDED TODAY.
  NO SIGNIFICANT WEATHER WAS OBSERVED.


RELATIVE HUMIDITY (PERCENT)
 HIGHEST    77           800 AM
 LOWEST     34           300 PM
 AVERAGE    56

..........................................................


THE TWIN CITIES MN CLIMATE NORMALS FOR TOMORROW
                         NORMAL    RECORD    YEAR
 MAXIMUM TEMPERATURE (F)   72        98      1939
 MINIMUM TEMPERATURE (F)   53        36      2011
                                             2007
                                             1964


SUNRISE AND SUNSET
SEPTEMBER 14 2014.....SUNRISE   650 AM CDT   SUNSET   725 PM CDT
SEPTEMBER 15 2014.....SUNRISE   652 AM CDT   SUNSET   724 PM CDT


-  INDICATES NEGATIVE NUMBERS.
R  INDICATES RECORD WAS SET OR TIED.
MM INDICATES DATA IS MISSING.
T  INDICATES TRACE AMOUNT.




$$
