000
CDUS43 KMPX 140828
CLIMSP


CLIMATE REPORT
NATIONAL WEATHER SERVICE CHANHASSEN MN
328 AM CDT MON APR 14 2014


...................................

...THE TWIN CITIES MN CLIMATE SUMMARY FOR APRIL 13 2014...

CLIMATE NORMAL PERIOD 1981 TO 2010
CLIMATE RECORD PERIOD 1871 TO 2014


WEATHER ITEM   OBSERVED TIME   RECORD YEAR NORMAL DEPARTURE LAST
                VALUE   (LST)  VALUE       VALUE  FROM      YEAR
                                                  NORMAL
..................................................................
TEMPERATURE (F)
 YESTERDAY
  MAXIMUM         44    214 AM  84    2006  57    -13       36
  MINIMUM         32   1159 PM   2    1962  36     -4       29
  AVERAGE         38                        46     -8       33

PRECIPITATION (IN)
  YESTERDAY        0.00          0.94 1991   0.09  -0.09     0.01
  MONTH TO DATE    0.95                      1.02  -0.07     2.27
  SINCE MAR 1      1.77                      2.91  -1.14     4.31
  SINCE JAN 1      4.60                      4.58   0.02     6.50

SNOWFALL (IN)
  YESTERDAY        0.0           8.5  1928   0.1   -0.1      0.2
  MONTH TO DATE    6.7                       1.4    5.3      6.6
  SINCE MAR 1     11.4                      11.7   -0.3     20.4
  SINCE JUL 1     69.5                      53.4   16.1     55.9
  SNOW DEPTH       0

DEGREE DAYS
 HEATING
  YESTERDAY       27                        19      8       32
  MONTH TO DATE  288                       283      5      369
  SINCE MAR 1   1505                      1281    224     1535
  SINCE JUL 1   7958                      7071    887     7069

 COOLING
  YESTERDAY        0                         0      0        0
  MONTH TO DATE    0                         0      0        0
  SINCE MAR 1      0                         0      0        0
  SINCE JAN 1      0                         0      0        0
..................................................................


WIND (MPH)
  HIGHEST WIND SPEED    28   HIGHEST WIND DIRECTION     N (350)
  HIGHEST GUST SPEED    35   HIGHEST GUST DIRECTION     N (350)
  AVERAGE WIND SPEED    15.5


SKY COVER
  POSSIBLE SUNSHINE  MM
  AVERAGE SKY COVER 1.0


WEATHER CONDITIONS
 THE FOLLOWING WEATHER WAS RECORDED YESTERDAY.
  NO SIGNIFICANT WEATHER WAS OBSERVED.


RELATIVE HUMIDITY (PERCENT)
 HIGHEST    93           500 AM
 LOWEST     59          1000 PM
 AVERAGE    76

..........................................................


THE TWIN CITIES MN CLIMATE NORMALS FOR TODAY
                         NORMAL    RECORD    YEAR
 MAXIMUM TEMPERATURE (F)   57        89      2003
 MINIMUM TEMPERATURE (F)   37        18      1928
                                             1926


SUNRISE AND SUNSET
APRIL 14 2014.........SUNRISE   630 AM CDT   SUNSET   757 PM CDT
APRIL 15 2014.........SUNRISE   628 AM CDT   SUNSET   758 PM CDT


-  INDICATES NEGATIVE NUMBERS.
R  INDICATES RECORD WAS SET OR TIED.
MM INDICATES DATA IS MISSING.
T  INDICATES TRACE AMOUNT.




$$
