000
CDUS43 KMPX 150638
CLIMSP


CLIMATE REPORT
NATIONAL WEATHER SERVICE CHANHASSEN MN
1238 AM CST SAT NOV 15 2014


...................................

...THE TWIN CITIES MN CLIMATE SUMMARY FOR NOVEMBER 14 2014...

CLIMATE NORMAL PERIOD 1981 TO 2010
CLIMATE RECORD PERIOD 1871 TO 2014


WEATHER ITEM   OBSERVED TIME   RECORD YEAR NORMAL DEPARTURE LAST
                VALUE   (LST)  VALUE       VALUE  FROM      YEAR
                                                  NORMAL
..................................................................
TEMPERATURE (F)
 YESTERDAY
  MAXIMUM         22    301 PM  71    1990  42    -20       52
  MINIMUM          8    740 AM   0    1919  27    -19       35
  AVERAGE         15                        35    -20       44

PRECIPITATION (IN)
  YESTERDAY        0.00          0.80 1926   0.06  -0.06     0.00
  MONTH TO DATE    0.37                      0.84  -0.47     0.40
  SINCE SEP 1      3.04                      6.35  -3.31     4.75
  SINCE JAN 1     34.04                     28.52   5.52    31.19

SNOWFALL (IN)
  YESTERDAY        0.0           2.5  1951   0.4   -0.4      0.0
  MONTH TO DATE    3.4                       3.1    0.3      1.1
  SINCE SEP 1      3.4                       3.7   -0.3      1.1
  SINCE JUL 1      3.4                       3.7   -0.3      1.1
  SNOW DEPTH       3

DEGREE DAYS
 HEATING
  YESTERDAY       50                        30     20       21
  MONTH TO DATE  444                       374     70      386
  SINCE SEP 1   1051                      1035     16      931
  SINCE JUL 1   1058                      1054      4      939

 COOLING
  YESTERDAY        0                         0      0        0
  MONTH TO DATE    0                         0      0        0
  SINCE SEP 1     63                        72     -9      134
  SINCE JAN 1    759                       753      6      983
..................................................................


WIND (MPH)
  HIGHEST WIND SPEED    14   HIGHEST WIND DIRECTION    NW (320)
  HIGHEST GUST SPEED    17   HIGHEST GUST DIRECTION    NW (300)
  AVERAGE WIND SPEED     5.8


SKY COVER
  POSSIBLE SUNSHINE  MM
  AVERAGE SKY COVER 0.3


WEATHER CONDITIONS
 THE FOLLOWING WEATHER WAS RECORDED YESTERDAY.
  FOG
  HAZE


RELATIVE HUMIDITY (PERCENT)
 HIGHEST    92           500 AM
 LOWEST     56           500 PM
 AVERAGE    74

..........................................................


THE TWIN CITIES MN CLIMATE NORMALS FOR TODAY
                         NORMAL    RECORD    YEAR
 MAXIMUM TEMPERATURE (F)   41        69      1953
 MINIMUM TEMPERATURE (F)   27         1      1940
                                             1932
                                             1911


SUNRISE AND SUNSET
NOVEMBER 15 2014......SUNRISE   710 AM CST   SUNSET   444 PM CST
NOVEMBER 16 2014......SUNRISE   712 AM CST   SUNSET   443 PM CST


-  INDICATES NEGATIVE NUMBERS.
R  INDICATES RECORD WAS SET OR TIED.
MM INDICATES DATA IS MISSING.
T  INDICATES TRACE AMOUNT.




$$
