000
CDUS43 KMPX 200717
CLIMSP


CLIMATE REPORT
NATIONAL WEATHER SERVICE CHANHASSEN MN
216 AM CDT TUE SEP 20 2016


...................................

...THE TWIN CITIES MN CLIMATE SUMMARY FOR SEPTEMBER 19 2016...

CLIMATE NORMAL PERIOD 1981 TO 2010
CLIMATE RECORD PERIOD 1871 TO 2016


WEATHER ITEM   OBSERVED TIME   RECORD YEAR NORMAL DEPARTURE LAST
                VALUE   (LST)  VALUE       VALUE  FROM      YEAR
                                                  NORMAL
..................................................................
TEMPERATURE (F)
 YESTERDAY
  MAXIMUM         79    442 PM  94    1895  70      9       69
  MINIMUM         61   1158 PM  33    1991  51     10       48
                                      1873
  AVERAGE         70                        61      9       59

PRECIPITATION (IN)
  YESTERDAY        0.01          2.98 1907   0.09  -0.08     0.00
  MONTH TO DATE    2.58                      1.98   0.60     4.23
  SINCE SEP 1      2.58                      1.98   0.60     4.23
  SINCE JAN 1     28.90                     24.15   4.75    26.27

SNOWFALL (IN)
  YESTERDAY        0.0           T    1927   0.0    0.0      0.0
  MONTH TO DATE    0.0                       0.0    0.0      0.0
  SINCE SEP 1      0.0                       0.0    0.0      0.0
  SINCE JUL 1      0.0                       0.0    0.0      0.0
  SNOW DEPTH       0

DEGREE DAYS
 HEATING
  YESTERDAY        0                         6     -6        6
  MONTH TO DATE   10                        66    -56       34
  SINCE SEP 1     10                        66    -56       34
  SINCE JUL 1     13                        85    -72       49

 COOLING
  YESTERDAY        5                         2      3        0
  MONTH TO DATE   78                        56     22      123
  SINCE SEP 1     78                        56     22      123
  SINCE JAN 1    949                       737    212      772
..................................................................


WIND (MPH)
  HIGHEST WIND SPEED    15   HIGHEST WIND DIRECTION    NW (330)
  HIGHEST GUST SPEED    19   HIGHEST GUST DIRECTION    SW (220)
  AVERAGE WIND SPEED     5.7


SKY COVER
  POSSIBLE SUNSHINE  MM
  AVERAGE SKY COVER 0.4


WEATHER CONDITIONS
 THE FOLLOWING WEATHER WAS RECORDED YESTERDAY.
  LIGHT RAIN


RELATIVE HUMIDITY (PERCENT)
 HIGHEST    84           700 AM
 LOWEST     37           400 PM
 AVERAGE    61

..........................................................


THE TWIN CITIES MN CLIMATE NORMALS FOR TODAY
                         NORMAL    RECORD    YEAR
 MAXIMUM TEMPERATURE (F)   70        91      1931
                                             1908
                                             1895
 MINIMUM TEMPERATURE (F)   50        28      1962


SUNRISE AND SUNSET
SEPTEMBER 20 2016.....SUNRISE   658 AM CDT   SUNSET   713 PM CDT
SEPTEMBER 21 2016.....SUNRISE   659 AM CDT   SUNSET   711 PM CDT


-  INDICATES NEGATIVE NUMBERS.
R  INDICATES RECORD WAS SET OR TIED.
MM INDICATES DATA IS MISSING.
T  INDICATES TRACE AMOUNT.




$$
