605
CDUS43 KMPX 110055
CLIMSP


CLIMATE REPORT
NATIONAL WEATHER SERVICE CHANHASSEN MN
755 PM CDT THU AUG 10 2017


...................................

...THE TWIN CITIES MN CLIMATE SUMMARY FOR AUGUST 10 2017...
VALID TODAY AS OF 0700 PM LOCAL TIME.

CLIMATE NORMAL PERIOD 1981 TO 2010
CLIMATE RECORD PERIOD 1871 TO 2017


WEATHER ITEM   OBSERVED TIME   RECORD YEAR NORMAL DEPARTURE LAST
                VALUE   (LST)  VALUE       VALUE  FROM      YEAR
                                                  NORMAL
..................................................................
TEMPERATURE (F)
 TODAY
  MAXIMUM         74    135 PM 101    1947  82     -8       91
  MINIMUM         61    332 AM  46    1904  63     -2       69
  AVERAGE         68                        72     -4       80

PRECIPITATION (IN)
  TODAY            0.10          2.47 2010   0.14  -0.04     1.53
  MONTH TO DATE    1.34                      1.47  -0.13     2.66
  SINCE JUN 1      8.69                      9.76  -1.07    12.24
  SINCE JAN 1     20.24                     19.34   0.90    21.16

SNOWFALL (IN)
  TODAY            0.0           0.0    MM   0.0    0.0      0.0
  MONTH TO DATE    0.0                       0.0    0.0      0.0
  SINCE JUN 1      T                         0.0    0.0      0.0
  SINCE JUL 1      0.0                       0.0    0.0      0.0
  SNOW DEPTH       0

DEGREE DAYS
 HEATING
  TODAY            0                         0      0        0
  MONTH TO DATE    4                         0      4        0
  SINCE JUN 1     16                        49    -33        8
  SINCE JUL 1      4                         5     -1        1

 COOLING
  TODAY            3                         7     -4       15
  MONTH TO DATE   50                        79    -29      119
  SINCE JUN 1    588                       513     75      646
  SINCE JAN 1    609                       555     54      722
..................................................................


WIND (MPH)
  HIGHEST WIND SPEED    22   HIGHEST WIND DIRECTION    NW (320)
  HIGHEST GUST SPEED    28   HIGHEST GUST DIRECTION     W (280)
  AVERAGE WIND SPEED     7.9


SKY COVER
  POSSIBLE SUNSHINE  MM
  AVERAGE SKY COVER 0.7


WEATHER CONDITIONS
 THE FOLLOWING WEATHER WAS RECORDED TODAY.
  RAIN
  LIGHT RAIN
  FOG


RELATIVE HUMIDITY (PERCENT)
 HIGHEST    97           200 AM
 LOWEST     61           600 PM
 AVERAGE    79

..........................................................


THE TWIN CITIES MN CLIMATE NORMALS FOR TOMORROW
                         NORMAL    RECORD    YEAR
 MAXIMUM TEMPERATURE (F)   81        97      1947
 MINIMUM TEMPERATURE (F)   63        47      2004
                                             1968


SUNRISE AND SUNSET
AUGUST 10 2017........SUNRISE   609 AM CDT   SUNSET   826 PM CDT
AUGUST 11 2017........SUNRISE   610 AM CDT   SUNSET   825 PM CDT


-  INDICATES NEGATIVE NUMBERS.
R  INDICATES RECORD WAS SET OR TIED.
MM INDICATES DATA IS MISSING.
T  INDICATES TRACE AMOUNT.




$$
